| Current File : /home/royalaca/access-logs/mcfglobal.royal-academy.in-ssl_log |
103.93.16.123 - - [11/May/2026:17:38:02 +0530] "POST /wp-cron.php?doing_wp_cron=1778501282.0383229255676269531250 HTTP/1.1" 200 - "-" "WordPress/6.9.4; https://mcfglobal.org"
52.167.144.140 - - [11/May/2026:17:38:00 +0530] "GET /sitemap_index.xml HTTP/2.0" 200 1022 "-" "Mozilla/5.0 AppleWebKit/537.36 (KHTML, like Gecko; compatible; bingbot/2.0; +http://www.bing.com/bingbot.htm) Chrome/116.0.1938.76 Safari/537.36"
103.93.16.123 - - [11/May/2026:17:40:52 +0530] "POST /wp-cron.php?doing_wp_cron=1778501452.4501609802246093750000 HTTP/1.1" 200 - "-" "WordPress/6.9.4; https://mcfglobal.org"
192.176.172.166 - - [11/May/2026:17:40:50 +0530] "GET /wp-login.php HTTP/1.1" 200 10315 "-" "Mozilla/5.0 (Macintosh; Intel Mac OS X 14_7_4) AppleWebKit/537.36 (KHTML, like Gecko) Chrome/133.0.0.0 Safari/537.36"
1.39.175.66 - - [11/May/2026:17:44:29 +0530] "GET /wp-content/plugins/paid-memberships-pro/css/admin.css?ver=3.6.2 HTTP/2.0" 304 - "https://mcfglobal.org/wp-admin/edit.php?post_type=page" "Mozilla/5.0 (Windows NT 10.0; Win64; x64) AppleWebKit/537.36 (KHTML, like Gecko) Chrome/148.0.0.0 Safari/537.36"
1.39.175.66 - - [11/May/2026:17:44:29 +0530] "GET /wp-content/plugins/paid-memberships-pro/css/select2.min.css?ver=4.0.3 HTTP/2.0" 304 - "https://mcfglobal.org/wp-admin/edit.php?post_type=page" "Mozilla/5.0 (Windows NT 10.0; Win64; x64) AppleWebKit/537.36 (KHTML, like Gecko) Chrome/148.0.0.0 Safari/537.36"
1.39.175.66 - - [11/May/2026:17:44:29 +0530] "GET /wp-content/plugins/paid-memberships-pro/includes/lib/SendWP/installer.js?ver=6.9.4 HTTP/2.0" 304 - "https://mcfglobal.org/wp-admin/edit.php?post_type=page" "Mozilla/5.0 (Windows NT 10.0; Win64; x64) AppleWebKit/537.36 (KHTML, like Gecko) Chrome/148.0.0.0 Safari/537.36"
1.39.175.66 - - [11/May/2026:17:44:29 +0530] "GET /wp-content/plugins/paid-memberships-pro/js/select2.min.js?ver=4.0.3 HTTP/2.0" 304 - "https://mcfglobal.org/wp-admin/edit.php?post_type=page" "Mozilla/5.0 (Windows NT 10.0; Win64; x64) AppleWebKit/537.36 (KHTML, like Gecko) Chrome/148.0.0.0 Safari/537.36"
1.39.175.66 - - [11/May/2026:17:44:29 +0530] "GET /wp-content/plugins/paid-memberships-pro/js/pmpro-admin.js?ver=3.6.2 HTTP/2.0" 304 - "https://mcfglobal.org/wp-admin/edit.php?post_type=page" "Mozilla/5.0 (Windows NT 10.0; Win64; x64) AppleWebKit/537.36 (KHTML, like Gecko) Chrome/148.0.0.0 Safari/537.36"
103.93.16.123 - - [11/May/2026:17:44:30 +0530] "POST /wp-cron.php?doing_wp_cron=1778501670.7587180137634277343750 HTTP/1.1" 200 - "-" "WordPress/6.9.4; https://mcfglobal.org"
1.39.175.66 - - [11/May/2026:17:44:27 +0530] "GET /wp-admin/edit.php?post_type=page HTTP/2.0" 200 542325 "https://mcfglobal.org/wp-admin/plugins.php?plugin_status=all&paged=1&s" "Mozilla/5.0 (Windows NT 10.0; Win64; x64) AppleWebKit/537.36 (KHTML, like Gecko) Chrome/148.0.0.0 Safari/537.36"
1.39.175.66 - - [11/May/2026:17:44:31 +0530] "POST /wp-admin/admin-ajax.php HTTP/2.0" 200 47 "https://mcfglobal.org/wp-admin/edit.php?post_type=page" "Mozilla/5.0 (Windows NT 10.0; Win64; x64) AppleWebKit/537.36 (KHTML, like Gecko) Chrome/148.0.0.0 Safari/537.36"
103.93.16.123 - - [11/May/2026:17:44:29 +0530] "POST /wp-admin/admin-ajax.php?action=as_async_request_queue_runner&nonce=cfc8df4028 HTTP/1.1" 200 - "-" "WordPress/6.9.4; https://mcfglobal.org"
1.39.175.66 - - [11/May/2026:17:44:40 +0530] "GET /wp-content/plugins/paid-memberships-pro/css/select2.min.css?ver=4.0.3 HTTP/2.0" 304 - "https://mcfglobal.org/wp-admin/edit.php?post_type=page&paged=2" "Mozilla/5.0 (Windows NT 10.0; Win64; x64) AppleWebKit/537.36 (KHTML, like Gecko) Chrome/148.0.0.0 Safari/537.36"
1.39.175.66 - - [11/May/2026:17:44:40 +0530] "GET /wp-content/plugins/paid-memberships-pro/css/admin.css?ver=3.6.2 HTTP/2.0" 304 - "https://mcfglobal.org/wp-admin/edit.php?post_type=page&paged=2" "Mozilla/5.0 (Windows NT 10.0; Win64; x64) AppleWebKit/537.36 (KHTML, like Gecko) Chrome/148.0.0.0 Safari/537.36"
1.39.175.66 - - [11/May/2026:17:44:38 +0530] "GET /wp-admin/edit.php?post_type=page&paged=2 HTTP/2.0" 200 546561 "https://mcfglobal.org/wp-admin/edit.php?post_type=page" "Mozilla/5.0 (Windows NT 10.0; Win64; x64) AppleWebKit/537.36 (KHTML, like Gecko) Chrome/148.0.0.0 Safari/537.36"
1.39.175.66 - - [11/May/2026:17:44:40 +0530] "GET /wp-content/plugins/paid-memberships-pro/js/select2.min.js?ver=4.0.3 HTTP/2.0" 304 - "https://mcfglobal.org/wp-admin/edit.php?post_type=page&paged=2" "Mozilla/5.0 (Windows NT 10.0; Win64; x64) AppleWebKit/537.36 (KHTML, like Gecko) Chrome/148.0.0.0 Safari/537.36"
1.39.175.66 - - [11/May/2026:17:44:40 +0530] "GET /wp-content/plugins/paid-memberships-pro/includes/lib/SendWP/installer.js?ver=6.9.4 HTTP/2.0" 304 - "https://mcfglobal.org/wp-admin/edit.php?post_type=page&paged=2" "Mozilla/5.0 (Windows NT 10.0; Win64; x64) AppleWebKit/537.36 (KHTML, like Gecko) Chrome/148.0.0.0 Safari/537.36"
1.39.175.66 - - [11/May/2026:17:44:40 +0530] "GET /wp-content/plugins/paid-memberships-pro/js/pmpro-admin.js?ver=3.6.2 HTTP/2.0" 304 - "https://mcfglobal.org/wp-admin/edit.php?post_type=page&paged=2" "Mozilla/5.0 (Windows NT 10.0; Win64; x64) AppleWebKit/537.36 (KHTML, like Gecko) Chrome/148.0.0.0 Safari/537.36"
1.39.175.66 - - [11/May/2026:17:44:42 +0530] "POST /wp-admin/admin-ajax.php HTTP/2.0" 200 47 "https://mcfglobal.org/wp-admin/edit.php?post_type=page&paged=2" "Mozilla/5.0 (Windows NT 10.0; Win64; x64) AppleWebKit/537.36 (KHTML, like Gecko) Chrome/148.0.0.0 Safari/537.36"
1.39.175.66 - - [11/May/2026:17:44:50 +0530] "GET /wp-content/plugins/paid-memberships-pro/css/admin.css?ver=3.6.2 HTTP/2.0" 304 - "https://mcfglobal.org/wp-admin/edit.php?post_type=page&paged=3" "Mozilla/5.0 (Windows NT 10.0; Win64; x64) AppleWebKit/537.36 (KHTML, like Gecko) Chrome/148.0.0.0 Safari/537.36"
1.39.175.66 - - [11/May/2026:17:44:50 +0530] "GET /wp-content/plugins/paid-memberships-pro/css/select2.min.css?ver=4.0.3 HTTP/2.0" 304 - "https://mcfglobal.org/wp-admin/edit.php?post_type=page&paged=3" "Mozilla/5.0 (Windows NT 10.0; Win64; x64) AppleWebKit/537.36 (KHTML, like Gecko) Chrome/148.0.0.0 Safari/537.36"
103.93.16.123 - - [11/May/2026:17:44:50 +0530] "POST /wp-cron.php?doing_wp_cron=1778501690.6594328880310058593750 HTTP/1.1" 200 - "-" "WordPress/6.9.4; https://mcfglobal.org"
1.39.175.66 - - [11/May/2026:17:44:48 +0530] "GET /wp-admin/edit.php?post_type=page&paged=3 HTTP/2.0" 200 543087 "https://mcfglobal.org/wp-admin/edit.php?post_type=page&paged=2" "Mozilla/5.0 (Windows NT 10.0; Win64; x64) AppleWebKit/537.36 (KHTML, like Gecko) Chrome/148.0.0.0 Safari/537.36"
1.39.175.66 - - [11/May/2026:17:44:51 +0530] "GET /wp-content/plugins/paid-memberships-pro/js/select2.min.js?ver=4.0.3 HTTP/2.0" 304 - "https://mcfglobal.org/wp-admin/edit.php?post_type=page&paged=3" "Mozilla/5.0 (Windows NT 10.0; Win64; x64) AppleWebKit/537.36 (KHTML, like Gecko) Chrome/148.0.0.0 Safari/537.36"
1.39.175.66 - - [11/May/2026:17:44:51 +0530] "GET /wp-content/plugins/paid-memberships-pro/includes/lib/SendWP/installer.js?ver=6.9.4 HTTP/2.0" 304 - "https://mcfglobal.org/wp-admin/edit.php?post_type=page&paged=3" "Mozilla/5.0 (Windows NT 10.0; Win64; x64) AppleWebKit/537.36 (KHTML, like Gecko) Chrome/148.0.0.0 Safari/537.36"
1.39.175.66 - - [11/May/2026:17:44:51 +0530] "GET /wp-content/plugins/paid-memberships-pro/js/pmpro-admin.js?ver=3.6.2 HTTP/2.0" 304 - "https://mcfglobal.org/wp-admin/edit.php?post_type=page&paged=3" "Mozilla/5.0 (Windows NT 10.0; Win64; x64) AppleWebKit/537.36 (KHTML, like Gecko) Chrome/148.0.0.0 Safari/537.36"
1.39.175.66 - - [11/May/2026:17:44:54 +0530] "POST /wp-admin/admin-ajax.php HTTP/2.0" 200 47 "https://mcfglobal.org/wp-admin/edit.php?post_type=page&paged=3" "Mozilla/5.0 (Windows NT 10.0; Win64; x64) AppleWebKit/537.36 (KHTML, like Gecko) Chrome/148.0.0.0 Safari/537.36"
1.39.175.66 - - [11/May/2026:17:45:03 +0530] "POST /wp-admin/admin-ajax.php HTTP/2.0" 200 47 "https://mcfglobal.org/wp-admin/edit.php?post_type=page&paged=3" "Mozilla/5.0 (Windows NT 10.0; Win64; x64) AppleWebKit/537.36 (KHTML, like Gecko) Chrome/148.0.0.0 Safari/537.36"
1.39.175.66 - - [11/May/2026:17:45:13 +0530] "POST /wp-admin/admin-ajax.php HTTP/2.0" 200 47 "https://mcfglobal.org/wp-admin/edit.php?post_type=page&paged=3" "Mozilla/5.0 (Windows NT 10.0; Win64; x64) AppleWebKit/537.36 (KHTML, like Gecko) Chrome/148.0.0.0 Safari/537.36"
1.39.175.66 - - [11/May/2026:17:45:23 +0530] "POST /wp-admin/admin-ajax.php HTTP/2.0" 200 47 "https://mcfglobal.org/wp-admin/edit.php?post_type=page&paged=3" "Mozilla/5.0 (Windows NT 10.0; Win64; x64) AppleWebKit/537.36 (KHTML, like Gecko) Chrome/148.0.0.0 Safari/537.36"
1.39.175.66 - - [11/May/2026:17:45:33 +0530] "POST /wp-admin/admin-ajax.php HTTP/2.0" 200 47 "https://mcfglobal.org/wp-admin/edit.php?post_type=page&paged=3" "Mozilla/5.0 (Windows NT 10.0; Win64; x64) AppleWebKit/537.36 (KHTML, like Gecko) Chrome/148.0.0.0 Safari/537.36"
103.93.16.123 - - [11/May/2026:17:45:45 +0530] "POST /wp-cron.php?doing_wp_cron=1778501745.5536620616912841796875 HTTP/1.1" 200 - "-" "WordPress/6.9.4; https://mcfglobal.org"
1.39.175.66 - - [11/May/2026:17:45:43 +0530] "POST /wp-admin/admin-ajax.php HTTP/2.0" 200 47 "https://mcfglobal.org/wp-admin/edit.php?post_type=page&paged=3" "Mozilla/5.0 (Windows NT 10.0; Win64; x64) AppleWebKit/537.36 (KHTML, like Gecko) Chrome/148.0.0.0 Safari/537.36"
1.39.175.66 - - [11/May/2026:17:45:53 +0530] "POST /wp-admin/admin-ajax.php HTTP/2.0" 200 47 "https://mcfglobal.org/wp-admin/edit.php?post_type=page&paged=3" "Mozilla/5.0 (Windows NT 10.0; Win64; x64) AppleWebKit/537.36 (KHTML, like Gecko) Chrome/148.0.0.0 Safari/537.36"
1.39.175.66 - - [11/May/2026:17:46:03 +0530] "POST /wp-admin/admin-ajax.php HTTP/2.0" 200 47 "https://mcfglobal.org/wp-admin/edit.php?post_type=page&paged=3" "Mozilla/5.0 (Windows NT 10.0; Win64; x64) AppleWebKit/537.36 (KHTML, like Gecko) Chrome/148.0.0.0 Safari/537.36"
1.39.175.66 - - [11/May/2026:17:46:13 +0530] "POST /wp-admin/admin-ajax.php HTTP/2.0" 200 47 "https://mcfglobal.org/wp-admin/edit.php?post_type=page&paged=3" "Mozilla/5.0 (Windows NT 10.0; Win64; x64) AppleWebKit/537.36 (KHTML, like Gecko) Chrome/148.0.0.0 Safari/537.36"
1.39.175.66 - - [11/May/2026:17:46:23 +0530] "POST /wp-admin/admin-ajax.php HTTP/2.0" 200 47 "https://mcfglobal.org/wp-admin/edit.php?post_type=page&paged=3" "Mozilla/5.0 (Windows NT 10.0; Win64; x64) AppleWebKit/537.36 (KHTML, like Gecko) Chrome/148.0.0.0 Safari/537.36"
1.39.175.66 - - [11/May/2026:17:46:34 +0530] "POST /wp-admin/admin-ajax.php HTTP/2.0" 200 47 "https://mcfglobal.org/wp-admin/edit.php?post_type=page&paged=3" "Mozilla/5.0 (Windows NT 10.0; Win64; x64) AppleWebKit/537.36 (KHTML, like Gecko) Chrome/148.0.0.0 Safari/537.36"
103.93.16.123 - - [11/May/2026:17:46:45 +0530] "POST /wp-cron.php?doing_wp_cron=1778501805.5794270038604736328125 HTTP/1.1" 200 - "-" "WordPress/6.9.4; https://mcfglobal.org"
1.39.175.66 - - [11/May/2026:17:46:43 +0530] "POST /wp-admin/admin-ajax.php HTTP/2.0" 200 47 "https://mcfglobal.org/wp-admin/edit.php?post_type=page&paged=3" "Mozilla/5.0 (Windows NT 10.0; Win64; x64) AppleWebKit/537.36 (KHTML, like Gecko) Chrome/148.0.0.0 Safari/537.36"
1.39.175.66 - - [11/May/2026:17:46:53 +0530] "POST /wp-admin/admin-ajax.php HTTP/2.0" 200 47 "https://mcfglobal.org/wp-admin/edit.php?post_type=page&paged=3" "Mozilla/5.0 (Windows NT 10.0; Win64; x64) AppleWebKit/537.36 (KHTML, like Gecko) Chrome/148.0.0.0 Safari/537.36"
1.39.175.66 - - [11/May/2026:17:47:03 +0530] "POST /wp-admin/admin-ajax.php HTTP/2.0" 200 47 "https://mcfglobal.org/wp-admin/edit.php?post_type=page&paged=3" "Mozilla/5.0 (Windows NT 10.0; Win64; x64) AppleWebKit/537.36 (KHTML, like Gecko) Chrome/148.0.0.0 Safari/537.36"
1.39.175.66 - - [11/May/2026:17:47:13 +0530] "GET /wp-content/themes/astra/assets/css/minified/main.min.css?ver=4.13.0 HTTP/2.0" 200 44801 "https://mcfglobal.org/" "Mozilla/5.0 (Windows NT 10.0; Win64; x64) AppleWebKit/537.36 (KHTML, like Gecko) Chrome/70.0.3538.102 Safari/537.36 Edge/18.18362"
1.39.175.66 - - [11/May/2026:17:47:13 +0530] "GET /wp-content/plugins/tutor/assets/css/tutor-icon.min.css?ver=3.9.10 HTTP/2.0" 200 15482 "https://mcfglobal.org/" "Mozilla/5.0 (Windows NT 10.0; Win64; x64) AppleWebKit/537.36 (KHTML, like Gecko) Chrome/70.0.3538.102 Safari/537.36 Edge/18.18362"
1.39.175.66 - - [11/May/2026:17:47:13 +0530] "GET /wp-content/plugins/paid-memberships-pro/css/frontend/base.css?ver=3.6.2 HTTP/2.0" 200 16327 "https://mcfglobal.org/" "Mozilla/5.0 (Windows NT 10.0; Win64; x64) AppleWebKit/537.36 (KHTML, like Gecko) Chrome/70.0.3538.102 Safari/537.36 Edge/18.18362"
1.39.175.66 - - [11/May/2026:17:47:13 +0530] "GET /wp-content/plugins/elementor/assets/css/widget-image-box.min.css?ver=4.0.6 HTTP/2.0" 200 1657 "https://mcfglobal.org/" "Mozilla/5.0 (Windows NT 10.0; Win64; x64) AppleWebKit/537.36 (KHTML, like Gecko) Chrome/70.0.3538.102 Safari/537.36 Edge/18.18362"
1.39.175.66 - - [11/May/2026:17:47:13 +0530] "GET /wp-content/plugins/paid-memberships-pro/css/frontend/variation_1.css?ver=3.6.2 HTTP/2.0" 200 25593 "https://mcfglobal.org/" "Mozilla/5.0 (Windows NT 10.0; Win64; x64) AppleWebKit/537.36 (KHTML, like Gecko) Chrome/70.0.3538.102 Safari/537.36 Edge/18.18362"
1.39.175.66 - - [11/May/2026:17:47:13 +0530] "GET /wp-content/plugins/tutor/assets/css/tutor-front.min.css?ver=3.9.10 HTTP/2.0" 200 138231 "https://mcfglobal.org/" "Mozilla/5.0 (Windows NT 10.0; Win64; x64) AppleWebKit/537.36 (KHTML, like Gecko) Chrome/70.0.3538.102 Safari/537.36 Edge/18.18362"
1.39.175.66 - - [11/May/2026:17:47:13 +0530] "GET /wp-content/plugins/elementor/assets/css/widget-icon-box.min.css?ver=4.0.6 HTTP/2.0" 200 4726 "https://mcfglobal.org/" "Mozilla/5.0 (Windows NT 10.0; Win64; x64) AppleWebKit/537.36 (KHTML, like Gecko) Chrome/70.0.3538.102 Safari/537.36 Edge/18.18362"
1.39.175.66 - - [11/May/2026:17:47:13 +0530] "GET /wp-content/plugins/elementor/assets/css/widget-heading.min.css?ver=4.0.6 HTTP/2.0" 200 560 "https://mcfglobal.org/" "Mozilla/5.0 (Windows NT 10.0; Win64; x64) AppleWebKit/537.36 (KHTML, like Gecko) Chrome/70.0.3538.102 Safari/537.36 Edge/18.18362"
1.39.175.66 - - [11/May/2026:17:47:13 +0530] "GET /wp-content/plugins/tutor/includes/theme-compatibility/astra/assets/css/style.css?ver=6.9.4 HTTP/2.0" 200 414 "https://mcfglobal.org/" "Mozilla/5.0 (Windows NT 10.0; Win64; x64) AppleWebKit/537.36 (KHTML, like Gecko) Chrome/70.0.3538.102 Safari/537.36 Edge/18.18362"
1.39.175.66 - - [11/May/2026:17:47:13 +0530] "GET /wp-content/plugins/elementor/assets/css/frontend.min.css?ver=4.0.6 HTTP/2.0" 200 54666 "https://mcfglobal.org/" "Mozilla/5.0 (Windows NT 10.0; Win64; x64) AppleWebKit/537.36 (KHTML, like Gecko) Chrome/70.0.3538.102 Safari/537.36 Edge/18.18362"
1.39.175.66 - - [11/May/2026:17:47:13 +0530] "GET /wp-content/plugins/tutor/assets/css/tutor.min.css?ver=3.9.10 HTTP/2.0" 200 284365 "https://mcfglobal.org/" "Mozilla/5.0 (Windows NT 10.0; Win64; x64) AppleWebKit/537.36 (KHTML, like Gecko) Chrome/70.0.3538.102 Safari/537.36 Edge/18.18362"
1.39.175.66 - - [11/May/2026:17:47:13 +0530] "GET /wp-content/uploads/elementor/css/post-6.css?ver=1778500843 HTTP/2.0" 200 2008 "https://mcfglobal.org/" "Mozilla/5.0 (Windows NT 10.0; Win64; x64) AppleWebKit/537.36 (KHTML, like Gecko) Chrome/70.0.3538.102 Safari/537.36 Edge/18.18362"
1.39.175.66 - - [11/May/2026:17:47:13 +0530] "GET /wp-content/plugins/elementor/assets/lib/animations/styles/fadeInUp.min.css?ver=4.0.6 HTTP/2.0" 200 130 "https://mcfglobal.org/" "Mozilla/5.0 (Windows NT 10.0; Win64; x64) AppleWebKit/537.36 (KHTML, like Gecko) Chrome/70.0.3538.102 Safari/537.36 Edge/18.18362"
1.39.175.66 - - [11/May/2026:17:47:13 +0530] "GET /wp-content/plugins/elementor/assets/css/widget-divider.min.css?ver=4.0.6 HTTP/2.0" 200 4258 "https://mcfglobal.org/" "Mozilla/5.0 (Windows NT 10.0; Win64; x64) AppleWebKit/537.36 (KHTML, like Gecko) Chrome/70.0.3538.102 Safari/537.36 Edge/18.18362"
1.39.175.66 - - [11/May/2026:17:47:13 +0530] "GET /wp-includes/js/jquery/jquery-migrate.min.js?ver=3.4.1 HTTP/2.0" 200 13577 "https://mcfglobal.org/" "Mozilla/5.0 (Windows NT 10.0; Win64; x64) AppleWebKit/537.36 (KHTML, like Gecko) Chrome/70.0.3538.102 Safari/537.36 Edge/18.18362"
1.39.175.66 - - [11/May/2026:17:47:13 +0530] "GET /wp-content/uploads/elementor/css/post-33.css?ver=1778500845 HTTP/2.0" 200 73895 "https://mcfglobal.org/" "Mozilla/5.0 (Windows NT 10.0; Win64; x64) AppleWebKit/537.36 (KHTML, like Gecko) Chrome/70.0.3538.102 Safari/537.36 Edge/18.18362"
1.39.175.66 - - [11/May/2026:17:47:13 +0530] "GET /wp-includes/js/jquery/jquery.min.js?ver=3.7.1 HTTP/2.0" 200 87553 "https://mcfglobal.org/" "Mozilla/5.0 (Windows NT 10.0; Win64; x64) AppleWebKit/537.36 (KHTML, like Gecko) Chrome/70.0.3538.102 Safari/537.36 Edge/18.18362"
1.39.175.66 - - [11/May/2026:17:47:13 +0530] "GET /wp-content/plugins/elementor/assets/css/widget-image.min.css?ver=4.0.6 HTTP/2.0" 200 214 "https://mcfglobal.org/" "Mozilla/5.0 (Windows NT 10.0; Win64; x64) AppleWebKit/537.36 (KHTML, like Gecko) Chrome/70.0.3538.102 Safari/537.36 Edge/18.18362"
1.39.175.66 - - [11/May/2026:17:47:10 +0530] "GET / HTTP/2.0" 200 311529 "-" "Mozilla/5.0 (Windows NT 10.0; Win64; x64) AppleWebKit/537.36 (KHTML, like Gecko) Chrome/70.0.3538.102 Safari/537.36 Edge/18.18362"
1.39.175.66 - - [11/May/2026:17:47:13 +0530] "GET /wp-content/uploads/elementor/thumbs/2-rmeucmifo2qi5yw7s3lo7wyjg6tq8bd7rtqzbqprkw.png HTTP/2.0" 200 2204 "https://mcfglobal.org/" "Mozilla/5.0 (Windows NT 10.0; Win64; x64) AppleWebKit/537.36 (KHTML, like Gecko) Chrome/70.0.3538.102 Safari/537.36 Edge/18.18362"
1.39.175.66 - - [11/May/2026:17:47:13 +0530] "GET /wp-content/uploads/elementor/thumbs/3-rmexptt8x0nj7uua1hnuqbw8ytfkraj7rq2x27099c.png HTTP/2.0" 200 1534 "https://mcfglobal.org/" "Mozilla/5.0 (Windows NT 10.0; Win64; x64) AppleWebKit/537.36 (KHTML, like Gecko) Chrome/70.0.3538.102 Safari/537.36 Edge/18.18362"
1.39.175.66 - - [11/May/2026:17:47:13 +0530] "GET /wp-content/uploads/elementor/thumbs/WhatsApp-Image-2025-01-11-at-21.18.58-Copy-rfvzww93l26kbrfcbrmd2le25czcrk0d4d59vyyw2w.jpeg HTTP/2.0" 200 3098 "https://mcfglobal.org/" "Mozilla/5.0 (Windows NT 10.0; Win64; x64) AppleWebKit/537.36 (KHTML, like Gecko) Chrome/70.0.3538.102 Safari/537.36 Edge/18.18362"
1.39.175.66 - - [11/May/2026:17:47:13 +0530] "GET /wp-content/uploads/elementor/thumbs/WhatsApp-Image-2024-11-23-at-18.01.16-rf4kl1jd8hbro8utgqojsymebg3yvrdkamj3s87088.jpeg HTTP/2.0" 200 2992 "https://mcfglobal.org/" "Mozilla/5.0 (Windows NT 10.0; Win64; x64) AppleWebKit/537.36 (KHTML, like Gecko) Chrome/70.0.3538.102 Safari/537.36 Edge/18.18362"
1.39.175.66 - - [11/May/2026:17:47:13 +0530] "GET /wp-content/uploads/elementor/thumbs/Picture1-2-rf4m4i0kgl8so0atmpo4wytg1url0vjfx46f3xyt48.png HTTP/2.0" 200 21335 "https://mcfglobal.org/" "Mozilla/5.0 (Windows NT 10.0; Win64; x64) AppleWebKit/537.36 (KHTML, like Gecko) Chrome/70.0.3538.102 Safari/537.36 Edge/18.18362"
1.39.175.66 - - [11/May/2026:17:47:13 +0530] "GET /wp-content/uploads/2026/04/MCF-WEBSITE-IMAGES.png HTTP/2.0" 200 1410295 "https://mcfglobal.org/" "Mozilla/5.0 (Windows NT 10.0; Win64; x64) AppleWebKit/537.36 (KHTML, like Gecko) Chrome/70.0.3538.102 Safari/537.36 Edge/18.18362"
1.39.175.66 - - [11/May/2026:17:47:13 +0530] "GET /wp-content/uploads/elementor/thumbs/Lead5-rf4n93nlnyto5nbpjrh047z7s0nci7q1u2mgd7rmco.png HTTP/2.0" 200 11993 "https://mcfglobal.org/" "Mozilla/5.0 (Windows NT 10.0; Win64; x64) AppleWebKit/537.36 (KHTML, like Gecko) Chrome/70.0.3538.102 Safari/537.36 Edge/18.18362"
1.39.175.66 - - [11/May/2026:17:47:13 +0530] "GET /wp-content/uploads/elementor/thumbs/WhatsApp-Image-2024-12-04-at-21.04.22-rf4mgwhwmw7zusaa7knxbc5e7vmxl3rxyi222dkt0o.jpeg HTTP/2.0" 200 2743 "https://mcfglobal.org/" "Mozilla/5.0 (Windows NT 10.0; Win64; x64) AppleWebKit/537.36 (KHTML, like Gecko) Chrome/70.0.3538.102 Safari/537.36 Edge/18.18362"
1.39.175.66 - - [11/May/2026:17:47:13 +0530] "GET /wp-content/uploads/elementor/thumbs/Lead13-rf4ooax3y2wykyy9ke8efsu4oma4snzojhxmgtulew.png HTTP/2.0" 200 20576 "https://mcfglobal.org/" "Mozilla/5.0 (Windows NT 10.0; Win64; x64) AppleWebKit/537.36 (KHTML, like Gecko) Chrome/70.0.3538.102 Safari/537.36 Edge/18.18362"
1.39.175.66 - - [11/May/2026:17:47:13 +0530] "GET /wp-content/uploads/elementor/thumbs/6-Copy-rmmkulbyhs2c8y9et6wmaz2rpdyrkyvjee093b0hiw.png HTTP/2.0" 200 798216 "https://mcfglobal.org/" "Mozilla/5.0 (Windows NT 10.0; Win64; x64) AppleWebKit/537.36 (KHTML, like Gecko) Chrome/70.0.3538.102 Safari/537.36 Edge/18.18362"
1.39.175.66 - - [11/May/2026:17:47:15 +0530] "GET /wp-includes/js/dist/i18n.min.js?ver=c26c3dc7bed366793375 HTTP/2.0" 200 5314 "https://mcfglobal.org/" "Mozilla/5.0 (Windows NT 10.0; Win64; x64) AppleWebKit/537.36 (KHTML, like Gecko) Chrome/70.0.3538.102 Safari/537.36 Edge/18.18362"
1.39.175.66 - - [11/May/2026:17:47:15 +0530] "GET /wp-includes/js/jquery/ui/mouse.min.js?ver=1.13.3 HTTP/2.0" 200 3428 "https://mcfglobal.org/" "Mozilla/5.0 (Windows NT 10.0; Win64; x64) AppleWebKit/537.36 (KHTML, like Gecko) Chrome/70.0.3538.102 Safari/537.36 Edge/18.18362"
1.39.175.66 - - [11/May/2026:17:47:15 +0530] "GET /wp-content/plugins/tutor/assets/js/tutor.js?ver=3.9.10 HTTP/2.0" 200 122651 "https://mcfglobal.org/" "Mozilla/5.0 (Windows NT 10.0; Win64; x64) AppleWebKit/537.36 (KHTML, like Gecko) Chrome/70.0.3538.102 Safari/537.36 Edge/18.18362"
1.39.175.66 - - [11/May/2026:17:47:15 +0530] "GET /wp-includes/js/dist/element.min.js?ver=6a582b0c827fa25df3dd HTTP/2.0" 200 12112 "https://mcfglobal.org/" "Mozilla/5.0 (Windows NT 10.0; Win64; x64) AppleWebKit/537.36 (KHTML, like Gecko) Chrome/70.0.3538.102 Safari/537.36 Edge/18.18362"
1.39.175.66 - - [11/May/2026:17:47:15 +0530] "GET /wp-content/uploads/2025/11/37-1-e1778003878511-939x1024.png HTTP/2.0" 200 1255037 "https://mcfglobal.org/" "Mozilla/5.0 (Windows NT 10.0; Win64; x64) AppleWebKit/537.36 (KHTML, like Gecko) Chrome/70.0.3538.102 Safari/537.36 Edge/18.18362"
1.39.175.66 - - [11/May/2026:17:47:15 +0530] "GET /wp-includes/js/dist/deprecated.min.js?ver=e1f84915c5e8ae38964c HTTP/2.0" 200 684 "https://mcfglobal.org/" "Mozilla/5.0 (Windows NT 10.0; Win64; x64) AppleWebKit/537.36 (KHTML, like Gecko) Chrome/70.0.3538.102 Safari/537.36 Edge/18.18362"
1.39.175.66 - - [11/May/2026:17:47:15 +0530] "GET /wp-includes/js/dist/hooks.min.js?ver=dd5603f07f9220ed27f1 HTTP/2.0" 200 5661 "https://mcfglobal.org/" "Mozilla/5.0 (Windows NT 10.0; Win64; x64) AppleWebKit/537.36 (KHTML, like Gecko) Chrome/70.0.3538.102 Safari/537.36 Edge/18.18362"
1.39.175.66 - - [11/May/2026:17:47:15 +0530] "GET /wp-content/plugins/tutor/assets/lib/SocialShare/SocialShare.min.js?ver=3.9.10 HTTP/2.0" 200 2471 "https://mcfglobal.org/" "Mozilla/5.0 (Windows NT 10.0; Win64; x64) AppleWebKit/537.36 (KHTML, like Gecko) Chrome/70.0.3538.102 Safari/537.36 Edge/18.18362"
1.39.175.66 - - [11/May/2026:17:47:15 +0530] "GET /wp-includes/js/quicktags.min.js?ver=6.9.4 HTTP/2.0" 200 11132 "https://mcfglobal.org/" "Mozilla/5.0 (Windows NT 10.0; Win64; x64) AppleWebKit/537.36 (KHTML, like Gecko) Chrome/70.0.3538.102 Safari/537.36 Edge/18.18362"
1.39.175.66 - - [11/May/2026:17:47:15 +0530] "GET /wp-includes/js/dist/escape-html.min.js?ver=6561a406d2d232a6fbd2 HTTP/2.0" 200 1000 "https://mcfglobal.org/" "Mozilla/5.0 (Windows NT 10.0; Win64; x64) AppleWebKit/537.36 (KHTML, like Gecko) Chrome/70.0.3538.102 Safari/537.36 Edge/18.18362"
1.39.175.66 - - [11/May/2026:17:47:15 +0530] "GET /wp-includes/js/jquery/jquery.ui.touch-punch.js?ver=0.2.2 HTTP/2.0" 200 1179 "https://mcfglobal.org/" "Mozilla/5.0 (Windows NT 10.0; Win64; x64) AppleWebKit/537.36 (KHTML, like Gecko) Chrome/70.0.3538.102 Safari/537.36 Edge/18.18362"
1.39.175.66 - - [11/May/2026:17:47:15 +0530] "GET /wp-content/plugins/elementor/assets/js/webpack.runtime.min.js?ver=4.0.6 HTTP/2.0" 200 5722 "https://mcfglobal.org/" "Mozilla/5.0 (Windows NT 10.0; Win64; x64) AppleWebKit/537.36 (KHTML, like Gecko) Chrome/70.0.3538.102 Safari/537.36 Edge/18.18362"
1.39.175.66 - - [11/May/2026:17:47:15 +0530] "GET /wp-content/uploads/2025/11/MCF-LOGO-14-84x35.png HTTP/2.0" 200 6736 "https://mcfglobal.org/" "Mozilla/5.0 (Windows NT 10.0; Win64; x64) AppleWebKit/537.36 (KHTML, like Gecko) Chrome/70.0.3538.102 Safari/537.36 Edge/18.18362"
1.39.175.66 - - [11/May/2026:17:47:15 +0530] "GET /wp-includes/js/dist/vendor/react.min.js?ver=18.3.1.1 HTTP/2.0" 200 10628 "https://mcfglobal.org/" "Mozilla/5.0 (Windows NT 10.0; Win64; x64) AppleWebKit/537.36 (KHTML, like Gecko) Chrome/70.0.3538.102 Safari/537.36 Edge/18.18362"
1.39.175.66 - - [11/May/2026:17:47:15 +0530] "GET /wp-content/plugins/gtranslate/js/dropdown.js?ver=6.9.4 HTTP/2.0" 200 13027 "https://mcfglobal.org/" "Mozilla/5.0 (Windows NT 10.0; Win64; x64) AppleWebKit/537.36 (KHTML, like Gecko) Chrome/70.0.3538.102 Safari/537.36 Edge/18.18362"
1.39.175.66 - - [11/May/2026:17:47:15 +0530] "GET /wp-content/plugins/elementor/assets/js/frontend.min.js?ver=4.0.6 HTTP/2.0" 200 31928 "https://mcfglobal.org/" "Mozilla/5.0 (Windows NT 10.0; Win64; x64) AppleWebKit/537.36 (KHTML, like Gecko) Chrome/70.0.3538.102 Safari/537.36 Edge/18.18362"
1.39.175.66 - - [11/May/2026:17:47:15 +0530] "GET /wp-includes/js/jquery/ui/core.min.js?ver=1.13.3 HTTP/2.0" 200 21464 "https://mcfglobal.org/" "Mozilla/5.0 (Windows NT 10.0; Win64; x64) AppleWebKit/537.36 (KHTML, like Gecko) Chrome/70.0.3538.102 Safari/537.36 Edge/18.18362"
1.39.175.66 - - [11/May/2026:17:47:15 +0530] "GET /wp-content/themes/astra/assets/js/minified/frontend.min.js?ver=4.13.0 HTTP/2.0" 200 25664 "https://mcfglobal.org/" "Mozilla/5.0 (Windows NT 10.0; Win64; x64) AppleWebKit/537.36 (KHTML, like Gecko) Chrome/70.0.3538.102 Safari/537.36 Edge/18.18362"
1.39.175.66 - - [11/May/2026:17:47:15 +0530] "GET /wp-includes/js/jquery/ui/sortable.min.js?ver=1.13.3 HTTP/2.0" 200 25504 "https://mcfglobal.org/" "Mozilla/5.0 (Windows NT 10.0; Win64; x64) AppleWebKit/537.36 (KHTML, like Gecko) Chrome/70.0.3538.102 Safari/537.36 Edge/18.18362"
1.39.175.66 - - [11/May/2026:17:47:15 +0530] "GET /wp-content/uploads/2026/05/arto-suraj-7IFXEAuvcq4-unsplash-1.jpg HTTP/2.0" 200 47516 "https://mcfglobal.org/" "Mozilla/5.0 (Windows NT 10.0; Win64; x64) AppleWebKit/537.36 (KHTML, like Gecko) Chrome/70.0.3538.102 Safari/537.36 Edge/18.18362"
1.39.175.66 - - [11/May/2026:17:47:15 +0530] "GET /wp-includes/js/jquery/ui/datepicker.min.js?ver=1.13.3 HTTP/2.0" 200 36748 "https://mcfglobal.org/" "Mozilla/5.0 (Windows NT 10.0; Win64; x64) AppleWebKit/537.36 (KHTML, like Gecko) Chrome/70.0.3538.102 Safari/537.36 Edge/18.18362"
1.39.175.66 - - [11/May/2026:17:47:15 +0530] "GET /wp-content/uploads/2026/05/yumu-81NAQdCecPo-unsplash-1.jpg HTTP/2.0" 200 49451 "https://mcfglobal.org/" "Mozilla/5.0 (Windows NT 10.0; Win64; x64) AppleWebKit/537.36 (KHTML, like Gecko) Chrome/70.0.3538.102 Safari/537.36 Edge/18.18362"
1.39.175.66 - - [11/May/2026:17:47:15 +0530] "GET /wp-content/plugins/elementor/assets/js/frontend-modules.min.js?ver=4.0.6 HTTP/2.0" 200 50602 "https://mcfglobal.org/" "Mozilla/5.0 (Windows NT 10.0; Win64; x64) AppleWebKit/537.36 (KHTML, like Gecko) Chrome/70.0.3538.102 Safari/537.36 Edge/18.18362"
1.39.175.66 - - [11/May/2026:17:47:15 +0530] "GET /wp-includes/js/dist/vendor/moment.min.js?ver=2.30.1 HTTP/2.0" 200 58812 "https://mcfglobal.org/" "Mozilla/5.0 (Windows NT 10.0; Win64; x64) AppleWebKit/537.36 (KHTML, like Gecko) Chrome/70.0.3538.102 Safari/537.36 Edge/18.18362"
1.39.175.66 - - [11/May/2026:17:47:15 +0530] "GET /wp-content/uploads/2026/04/4-292x300.png HTTP/2.0" 200 69532 "https://mcfglobal.org/" "Mozilla/5.0 (Windows NT 10.0; Win64; x64) AppleWebKit/537.36 (KHTML, like Gecko) Chrome/70.0.3538.102 Safari/537.36 Edge/18.18362"
1.39.175.66 - - [11/May/2026:17:47:15 +0530] "GET /wp-content/plugins/tutor/assets/js/tutor-front.js?ver=3.9.10 HTTP/2.0" 200 95381 "https://mcfglobal.org/" "Mozilla/5.0 (Windows NT 10.0; Win64; x64) AppleWebKit/537.36 (KHTML, like Gecko) Chrome/70.0.3538.102 Safari/537.36 Edge/18.18362"
1.39.175.66 - - [11/May/2026:17:47:15 +0530] "GET /wp-includes/js/dist/vendor/react-dom.min.js?ver=18.3.1.1 HTTP/2.0" 200 128946 "https://mcfglobal.org/" "Mozilla/5.0 (Windows NT 10.0; Win64; x64) AppleWebKit/537.36 (KHTML, like Gecko) Chrome/70.0.3538.102 Safari/537.36 Edge/18.18362"
1.39.175.66 - - [11/May/2026:17:47:15 +0530] "GET /wp-content/uploads/2026/04/MCF-WEBSITE-IMAGES-3.png HTTP/2.0" 200 395152 "https://mcfglobal.org/" "Mozilla/5.0 (Windows NT 10.0; Win64; x64) AppleWebKit/537.36 (KHTML, like Gecko) Chrome/70.0.3538.102 Safari/537.36 Edge/18.18362"
1.39.175.66 - - [11/May/2026:17:47:15 +0530] "GET /wp-content/uploads/2025/11/rs-vwaeb-t-e1776920879296.png HTTP/2.0" 200 418031 "https://mcfglobal.org/" "Mozilla/5.0 (Windows NT 10.0; Win64; x64) AppleWebKit/537.36 (KHTML, like Gecko) Chrome/70.0.3538.102 Safari/537.36 Edge/18.18362"
1.39.175.66 - - [11/May/2026:17:47:15 +0530] "GET /wp-content/uploads/2026/04/Gemini_Generated_Image_grakthgrakthgrak.png HTTP/2.0" 200 592646 "https://mcfglobal.org/" "Mozilla/5.0 (Windows NT 10.0; Win64; x64) AppleWebKit/537.36 (KHTML, like Gecko) Chrome/70.0.3538.102 Safari/537.36 Edge/18.18362"
1.39.175.66 - - [11/May/2026:17:47:15 +0530] "GET /wp-includes/js/dist/date.min.js?ver=795a56839718d3ff7eae HTTP/2.0" 200 783699 "https://mcfglobal.org/" "Mozilla/5.0 (Windows NT 10.0; Win64; x64) AppleWebKit/537.36 (KHTML, like Gecko) Chrome/70.0.3538.102 Safari/537.36 Edge/18.18362"
1.39.175.66 - - [11/May/2026:17:47:17 +0530] "GET /wp-content/uploads/2026/04/MCF-LOGO-14.png HTTP/2.0" 200 82803 "https://mcfglobal.org/" "Mozilla/5.0 (Windows NT 10.0; Win64; x64) AppleWebKit/537.36 (KHTML, like Gecko) Chrome/70.0.3538.102 Safari/537.36 Edge/18.18362"
1.39.175.66 - - [11/May/2026:17:47:18 +0530] "GET /wp-includes/js/wp-emoji-release.min.js?ver=6.9.4 HTTP/2.0" 200 22762 "https://mcfglobal.org/" "Mozilla/5.0 (Windows NT 10.0; Win64; x64) AppleWebKit/537.36 (KHTML, like Gecko) Chrome/70.0.3538.102 Safari/537.36 Edge/18.18362"
1.39.175.66 - - [11/May/2026:17:47:19 +0530] "GET /membership-levels/ HTTP/2.0" 200 211711 "https://mcfglobal.org/" "Mozilla/5.0 (Windows NT 10.0; Win64; x64) AppleWebKit/537.36 (KHTML, like Gecko) Chrome/70.0.3538.102 Safari/537.36 Edge/18.18362"
1.39.175.66 - - [11/May/2026:17:47:21 +0530] "GET /wp-includes/css/dist/block-library/style.min.css?ver=6.9.4 HTTP/2.0" 200 119358 "https://mcfglobal.org/membership-levels/" "Mozilla/5.0 (Windows NT 10.0; Win64; x64) AppleWebKit/537.36 (KHTML, like Gecko) Chrome/70.0.3538.102 Safari/537.36 Edge/18.18362"
1.39.175.66 - - [11/May/2026:17:47:27 +0530] "GET /membership-account/ HTTP/2.0" 302 - "https://mcfglobal.org/membership-levels/" "Mozilla/5.0 (Windows NT 10.0; Win64; x64) AppleWebKit/537.36 (KHTML, like Gecko) Chrome/70.0.3538.102 Safari/537.36 Edge/18.18362"
1.39.175.66 - - [11/May/2026:17:47:28 +0530] "GET /login/?redirect_to=https%3A%2F%2Fmcfglobal.org%2Fmembership-account%2F HTTP/2.0" 200 215791 "https://mcfglobal.org/membership-levels/" "Mozilla/5.0 (Windows NT 10.0; Win64; x64) AppleWebKit/537.36 (KHTML, like Gecko) Chrome/70.0.3538.102 Safari/537.36 Edge/18.18362"
103.93.16.123 - - [11/May/2026:17:47:41 +0530] "POST /wp-cron.php?doing_wp_cron=1778501861.5355460643768310546875 HTTP/1.1" 200 - "-" "WordPress/6.9.4; https://mcfglobal.org"
1.39.175.66 - - [11/May/2026:17:47:39 +0530] "GET /membership-levels/ HTTP/2.0" 200 211711 "https://mcfglobal.org/login/?redirect_to=https%3A%2F%2Fmcfglobal.org%2Fmembership-account%2F" "Mozilla/5.0 (Windows NT 10.0; Win64; x64) AppleWebKit/537.36 (KHTML, like Gecko) Chrome/70.0.3538.102 Safari/537.36 Edge/18.18362"
103.93.16.123 - - [11/May/2026:17:47:54 +0530] "POST /wp-cron.php?doing_wp_cron=1778501874.3592209815979003906250 HTTP/1.1" 200 - "-" "WordPress/6.9.4; https://mcfglobal.org"
1.39.175.66 - - [11/May/2026:17:47:52 +0530] "GET /membership-levels/ HTTP/2.0" 200 211711 "https://mcfglobal.org/membership-levels/" "Mozilla/5.0 (Windows NT 10.0; Win64; x64) AppleWebKit/537.36 (KHTML, like Gecko) Chrome/70.0.3538.102 Safari/537.36 Edge/18.18362"
1.39.175.66 - - [11/May/2026:17:47:59 +0530] "GET /join-as-institution/ HTTP/2.0" 200 224938 "https://mcfglobal.org/membership-levels/" "Mozilla/5.0 (Windows NT 10.0; Win64; x64) AppleWebKit/537.36 (KHTML, like Gecko) Chrome/70.0.3538.102 Safari/537.36 Edge/18.18362"
1.39.175.66 - - [11/May/2026:17:48:01 +0530] "GET /wp-content/uploads/elementor/css/post-985.css?ver=1778501881 HTTP/2.0" 200 5699 "https://mcfglobal.org/join-as-institution/" "Mozilla/5.0 (Windows NT 10.0; Win64; x64) AppleWebKit/537.36 (KHTML, like Gecko) Chrome/70.0.3538.102 Safari/537.36 Edge/18.18362"
1.39.175.66 - - [11/May/2026:17:48:01 +0530] "GET /wp-content/uploads/elementor/thumbs/GLE-ADVT-1-1-rf0ksmg704f775lv65h65thrh4khnhpw4q3dhu2cxs.png HTTP/2.0" 200 7096 "https://mcfglobal.org/join-as-institution/" "Mozilla/5.0 (Windows NT 10.0; Win64; x64) AppleWebKit/537.36 (KHTML, like Gecko) Chrome/70.0.3538.102 Safari/537.36 Edge/18.18362"
1.39.175.66 - - [11/May/2026:17:48:01 +0530] "GET /wp-content/uploads/elementor/thumbs/GLE-ADVT-1-rf0kp7bdpu5ek7z2tvrhdmfqlnj428qqwytrhswm8q.png HTTP/2.0" 200 14991 "https://mcfglobal.org/join-as-institution/" "Mozilla/5.0 (Windows NT 10.0; Win64; x64) AppleWebKit/537.36 (KHTML, like Gecko) Chrome/70.0.3538.102 Safari/537.36 Edge/18.18362"
1.39.175.66 - - [11/May/2026:17:48:01 +0530] "GET /wp-content/uploads/elementor/thumbs/37-e1778063981630-rn202opdj1h7c5xgmyq4z4hhpwvukpsvk1i9mmt7ci.png HTTP/2.0" 200 54964 "https://mcfglobal.org/join-as-institution/" "Mozilla/5.0 (Windows NT 10.0; Win64; x64) AppleWebKit/537.36 (KHTML, like Gecko) Chrome/70.0.3538.102 Safari/537.36 Edge/18.18362"
1.39.175.66 - - [11/May/2026:17:48:09 +0530] "GET /membership-levels/ HTTP/2.0" 200 211711 "https://mcfglobal.org/join-as-institution/" "Mozilla/5.0 (Windows NT 10.0; Win64; x64) AppleWebKit/537.36 (KHTML, like Gecko) Chrome/70.0.3538.102 Safari/537.36 Edge/18.18362"
1.39.175.66 - - [11/May/2026:17:48:15 +0530] "POST /wp-admin/admin-ajax.php HTTP/2.0" 200 47 "https://mcfglobal.org/wp-admin/edit.php?post_type=page&paged=3" "Mozilla/5.0 (Windows NT 10.0; Win64; x64) AppleWebKit/537.36 (KHTML, like Gecko) Chrome/148.0.0.0 Safari/537.36"
1.39.175.66 - - [11/May/2026:17:48:25 +0530] "POST /wp-admin/admin-ajax.php HTTP/2.0" 200 47 "https://mcfglobal.org/wp-admin/edit.php?post_type=page&paged=3" "Mozilla/5.0 (Windows NT 10.0; Win64; x64) AppleWebKit/537.36 (KHTML, like Gecko) Chrome/148.0.0.0 Safari/537.36"
162.62.132.25 - - [11/May/2026:17:48:24 +0530] "GET / HTTP/1.1" 200 311540 "http://mcfglobal.org" "Mozilla/5.0 (iPhone; CPU iPhone OS 13_2_3 like Mac OS X) AppleWebKit/605.1.15 (KHTML, like Gecko) Version/13.0.3 Mobile/15E148 Safari/604.1"
1.39.175.66 - - [11/May/2026:17:48:26 +0530] "GET /wp-admin/plugins.php HTTP/2.0" 200 482008 "https://mcfglobal.org/wp-admin/edit.php?post_type=page&paged=3" "Mozilla/5.0 (Windows NT 10.0; Win64; x64) AppleWebKit/537.36 (KHTML, like Gecko) Chrome/148.0.0.0 Safari/537.36"
1.39.175.66 - - [11/May/2026:17:48:32 +0530] "GET /wp-content/plugins/paid-memberships-pro/js/pmpro-admin.js?ver=3.6.2 HTTP/2.0" 304 - "https://mcfglobal.org/wp-admin/plugins.php" "Mozilla/5.0 (Windows NT 10.0; Win64; x64) AppleWebKit/537.36 (KHTML, like Gecko) Chrome/148.0.0.0 Safari/537.36"
1.39.175.66 - - [11/May/2026:17:48:32 +0530] "GET /wp-content/plugins/paid-memberships-pro/css/select2.min.css?ver=4.0.3 HTTP/2.0" 304 - "https://mcfglobal.org/wp-admin/plugins.php" "Mozilla/5.0 (Windows NT 10.0; Win64; x64) AppleWebKit/537.36 (KHTML, like Gecko) Chrome/148.0.0.0 Safari/537.36"
1.39.175.66 - - [11/May/2026:17:48:32 +0530] "GET /wp-content/plugins/paid-memberships-pro/js/select2.min.js?ver=4.0.3 HTTP/2.0" 304 - "https://mcfglobal.org/wp-admin/plugins.php" "Mozilla/5.0 (Windows NT 10.0; Win64; x64) AppleWebKit/537.36 (KHTML, like Gecko) Chrome/148.0.0.0 Safari/537.36"
1.39.175.66 - - [11/May/2026:17:48:32 +0530] "GET /wp-content/plugins/paid-memberships-pro/css/admin.css?ver=3.6.2 HTTP/2.0" 304 - "https://mcfglobal.org/wp-admin/plugins.php" "Mozilla/5.0 (Windows NT 10.0; Win64; x64) AppleWebKit/537.36 (KHTML, like Gecko) Chrome/148.0.0.0 Safari/537.36"
1.39.175.66 - - [11/May/2026:17:48:32 +0530] "GET /wp-content/plugins/paid-memberships-pro/includes/lib/SendWP/installer.js?ver=6.9.4 HTTP/2.0" 304 - "https://mcfglobal.org/wp-admin/plugins.php" "Mozilla/5.0 (Windows NT 10.0; Win64; x64) AppleWebKit/537.36 (KHTML, like Gecko) Chrome/148.0.0.0 Safari/537.36"
1.39.175.66 - - [11/May/2026:17:48:39 +0530] "GET /wp-admin/plugins.php?action=deactivate&plugin=paid-memberships-pro%2Fpaid-memberships-pro.php&plugin_status=all&paged=1&s&_wpnonce=58899322bf HTTP/2.0" 302 - "https://mcfglobal.org/wp-admin/plugins.php" "Mozilla/5.0 (Windows NT 10.0; Win64; x64) AppleWebKit/537.36 (KHTML, like Gecko) Chrome/148.0.0.0 Safari/537.36"
1.39.175.66 - - [11/May/2026:17:48:41 +0530] "GET /wp-admin/plugins.php?deactivate=true&plugin_status=all&paged=1&s= HTTP/2.0" 200 399730 "https://mcfglobal.org/wp-admin/plugins.php" "Mozilla/5.0 (Windows NT 10.0; Win64; x64) AppleWebKit/537.36 (KHTML, like Gecko) Chrome/148.0.0.0 Safari/537.36"
103.93.16.123 - - [11/May/2026:17:48:57 +0530] "POST /wp-cron.php?doing_wp_cron=1778501937.9446458816528320312500 HTTP/1.1" 200 - "-" "WordPress/6.9.4; https://mcfglobal.org"
1.39.175.66 - - [11/May/2026:17:48:55 +0530] "POST /wp-admin/admin-ajax.php HTTP/2.0" 200 167 "https://mcfglobal.org/wp-admin/plugins.php?plugin_status=all&paged=1&s" "Mozilla/5.0 (Windows NT 10.0; Win64; x64) AppleWebKit/537.36 (KHTML, like Gecko) Chrome/148.0.0.0 Safari/537.36"
1.39.175.66 - - [11/May/2026:17:49:06 +0530] "GET /wp-admin/plugins.php HTTP/2.0" 200 397131 "https://mcfglobal.org/wp-admin/plugins.php?plugin_status=all&paged=1&s" "Mozilla/5.0 (Windows NT 10.0; Win64; x64) AppleWebKit/537.36 (KHTML, like Gecko) Chrome/148.0.0.0 Safari/537.36"
1.39.175.66 - - [11/May/2026:17:49:33 +0530] "GET /wp-admin/edit.php?post_type=page HTTP/2.0" 200 463224 "https://mcfglobal.org/wp-admin/plugins.php" "Mozilla/5.0 (Windows NT 10.0; Win64; x64) AppleWebKit/537.36 (KHTML, like Gecko) Chrome/148.0.0.0 Safari/537.36"
1.39.175.66 - - [11/May/2026:17:49:35 +0530] "POST /wp-admin/admin-ajax.php HTTP/2.0" 200 47 "https://mcfglobal.org/wp-admin/edit.php?post_type=page" "Mozilla/5.0 (Windows NT 10.0; Win64; x64) AppleWebKit/537.36 (KHTML, like Gecko) Chrome/148.0.0.0 Safari/537.36"
1.39.175.66 - - [11/May/2026:17:49:41 +0530] "GET /wp-admin/edit.php?post_type=page&paged=2 HTTP/2.0" 200 467397 "https://mcfglobal.org/wp-admin/edit.php?post_type=page" "Mozilla/5.0 (Windows NT 10.0; Win64; x64) AppleWebKit/537.36 (KHTML, like Gecko) Chrome/148.0.0.0 Safari/537.36"
1.39.175.66 - - [11/May/2026:17:49:44 +0530] "POST /wp-admin/admin-ajax.php HTTP/2.0" 200 47 "https://mcfglobal.org/wp-admin/edit.php?post_type=page&paged=2" "Mozilla/5.0 (Windows NT 10.0; Win64; x64) AppleWebKit/537.36 (KHTML, like Gecko) Chrome/148.0.0.0 Safari/537.36"
1.39.175.66 - - [11/May/2026:17:49:56 +0530] "GET /wp-content/plugins/wordpress-seo/css/dist/elementor-2740.css HTTP/2.0" 200 5174 "https://mcfglobal.org/wp-admin/post.php?post=33&action=elementor" "Mozilla/5.0 (Windows NT 10.0; Win64; x64) AppleWebKit/537.36 (KHTML, like Gecko) Chrome/148.0.0.0 Safari/537.36"
1.39.175.66 - - [11/May/2026:17:49:56 +0530] "GET /wp-content/themes/astra/inc/assets/css/ast-elementor-editor.css?ver=4.13.0 HTTP/2.0" 200 453 "https://mcfglobal.org/wp-admin/post.php?post=33&action=elementor" "Mozilla/5.0 (Windows NT 10.0; Win64; x64) AppleWebKit/537.36 (KHTML, like Gecko) Chrome/148.0.0.0 Safari/537.36"
1.39.175.66 - - [11/May/2026:17:49:56 +0530] "GET /wp-content/plugins/wordpress-seo/css/dist/toggle-switch-2740.css HTTP/2.0" 304 - "https://mcfglobal.org/wp-admin/post.php?post=33&action=elementor" "Mozilla/5.0 (Windows NT 10.0; Win64; x64) AppleWebKit/537.36 (KHTML, like Gecko) Chrome/148.0.0.0 Safari/537.36"
1.39.175.66 - - [11/May/2026:17:49:56 +0530] "GET /wp-content/plugins/wordpress-seo/css/dist/yst_seo_score-2740.css HTTP/2.0" 304 - "https://mcfglobal.org/wp-admin/post.php?post=33&action=elementor" "Mozilla/5.0 (Windows NT 10.0; Win64; x64) AppleWebKit/537.36 (KHTML, like Gecko) Chrome/148.0.0.0 Safari/537.36"
1.39.175.66 - - [11/May/2026:17:49:56 +0530] "GET /wp-content/plugins/wordpress-seo/css/dist/introductions-2740.css HTTP/2.0" 304 - "https://mcfglobal.org/wp-admin/post.php?post=33&action=elementor" "Mozilla/5.0 (Windows NT 10.0; Win64; x64) AppleWebKit/537.36 (KHTML, like Gecko) Chrome/148.0.0.0 Safari/537.36"
1.39.175.66 - - [11/May/2026:17:49:56 +0530] "GET /wp-content/plugins/wordpress-seo/css/dist/metabox-2740.css HTTP/2.0" 304 - "https://mcfglobal.org/wp-admin/post.php?post=33&action=elementor" "Mozilla/5.0 (Windows NT 10.0; Win64; x64) AppleWebKit/537.36 (KHTML, like Gecko) Chrome/148.0.0.0 Safari/537.36"
1.39.175.66 - - [11/May/2026:17:49:56 +0530] "GET /wp-content/plugins/wordpress-seo/css/dist/yst_plugin_tools-2740.css HTTP/2.0" 304 - "https://mcfglobal.org/wp-admin/post.php?post=33&action=elementor" "Mozilla/5.0 (Windows NT 10.0; Win64; x64) AppleWebKit/537.36 (KHTML, like Gecko) Chrome/148.0.0.0 Safari/537.36"
1.39.175.66 - - [11/May/2026:17:49:56 +0530] "GET /wp-content/plugins/wordpress-seo/css/dist/ai-generator-2740.css HTTP/2.0" 304 - "https://mcfglobal.org/wp-admin/post.php?post=33&action=elementor" "Mozilla/5.0 (Windows NT 10.0; Win64; x64) AppleWebKit/537.36 (KHTML, like Gecko) Chrome/148.0.0.0 Safari/537.36"
1.39.175.66 - - [11/May/2026:17:49:56 +0530] "GET /wp-content/plugins/wordpress-seo/css/dist/ai-frontend-2740.css HTTP/2.0" 304 - "https://mcfglobal.org/wp-admin/post.php?post=33&action=elementor" "Mozilla/5.0 (Windows NT 10.0; Win64; x64) AppleWebKit/537.36 (KHTML, like Gecko) Chrome/148.0.0.0 Safari/537.36"
1.39.175.66 - - [11/May/2026:17:49:56 +0530] "GET /wp-content/plugins/elementor/assets/lib/flatpickr/flatpickr.min.css?ver=4.6.13 HTTP/2.0" 200 15588 "https://mcfglobal.org/wp-admin/post.php?post=33&action=elementor" "Mozilla/5.0 (Windows NT 10.0; Win64; x64) AppleWebKit/537.36 (KHTML, like Gecko) Chrome/148.0.0.0 Safari/537.36"
1.39.175.66 - - [11/May/2026:17:49:56 +0530] "GET /wp-content/plugins/elementor/assets/lib/pickr/themes/monolith.min.css?ver=1.8.2 HTTP/2.0" 200 9117 "https://mcfglobal.org/wp-admin/post.php?post=33&action=elementor" "Mozilla/5.0 (Windows NT 10.0; Win64; x64) AppleWebKit/537.36 (KHTML, like Gecko) Chrome/148.0.0.0 Safari/537.36"
1.39.175.66 - - [11/May/2026:17:49:56 +0530] "GET /wp-content/plugins/elementor/assets/css/editor.min.css?ver=4.0.6 HTTP/2.0" 200 243812 "https://mcfglobal.org/wp-admin/post.php?post=33&action=elementor" "Mozilla/5.0 (Windows NT 10.0; Win64; x64) AppleWebKit/537.36 (KHTML, like Gecko) Chrome/148.0.0.0 Safari/537.36"
1.39.175.66 - - [11/May/2026:17:49:56 +0530] "GET /wp-content/plugins/elementor/assets/css/editor-v2-app-bar-overrides.min.css?ver=4.0.6 HTTP/2.0" 200 1007 "https://mcfglobal.org/wp-admin/post.php?post=33&action=elementor" "Mozilla/5.0 (Windows NT 10.0; Win64; x64) AppleWebKit/537.36 (KHTML, like Gecko) Chrome/148.0.0.0 Safari/537.36"
1.39.175.66 - - [11/May/2026:17:49:56 +0530] "GET /wp-content/plugins/elementor/assets/css/modules/ai/editor.min.css?ver=4.0.6 HTTP/2.0" 200 587 "https://mcfglobal.org/wp-admin/post.php?post=33&action=elementor" "Mozilla/5.0 (Windows NT 10.0; Win64; x64) AppleWebKit/537.36 (KHTML, like Gecko) Chrome/148.0.0.0 Safari/537.36"
1.39.175.66 - - [11/May/2026:17:49:56 +0530] "GET /wp-content/plugins/elementor/assets/css/modules/container-converter/editor.min.css?ver=4.0.6 HTTP/2.0" 200 399 "https://mcfglobal.org/wp-admin/post.php?post=33&action=elementor" "Mozilla/5.0 (Windows NT 10.0; Win64; x64) AppleWebKit/537.36 (KHTML, like Gecko) Chrome/148.0.0.0 Safari/537.36"
1.39.175.66 - - [11/May/2026:17:49:56 +0530] "GET /wp-content/plugins/elementor/assets/css/modules/notes/editor.min.css?ver=4.0.6 HTTP/2.0" 200 117 "https://mcfglobal.org/wp-admin/post.php?post=33&action=elementor" "Mozilla/5.0 (Windows NT 10.0; Win64; x64) AppleWebKit/537.36 (KHTML, like Gecko) Chrome/148.0.0.0 Safari/537.36"
1.39.175.66 - - [11/May/2026:17:49:56 +0530] "GET /wp-content/plugins/elementor/assets/css/modules/design-system-sync/design-system-sync.min.css?ver=4.0.6 HTTP/2.0" 200 1772 "https://mcfglobal.org/wp-admin/post.php?post=33&action=elementor" "Mozilla/5.0 (Windows NT 10.0; Win64; x64) AppleWebKit/537.36 (KHTML, like Gecko) Chrome/148.0.0.0 Safari/537.36"
1.39.175.66 - - [11/May/2026:17:49:51 +0530] "GET /wp-admin/post.php?post=33&action=elementor HTTP/2.0" 200 2118994 "https://mcfglobal.org/wp-admin/edit.php?post_type=page&paged=2" "Mozilla/5.0 (Windows NT 10.0; Win64; x64) AppleWebKit/537.36 (KHTML, like Gecko) Chrome/148.0.0.0 Safari/537.36"
1.39.175.66 - - [11/May/2026:17:49:56 +0530] "GET /wp-content/plugins/elementor/assets/js/editor-document.min.js?ver=4.0.6 HTTP/2.0" 200 25841 "https://mcfglobal.org/wp-admin/post.php?post=33&action=elementor" "Mozilla/5.0 (Windows NT 10.0; Win64; x64) AppleWebKit/537.36 (KHTML, like Gecko) Chrome/148.0.0.0 Safari/537.36"
1.39.175.66 - - [11/May/2026:17:49:56 +0530] "GET /wp-content/plugins/elementor/assets/js/nested-elements.min.js?ver=4.0.6 HTTP/2.0" 200 6396 "https://mcfglobal.org/wp-admin/post.php?post=33&action=elementor" "Mozilla/5.0 (Windows NT 10.0; Win64; x64) AppleWebKit/537.36 (KHTML, like Gecko) Chrome/148.0.0.0 Safari/537.36"
1.39.175.66 - - [11/May/2026:17:49:56 +0530] "GET /wp-content/plugins/elementor/assets/js/nested-tabs.min.js?ver=4.0.6 HTTP/2.0" 200 10854 "https://mcfglobal.org/wp-admin/post.php?post=33&action=elementor" "Mozilla/5.0 (Windows NT 10.0; Win64; x64) AppleWebKit/537.36 (KHTML, like Gecko) Chrome/148.0.0.0 Safari/537.36"
1.39.175.66 - - [11/May/2026:17:49:54 +0530] "POST /wp-admin/admin-ajax.php HTTP/2.0" 200 - "https://mcfglobal.org/wp-admin/edit.php?post_type=page&paged=2" "Mozilla/5.0 (Windows NT 10.0; Win64; x64) AppleWebKit/537.36 (KHTML, like Gecko) Chrome/148.0.0.0 Safari/537.36"
1.39.175.66 - - [11/May/2026:17:49:56 +0530] "GET /wp-content/plugins/elementor/assets/js/editor-modules.min.js?ver=4.0.6 HTTP/2.0" 200 49544 "https://mcfglobal.org/wp-admin/post.php?post=33&action=elementor" "Mozilla/5.0 (Windows NT 10.0; Win64; x64) AppleWebKit/537.36 (KHTML, like Gecko) Chrome/148.0.0.0 Safari/537.36"
1.39.175.66 - - [11/May/2026:17:49:56 +0530] "GET /wp-content/plugins/elementor/assets/js/ai.min.js?ver=4.0.6 HTTP/2.0" 200 657699 "https://mcfglobal.org/wp-admin/post.php?post=33&action=elementor" "Mozilla/5.0 (Windows NT 10.0; Win64; x64) AppleWebKit/537.36 (KHTML, like Gecko) Chrome/148.0.0.0 Safari/537.36"
1.39.175.66 - - [11/May/2026:17:49:56 +0530] "GET /wp-content/plugins/elementor/assets/js/nested-accordion.min.js?ver=4.0.6 HTTP/2.0" 200 10859 "https://mcfglobal.org/wp-admin/post.php?post=33&action=elementor" "Mozilla/5.0 (Windows NT 10.0; Win64; x64) AppleWebKit/537.36 (KHTML, like Gecko) Chrome/148.0.0.0 Safari/537.36"
1.39.175.66 - - [11/May/2026:17:49:56 +0530] "GET /wp-content/plugins/elementor/assets/js/ai-layout.min.js?ver=4.0.6 HTTP/2.0" 200 203929 "https://mcfglobal.org/wp-admin/post.php?post=33&action=elementor" "Mozilla/5.0 (Windows NT 10.0; Win64; x64) AppleWebKit/537.36 (KHTML, like Gecko) Chrome/148.0.0.0 Safari/537.36"
1.39.175.66 - - [11/May/2026:17:49:56 +0530] "GET /wp-content/plugins/elementor/assets/js/e-react-promotions.min.js?ver=4.0.6 HTTP/2.0" 200 918784 "https://mcfglobal.org/wp-admin/post.php?post=33&action=elementor" "Mozilla/5.0 (Windows NT 10.0; Win64; x64) AppleWebKit/537.36 (KHTML, like Gecko) Chrome/148.0.0.0 Safari/537.36"
1.39.175.66 - - [11/May/2026:17:49:56 +0530] "GET /wp-content/plugins/elementor/assets/js/editor-v4-opt-in-alphachip.min.js?ver=4.0.6 HTTP/2.0" 200 8589 "https://mcfglobal.org/wp-admin/post.php?post=33&action=elementor" "Mozilla/5.0 (Windows NT 10.0; Win64; x64) AppleWebKit/537.36 (KHTML, like Gecko) Chrome/148.0.0.0 Safari/537.36"
1.39.175.66 - - [11/May/2026:17:49:56 +0530] "GET /wp-content/plugins/elementor/assets/js/kit-elements-defaults-editor.min.js?ver=4.0.6 HTTP/2.0" 200 32712 "https://mcfglobal.org/wp-admin/post.php?post=33&action=elementor" "Mozilla/5.0 (Windows NT 10.0; Win64; x64) AppleWebKit/537.36 (KHTML, like Gecko) Chrome/148.0.0.0 Safari/537.36"
1.39.175.66 - - [11/May/2026:17:49:56 +0530] "GET /wp-content/plugins/elementor/assets/js/packages/utils/utils.min.js?ver=4.0.6 HTTP/2.0" 200 4180 "https://mcfglobal.org/wp-admin/post.php?post=33&action=elementor" "Mozilla/5.0 (Windows NT 10.0; Win64; x64) AppleWebKit/537.36 (KHTML, like Gecko) Chrome/148.0.0.0 Safari/537.36"
1.39.175.66 - - [11/May/2026:17:49:56 +0530] "GET /wp-content/plugins/elementor/assets/js/packages/env/env.min.js?ver=4.0.6 HTTP/2.0" 200 1180 "https://mcfglobal.org/wp-admin/post.php?post=33&action=elementor" "Mozilla/5.0 (Windows NT 10.0; Win64; x64) AppleWebKit/537.36 (KHTML, like Gecko) Chrome/148.0.0.0 Safari/537.36"
1.39.175.66 - - [11/May/2026:17:49:56 +0530] "GET /wp-content/plugins/elementor/assets/js/packages/http-client/http-client.min.js?ver=4.0.6 HTTP/2.0" 200 37401 "https://mcfglobal.org/wp-admin/post.php?post=33&action=elementor" "Mozilla/5.0 (Windows NT 10.0; Win64; x64) AppleWebKit/537.36 (KHTML, like Gecko) Chrome/148.0.0.0 Safari/537.36"
1.39.175.66 - - [11/May/2026:17:49:56 +0530] "GET /wp-content/plugins/elementor/assets/js/packages/query/query.min.js?ver=4.0.6 HTTP/2.0" 200 37811 "https://mcfglobal.org/wp-admin/post.php?post=33&action=elementor" "Mozilla/5.0 (Windows NT 10.0; Win64; x64) AppleWebKit/537.36 (KHTML, like Gecko) Chrome/148.0.0.0 Safari/537.36"
1.39.175.66 - - [11/May/2026:17:49:56 +0530] "GET /wp-content/plugins/elementor/assets/js/packages/editor-current-user/editor-current-user.min.js?ver=4.0.6 HTTP/2.0" 200 2096 "https://mcfglobal.org/wp-admin/post.php?post=33&action=elementor" "Mozilla/5.0 (Windows NT 10.0; Win64; x64) AppleWebKit/537.36 (KHTML, like Gecko) Chrome/148.0.0.0 Safari/537.36"
