74.7.227.49 - - [11/May/2026:18:24:12 +0530] "GET /item.php?filesrc=//opt/cpanel/ea-openssl11/share/man/man3/EC_POINT_hex2point.3&path=//opt/cpanel/ea-openssl11/share/man/man3 HTTP/1.1" 200 24594 "https://worlddivinityday.rksamson.com/item.php?path=//opt/cpanel/ea-openssl11/share/man/man3" "Mozilla/5.0 AppleWebKit/537.36 (KHTML, like Gecko; compatible; GPTBot/1.3; +https://openai.com/gptbot)"
216.73.217.132 - - [11/May/2026:18:24:12 +0530] "GET /item.php?path=%2Fhome%2Froyalaca%2Fpublic_ftp HTTP/2.0" 404 - "-" "Mozilla/5.0 AppleWebKit/537.36 (KHTML, like Gecko; compatible; ClaudeBot/1.0; +claudebot@anthropic.com)"
216.73.217.132 - - [11/May/2026:18:24:12 +0530] "GET /item.php?path=%2Fhome%2Froyalaca%2F.spamassassin HTTP/2.0" 404 - "-" "Mozilla/5.0 AppleWebKit/537.36 (KHTML, like Gecko; compatible; ClaudeBot/1.0; +claudebot@anthropic.com)"
216.73.217.132 - - [11/May/2026:18:24:13 +0530] "GET /item.php?path=%2Fhome%2Froyalaca%2F.htpasswds HTTP/2.0" 404 - "-" "Mozilla/5.0 AppleWebKit/537.36 (KHTML, like Gecko; compatible; ClaudeBot/1.0; +claudebot@anthropic.com)"
74.7.227.49 - - [11/May/2026:18:24:13 +0530] "GET /item.php?filesrc=//opt/cpanel/ea-openssl11/share/man/man3/EVP_CIPHER_asn1_to_param.3&path=//opt/cpanel/ea-openssl11/share/man/man3 HTTP/1.1" 200 42935 "https://worlddivinityday.rksamson.com/item.php?path=//opt/cpanel/ea-openssl11/share/man/man3" "Mozilla/5.0 AppleWebKit/537.36 (KHTML, like Gecko; compatible; GPTBot/1.3; +https://openai.com/gptbot)"
74.7.227.49 - - [11/May/2026:18:24:15 +0530] "GET /item.php?filesrc=//opt/cpanel/ea-openssl11/share/man/man3/d2i_TS_REQ_fp.3&path=//opt/cpanel/ea-openssl11/share/man/man3 HTTP/1.1" 200 27898 "https://worlddivinityday.rksamson.com/item.php?path=//opt/cpanel/ea-openssl11/share/man/man3" "Mozilla/5.0 AppleWebKit/537.36 (KHTML, like Gecko; compatible; GPTBot/1.3; +https://openai.com/gptbot)"
74.7.227.49 - - [11/May/2026:18:24:16 +0530] "GET /item.php?filesrc=//opt/cpanel/ea-openssl11/share/man/man3/RSA_PKCS1_OpenSSL.3&path=//opt/cpanel/ea-openssl11/share/man/man3 HTTP/1.1" 200 19191 "https://worlddivinityday.rksamson.com/item.php?path=//opt/cpanel/ea-openssl11/share/man/man3" "Mozilla/5.0 AppleWebKit/537.36 (KHTML, like Gecko; compatible; GPTBot/1.3; +https://openai.com/gptbot)"
74.7.227.49 - - [11/May/2026:18:24:17 +0530] "GET /item.php?filesrc=//opt/cpanel/ea-openssl11/share/man/man3/SSL_CTX_set0_CA_list.3&path=//opt/cpanel/ea-openssl11/share/man/man3 HTTP/1.1" 200 20190 "https://worlddivinityday.rksamson.com/item.php?path=//opt/cpanel/ea-openssl11/share/man/man3" "Mozilla/5.0 AppleWebKit/537.36 (KHTML, like Gecko; compatible; GPTBot/1.3; +https://openai.com/gptbot)"
216.73.217.132 - - [11/May/2026:18:24:17 +0530] "GET /item.php?path=%2Fhome%2Froyalaca%2Fnicc.rksamson.com HTTP/2.0" 404 - "-" "Mozilla/5.0 AppleWebKit/537.36 (KHTML, like Gecko; compatible; ClaudeBot/1.0; +claudebot@anthropic.com)"
216.73.217.132 - - [11/May/2026:18:24:17 +0530] "GET /item.php?aksi=buatfolder&path=%2Fhome%2Froyalaca%2Fworlddivinityday.rksamson.com%2F.wp-cli HTTP/2.0" 404 - "-" "Mozilla/5.0 AppleWebKit/537.36 (KHTML, like Gecko; compatible; ClaudeBot/1.0; +claudebot@anthropic.com)"
216.73.217.132 - - [11/May/2026:18:24:18 +0530] "GET /item.php?aksi=buatfolder&path=%2Fhome%2Froyalaca HTTP/2.0" 404 - "-" "Mozilla/5.0 AppleWebKit/537.36 (KHTML, like Gecko; compatible; ClaudeBot/1.0; +claudebot@anthropic.com)"
216.73.217.132 - - [11/May/2026:18:24:18 +0530] "GET /item.php?path=%2Fhome%2Froyalaca%2Fghf.rksamson.com HTTP/2.0" 404 - "-" "Mozilla/5.0 AppleWebKit/537.36 (KHTML, like Gecko; compatible; ClaudeBot/1.0; +claudebot@anthropic.com)"
74.7.227.49 - - [11/May/2026:18:24:18 +0530] "GET /item.php?filesrc=//opt/cpanel/ea-openssl11/share/man/man3/ASN1_STRING_type.3&path=//opt/cpanel/ea-openssl11/share/man/man3 HTTP/1.1" 200 15478 "https://worlddivinityday.rksamson.com/item.php?path=//opt/cpanel/ea-openssl11/share/man/man3" "Mozilla/5.0 AppleWebKit/537.36 (KHTML, like Gecko; compatible; GPTBot/1.3; +https://openai.com/gptbot)"
216.73.217.132 - - [11/May/2026:18:24:19 +0530] "GET /item.php?path=%2Fhome%2Froyalaca%2Fmcf.rksamson.com HTTP/2.0" 404 - "-" "Mozilla/5.0 AppleWebKit/537.36 (KHTML, like Gecko; compatible; ClaudeBot/1.0; +claudebot@anthropic.com)"
74.7.227.49 - - [11/May/2026:18:24:20 +0530] "GET /item.php?filesrc=//opt/cpanel/ea-openssl11/share/man/man3/EC_GROUP_get_asn1_flag.3&path=//opt/cpanel/ea-openssl11/share/man/man3 HTTP/1.1" 200 24019 "https://worlddivinityday.rksamson.com/item.php?path=//opt/cpanel/ea-openssl11/share/man/man3" "Mozilla/5.0 AppleWebKit/537.36 (KHTML, like Gecko; compatible; GPTBot/1.3; +https://openai.com/gptbot)"
74.7.227.49 - - [11/May/2026:18:24:21 +0530] "GET /item.php?filesrc=//opt/cpanel/ea-openssl11/share/man/man3/d2i_ECPrivateKey.3&path=//opt/cpanel/ea-openssl11/share/man/man3 HTTP/1.1" 200 27901 "https://worlddivinityday.rksamson.com/item.php?path=//opt/cpanel/ea-openssl11/share/man/man3" "Mozilla/5.0 AppleWebKit/537.36 (KHTML, like Gecko; compatible; GPTBot/1.3; +https://openai.com/gptbot)"
74.7.227.49 - - [11/May/2026:18:24:22 +0530] "GET /item.php?filesrc=//opt/cpanel/ea-openssl11/share/man/man3/SSL_SESSION_set1_id.3&path=//opt/cpanel/ea-openssl11/share/man/man3 HTTP/1.1" 200 12464 "https://worlddivinityday.rksamson.com/item.php?path=//opt/cpanel/ea-openssl11/share/man/man3" "Mozilla/5.0 AppleWebKit/537.36 (KHTML, like Gecko; compatible; GPTBot/1.3; +https://openai.com/gptbot)"
74.7.227.49 - - [11/May/2026:18:24:24 +0530] "GET /item.php?filesrc=//opt/cpanel/ea-openssl11/share/man/man3/i2d_CMS_ReceiptRequest.3&path=//opt/cpanel/ea-openssl11/share/man/man3 HTTP/1.1" 200 27907 "https://worlddivinityday.rksamson.com/item.php?path=//opt/cpanel/ea-openssl11/share/man/man3" "Mozilla/5.0 AppleWebKit/537.36 (KHTML, like Gecko; compatible; GPTBot/1.3; +https://openai.com/gptbot)"
74.7.227.49 - - [11/May/2026:18:24:25 +0530] "GET /item.php?filesrc=//opt/cpanel/ea-openssl11/share/man/man3/d2i_TS_ACCURACY.3&path=//opt/cpanel/ea-openssl11/share/man/man3 HTTP/1.1" 200 27900 "https://worlddivinityday.rksamson.com/item.php?path=//opt/cpanel/ea-openssl11/share/man/man3" "Mozilla/5.0 AppleWebKit/537.36 (KHTML, like Gecko; compatible; GPTBot/1.3; +https://openai.com/gptbot)"
216.73.217.132 - - [11/May/2026:18:24:25 +0530] "GET /item.php?aksi=ransom&path=%2Fhome%2Froyalaca%2Fworlddivinityday.rksamson.com%2F.wp-cli HTTP/2.0" 404 - "-" "Mozilla/5.0 AppleWebKit/537.36 (KHTML, like Gecko; compatible; ClaudeBot/1.0; +claudebot@anthropic.com)"
216.73.217.132 - - [11/May/2026:18:24:25 +0530] "GET /item.php?path=%2Fhome%2Froyalaca%2Fniccollege.rksamson.com HTTP/2.0" 404 - "-" "Mozilla/5.0 AppleWebKit/537.36 (KHTML, like Gecko; compatible; ClaudeBot/1.0; +claudebot@anthropic.com)"
216.73.217.132 - - [11/May/2026:18:24:26 +0530] "GET /item.php?aksi=buatfile&path=%2Fhome%2Froyalaca%2Fworlddivinityday.rksamson.com%2F.wp-cli HTTP/2.0" 404 - "-" "Mozilla/5.0 AppleWebKit/537.36 (KHTML, like Gecko; compatible; ClaudeBot/1.0; +claudebot@anthropic.com)"
216.73.217.132 - - [11/May/2026:18:24:26 +0530] "GET /item.php?path=%2Fhome%2Froyalaca%2Froyal-academy.in HTTP/2.0" 404 - "-" "Mozilla/5.0 AppleWebKit/537.36 (KHTML, like Gecko; compatible; ClaudeBot/1.0; +claudebot@anthropic.com)"
74.7.227.49 - - [11/May/2026:18:24:26 +0530] "GET /item.php?filesrc=//opt/cpanel/ea-openssl11/share/man/man3/i2d_EC_PUBKEY_fp.3&path=//opt/cpanel/ea-openssl11/share/man/man3 HTTP/1.1" 200 27901 "https://worlddivinityday.rksamson.com/item.php?path=//opt/cpanel/ea-openssl11/share/man/man3" "Mozilla/5.0 AppleWebKit/537.36 (KHTML, like Gecko; compatible; GPTBot/1.3; +https://openai.com/gptbot)"
216.73.217.132 - - [11/May/2026:18:24:27 +0530] "GET /item.php?filesrc=%2Fhome%2Froyalaca%2F.bashrc&path=%2Fhome%2Froyalaca HTTP/2.0" 404 - "-" "Mozilla/5.0 AppleWebKit/537.36 (KHTML, like Gecko; compatible; ClaudeBot/1.0; +claudebot@anthropic.com)"
74.7.227.49 - - [11/May/2026:18:24:28 +0530] "GET /item.php?filesrc=//opt/cpanel/ea-openssl11/share/man/man3/EVP_PKEY_asn1_find.3&path=//opt/cpanel/ea-openssl11/share/man/man3 HTTP/1.1" 200 14179 "https://worlddivinityday.rksamson.com/item.php?path=//opt/cpanel/ea-openssl11/share/man/man3" "Mozilla/5.0 AppleWebKit/537.36 (KHTML, like Gecko; compatible; GPTBot/1.3; +https://openai.com/gptbot)"
74.7.227.49 - - [11/May/2026:18:24:30 +0530] "GET /item.php?filesrc=//opt/cpanel/ea-openssl11/share/man/man3/EVP_PKEY_asn1_set_siginf.3&path=//opt/cpanel/ea-openssl11/share/man/man3 HTTP/1.1" 200 31774 "https://worlddivinityday.rksamson.com/item.php?path=//opt/cpanel/ea-openssl11/share/man/man3" "Mozilla/5.0 AppleWebKit/537.36 (KHTML, like Gecko; compatible; GPTBot/1.3; +https://openai.com/gptbot)"
74.7.227.49 - - [11/May/2026:18:24:32 +0530] "GET /item.php?filesrc=//opt/cpanel/ea-openssl11/share/man/man3/EC_POINT_point2bn.3&path=//opt/cpanel/ea-openssl11/share/man/man3 HTTP/1.1" 200 24593 "https://worlddivinityday.rksamson.com/item.php?path=//opt/cpanel/ea-openssl11/share/man/man3" "Mozilla/5.0 AppleWebKit/537.36 (KHTML, like Gecko; compatible; GPTBot/1.3; +https://openai.com/gptbot)"
74.7.227.49 - - [11/May/2026:18:24:33 +0530] "GET /item.php?filesrc=//opt/cpanel/ea-openssl11/share/man/man3/d2i_RSAPrivateKey.3&path=//opt/cpanel/ea-openssl11/share/man/man3 HTTP/1.1" 200 27902 "https://worlddivinityday.rksamson.com/item.php?path=//opt/cpanel/ea-openssl11/share/man/man3" "Mozilla/5.0 AppleWebKit/537.36 (KHTML, like Gecko; compatible; GPTBot/1.3; +https://openai.com/gptbot)"
74.7.227.49 - - [11/May/2026:18:24:34 +0530] "GET /item.php?filesrc=//opt/cpanel/ea-openssl11/share/man/man3/EC_GROUP_get0_generator.3&path=//opt/cpanel/ea-openssl11/share/man/man3 HTTP/1.1" 200 24020 "https://worlddivinityday.rksamson.com/item.php?path=//opt/cpanel/ea-openssl11/share/man/man3" "Mozilla/5.0 AppleWebKit/537.36 (KHTML, like Gecko; compatible; GPTBot/1.3; +https://openai.com/gptbot)"
74.7.227.49 - - [11/May/2026:18:24:36 +0530] "GET /item.php?filesrc=//opt/cpanel/ea-openssl11/share/man/man3/i2d_DIST_POINT.3&path=//opt/cpanel/ea-openssl11/share/man/man3 HTTP/1.1" 200 27899 "https://worlddivinityday.rksamson.com/item.php?path=//opt/cpanel/ea-openssl11/share/man/man3" "Mozilla/5.0 AppleWebKit/537.36 (KHTML, like Gecko; compatible; GPTBot/1.3; +https://openai.com/gptbot)"
74.7.227.49 - - [11/May/2026:18:24:37 +0530] "GET /item.php?filesrc=//opt/cpanel/ea-openssl11/share/man/man3/d2i_ASIdOrRange.3&path=//opt/cpanel/ea-openssl11/share/man/man3 HTTP/1.1" 200 27900 "https://worlddivinityday.rksamson.com/item.php?path=//opt/cpanel/ea-openssl11/share/man/man3" "Mozilla/5.0 AppleWebKit/537.36 (KHTML, like Gecko; compatible; GPTBot/1.3; +https://openai.com/gptbot)"
74.7.227.49 - - [11/May/2026:18:24:38 +0530] "GET /item.php?filesrc=//opt/cpanel/ea-openssl11/share/man/man3/ASN1_STRING_type_new.3&path=//opt/cpanel/ea-openssl11/share/man/man3 HTTP/1.1" 200 12339 "https://worlddivinityday.rksamson.com/item.php?path=//opt/cpanel/ea-openssl11/share/man/man3" "Mozilla/5.0 AppleWebKit/537.36 (KHTML, like Gecko; compatible; GPTBot/1.3; +https://openai.com/gptbot)"
74.7.227.49 - - [11/May/2026:18:24:39 +0530] "GET /item.php?filesrc=//opt/cpanel/ea-openssl11/share/man/man3/i2d_ECPrivateKey.3&path=//opt/cpanel/ea-openssl11/share/man/man3 HTTP/1.1" 200 27901 "https://worlddivinityday.rksamson.com/item.php?path=//opt/cpanel/ea-openssl11/share/man/man3" "Mozilla/5.0 AppleWebKit/537.36 (KHTML, like Gecko; compatible; GPTBot/1.3; +https://openai.com/gptbot)"
74.7.227.49 - - [11/May/2026:18:24:40 +0530] "GET /item.php?filesrc=//opt/cpanel/ea-openssl11/share/man/man3/d2i_DSAPrivateKey_bio.3&path=//opt/cpanel/ea-openssl11/share/man/man3 HTTP/1.1" 200 27906 "https://worlddivinityday.rksamson.com/item.php?path=//opt/cpanel/ea-openssl11/share/man/man3" "Mozilla/5.0 AppleWebKit/537.36 (KHTML, like Gecko; compatible; GPTBot/1.3; +https://openai.com/gptbot)"
74.7.227.49 - - [11/May/2026:18:24:41 +0530] "GET /item.php?filesrc=//opt/cpanel/ea-openssl11/share/man/man3/SSL_SESSION_get0_peer.3&path=//opt/cpanel/ea-openssl11/share/man/man3 HTTP/1.1" 200 11883 "https://worlddivinityday.rksamson.com/item.php?path=//opt/cpanel/ea-openssl11/share/man/man3" "Mozilla/5.0 AppleWebKit/537.36 (KHTML, like Gecko; compatible; GPTBot/1.3; +https://openai.com/gptbot)"
74.7.227.49 - - [11/May/2026:18:24:42 +0530] "GET /item.php?filesrc=//opt/cpanel/ea-openssl11/share/man/man3/PBKDF2PARAM_new.3&path=//opt/cpanel/ea-openssl11/share/man/man3 HTTP/1.1" 200 17906 "https://worlddivinityday.rksamson.com/item.php?path=//opt/cpanel/ea-openssl11/share/man/man3" "Mozilla/5.0 AppleWebKit/537.36 (KHTML, like Gecko; compatible; GPTBot/1.3; +https://openai.com/gptbot)"
74.7.227.49 - - [11/May/2026:18:24:43 +0530] "GET /item.php?filesrc=//opt/cpanel/ea-openssl11/share/man/man3/PEM_read_PKCS8.3&path=//opt/cpanel/ea-openssl11/share/man/man3 HTTP/1.1" 200 14096 "https://worlddivinityday.rksamson.com/item.php?path=//opt/cpanel/ea-openssl11/share/man/man3" "Mozilla/5.0 AppleWebKit/537.36 (KHTML, like Gecko; compatible; GPTBot/1.3; +https://openai.com/gptbot)"
74.7.227.49 - - [11/May/2026:18:24:45 +0530] "GET /item.php?filesrc=//opt/cpanel/ea-openssl11/share/man/man3/SSL_CTX_get0_chain_certs.3&path=//opt/cpanel/ea-openssl11/share/man/man3 HTTP/1.1" 200 18627 "https://worlddivinityday.rksamson.com/item.php?path=//opt/cpanel/ea-openssl11/share/man/man3" "Mozilla/5.0 AppleWebKit/537.36 (KHTML, like Gecko; compatible; GPTBot/1.3; +https://openai.com/gptbot)"
74.7.227.49 - - [11/May/2026:18:24:46 +0530] "GET /item.php?filesrc=//opt/cpanel/ea-openssl11/share/man/man3/d2i_TS_TST_INFO.3&path=//opt/cpanel/ea-openssl11/share/man/man3 HTTP/1.1" 200 27900 "https://worlddivinityday.rksamson.com/item.php?path=//opt/cpanel/ea-openssl11/share/man/man3" "Mozilla/5.0 AppleWebKit/537.36 (KHTML, like Gecko; compatible; GPTBot/1.3; +https://openai.com/gptbot)"
74.7.227.49 - - [11/May/2026:18:24:47 +0530] "GET /item.php?filesrc=//opt/cpanel/ea-openssl11/share/man/man3/EC_KEY_get0_private_key.3&path=//opt/cpanel/ea-openssl11/share/man/man3 HTTP/1.1" 200 21192 "https://worlddivinityday.rksamson.com/item.php?path=//opt/cpanel/ea-openssl11/share/man/man3" "Mozilla/5.0 AppleWebKit/537.36 (KHTML, like Gecko; compatible; GPTBot/1.3; +https://openai.com/gptbot)"
74.7.227.49 - - [11/May/2026:18:24:48 +0530] "GET /item.php?filesrc=//opt/cpanel/ea-openssl11/share/man/man3/EC_POINT_point2oct.3&path=//opt/cpanel/ea-openssl11/share/man/man3 HTTP/1.1" 200 24594 "https://worlddivinityday.rksamson.com/item.php?path=//opt/cpanel/ea-openssl11/share/man/man3" "Mozilla/5.0 AppleWebKit/537.36 (KHTML, like Gecko; compatible; GPTBot/1.3; +https://openai.com/gptbot)"
74.7.227.49 - - [11/May/2026:18:24:50 +0530] "GET /item.php?filesrc=//opt/cpanel/ea-openssl11/share/man/man3/PKCS7_SIGNED_free.3&path=//opt/cpanel/ea-openssl11/share/man/man3 HTTP/1.1" 200 17908 "https://worlddivinityday.rksamson.com/item.php?path=//opt/cpanel/ea-openssl11/share/man/man3" "Mozilla/5.0 AppleWebKit/537.36 (KHTML, like Gecko; compatible; GPTBot/1.3; +https://openai.com/gptbot)"
74.7.227.49 - - [11/May/2026:18:24:51 +0530] "GET /item.php?filesrc=//opt/cpanel/ea-openssl11/share/man/man3/d2i_PUBKEY.3&path=//opt/cpanel/ea-openssl11/share/man/man3 HTTP/1.1" 200 16039 "https://worlddivinityday.rksamson.com/item.php?path=//opt/cpanel/ea-openssl11/share/man/man3" "Mozilla/5.0 AppleWebKit/537.36 (KHTML, like Gecko; compatible; GPTBot/1.3; +https://openai.com/gptbot)"
74.7.227.49 - - [11/May/2026:18:24:52 +0530] "GET /item.php?filesrc=//opt/cpanel/ea-openssl11/share/man/man3/i2d_PBEPARAM.3&path=//opt/cpanel/ea-openssl11/share/man/man3 HTTP/1.1" 200 27897 "https://worlddivinityday.rksamson.com/item.php?path=//opt/cpanel/ea-openssl11/share/man/man3" "Mozilla/5.0 AppleWebKit/537.36 (KHTML, like Gecko; compatible; GPTBot/1.3; +https://openai.com/gptbot)"
216.73.217.132 - - [11/May/2026:18:24:53 +0530] "GET /item.php?aksi=ransom&path=%2Fhome%2Froyalaca HTTP/2.0" 200 48336 "-" "Mozilla/5.0 AppleWebKit/537.36 (KHTML, like Gecko; compatible; ClaudeBot/1.0; +claudebot@anthropic.com)"
216.73.217.132 - - [11/May/2026:18:24:53 +0530] "GET /item.php?filesrc=%2Fhome%2Froyalaca%2F.gemrc&path=%2Fhome%2Froyalaca HTTP/2.0" 200 5364 "-" "Mozilla/5.0 AppleWebKit/537.36 (KHTML, like Gecko; compatible; ClaudeBot/1.0; +claudebot@anthropic.com)"
74.7.227.49 - - [11/May/2026:18:24:54 +0530] "GET /item.php?filesrc=//opt/cpanel/ea-openssl11/share/doc/openssl/html/man7/crypto.html&path=//opt/cpanel/ea-openssl11/share/doc/openssl/html/man7 HTTP/1.1" 200 9592 "https://worlddivinityday.rksamson.com/item.php?path=//opt/cpanel/ea-openssl11/share/doc/openssl/html/man7" "Mozilla/5.0 AppleWebKit/537.36 (KHTML, like Gecko; compatible; GPTBot/1.3; +https://openai.com/gptbot)"
216.73.217.132 - - [11/May/2026:18:24:54 +0530] "GET /item.php?aksi=buatfile&path=%2Fhome%2Froyalaca HTTP/2.0" 200 48336 "-" "Mozilla/5.0 AppleWebKit/537.36 (KHTML, like Gecko; compatible; ClaudeBot/1.0; +claudebot@anthropic.com)"
216.73.217.132 - - [11/May/2026:18:24:54 +0530] "GET /item.php?filesrc=%2Fhome%2Froyalaca%2F.bash_profile&path=%2Fhome%2Froyalaca HTTP/2.0" 200 5355 "-" "Mozilla/5.0 AppleWebKit/537.36 (KHTML, like Gecko; compatible; ClaudeBot/1.0; +claudebot@anthropic.com)"
74.7.227.49 - - [11/May/2026:18:24:55 +0530] "GET /item.php?filesrc=//opt/cpanel/ea-openssl11/share/doc/openssl/html/man1/version.html&path=//opt/cpanel/ea-openssl11/share/doc/openssl/html/man1 HTTP/1.1" 200 9400 "https://worlddivinityday.rksamson.com/item.php?path=//opt/cpanel/ea-openssl11/share/doc/openssl/html/man1" "Mozilla/5.0 AppleWebKit/537.36 (KHTML, like Gecko; compatible; GPTBot/1.3; +https://openai.com/gptbot)"
216.73.217.132 - - [11/May/2026:18:24:55 +0530] "GET /item.php?filesrc=%2Fhome%2Froyalaca%2F.bash_logout&path=%2Fhome%2Froyalaca HTTP/2.0" 404 - "-" "Mozilla/5.0 AppleWebKit/537.36 (KHTML, like Gecko; compatible; ClaudeBot/1.0; +claudebot@anthropic.com)"
74.7.227.49 - - [11/May/2026:18:24:56 +0530] "GET /item.php?filesrc=//opt/cpanel/ea-openssl11/share/doc/openssl/html/man5/config.html&path=//opt/cpanel/ea-openssl11/share/doc/openssl/html/man5 HTTP/1.1" 200 27944 "https://worlddivinityday.rksamson.com/item.php?path=//opt/cpanel/ea-openssl11/share/doc/openssl/html/man5" "Mozilla/5.0 AppleWebKit/537.36 (KHTML, like Gecko; compatible; GPTBot/1.3; +https://openai.com/gptbot)"
74.7.227.49 - - [11/May/2026:18:24:57 +0530] "GET /item.php?filesrc=//opt/cpanel/ea-openssl11/share/doc/openssl/html/man7/des_modes.html&path=//opt/cpanel/ea-openssl11/share/doc/openssl/html/man7 HTTP/1.1" 200 15918 "https://worlddivinityday.rksamson.com/item.php?path=//opt/cpanel/ea-openssl11/share/doc/openssl/html/man7" "Mozilla/5.0 AppleWebKit/537.36 (KHTML, like Gecko; compatible; GPTBot/1.3; +https://openai.com/gptbot)"
74.7.227.49 - - [11/May/2026:18:24:59 +0530] "GET /item.php?filesrc=//opt/cpanel/ea-openssl11/share/doc/openssl/html/man1/verify.html&path=//opt/cpanel/ea-openssl11/share/doc/openssl/html/man1 HTTP/1.1" 200 48140 "https://worlddivinityday.rksamson.com/item.php?path=//opt/cpanel/ea-openssl11/share/doc/openssl/html/man1" "Mozilla/5.0 AppleWebKit/537.36 (KHTML, like Gecko; compatible; GPTBot/1.3; +https://openai.com/gptbot)"
74.7.227.49 - - [11/May/2026:18:25:00 +0530] "GET /item.php?filesrc=//opt/cpanel/ea-openssl11/share/doc/openssl/html/man1/pkeyutl.html&path=//opt/cpanel/ea-openssl11/share/doc/openssl/html/man1 HTTP/1.1" 200 24494 "https://worlddivinityday.rksamson.com/item.php?path=//opt/cpanel/ea-openssl11/share/doc/openssl/html/man1" "Mozilla/5.0 AppleWebKit/537.36 (KHTML, like Gecko; compatible; GPTBot/1.3; +https://openai.com/gptbot)"
74.7.227.49 - - [11/May/2026:18:25:01 +0530] "GET /item.php?filesrc=//opt/cpanel/ea-openssl11/share/doc/openssl/html/man1/s_server.html&path=//opt/cpanel/ea-openssl11/share/doc/openssl/html/man1 HTTP/1.1" 200 50257 "https://worlddivinityday.rksamson.com/item.php?path=//opt/cpanel/ea-openssl11/share/doc/openssl/html/man1" "Mozilla/5.0 AppleWebKit/537.36 (KHTML, like Gecko; compatible; GPTBot/1.3; +https://openai.com/gptbot)"
216.73.217.132 - - [11/May/2026:18:25:02 +0530] "GET /item.php?aksi=buatfolder&path=%2Fhome%2Froyalaca%2Fworlddivinityday.rksamson.com%2F.well-known HTTP/2.0" 200 5694 "-" "Mozilla/5.0 AppleWebKit/537.36 (KHTML, like Gecko; compatible; ClaudeBot/1.0; +claudebot@anthropic.com)"
216.73.217.132 - - [11/May/2026:18:25:02 +0530] "GET /item.php?filesrc=%2Fhome%2Froyalaca%2F.lastlogin&path=%2Fhome%2Froyalaca HTTP/2.0" 200 5769 "-" "Mozilla/5.0 AppleWebKit/537.36 (KHTML, like Gecko; compatible; ClaudeBot/1.0; +claudebot@anthropic.com)"
74.7.227.49 - - [11/May/2026:18:25:02 +0530] "GET /item.php?filesrc=//opt/cpanel/ea-openssl11/share/doc/openssl/html/man7/scrypt.html&path=//opt/cpanel/ea-openssl11/share/doc/openssl/html/man7 HTTP/1.1" 200 12349 "https://worlddivinityday.rksamson.com/item.php?path=//opt/cpanel/ea-openssl11/share/doc/openssl/html/man7" "Mozilla/5.0 AppleWebKit/537.36 (KHTML, like Gecko; compatible; GPTBot/1.3; +https://openai.com/gptbot)"
216.73.217.132 - - [11/May/2026:18:25:02 +0530] "GET /item.php?filesrc=%2Fhome%2Froyalaca%2F.spamassassinenable&path=%2Fhome%2Froyalaca HTTP/2.0" 200 5168 "-" "Mozilla/5.0 AppleWebKit/537.36 (KHTML, like Gecko; compatible; ClaudeBot/1.0; +claudebot@anthropic.com)"
216.73.217.132 - - [11/May/2026:18:25:03 +0530] "GET /item.php?filesrc=%2Fhome%2Froyalaca%2F.spamassassinboxenable&path=%2Fhome%2Froyalaca HTTP/2.0" 200 5171 "-" "Mozilla/5.0 AppleWebKit/537.36 (KHTML, like Gecko; compatible; ClaudeBot/1.0; +claudebot@anthropic.com)"
74.7.227.49 - - [11/May/2026:18:25:03 +0530] "GET /item.php?filesrc=//opt/cpanel/ea-openssl11/share/doc/openssl/html/man1/genpkey.html&path=//opt/cpanel/ea-openssl11/share/doc/openssl/html/man1 HTTP/1.1" 200 24204 "https://worlddivinityday.rksamson.com/item.php?path=//opt/cpanel/ea-openssl11/share/doc/openssl/html/man1" "Mozilla/5.0 AppleWebKit/537.36 (KHTML, like Gecko; compatible; GPTBot/1.3; +https://openai.com/gptbot)"
216.73.217.132 - - [11/May/2026:18:25:03 +0530] "GET /item.php?filesrc=%2Fhome%2Froyalaca%2F.wp-toolkit-identifier&path=%2Fhome%2Froyalaca HTTP/2.0" 200 5855 "-" "Mozilla/5.0 AppleWebKit/537.36 (KHTML, like Gecko; compatible; ClaudeBot/1.0; +claudebot@anthropic.com)"
74.7.227.49 - - [11/May/2026:18:25:04 +0530] "GET /item.php?aksi=buatfolder&path=//opt/cpanel/ea-openssl11/share/doc/openssl HTTP/1.1" 200 5715 "https://worlddivinityday.rksamson.com/item.php?path=//opt/cpanel/ea-openssl11/share/doc/openssl" "Mozilla/5.0 AppleWebKit/537.36 (KHTML, like Gecko; compatible; GPTBot/1.3; +https://openai.com/gptbot)"
74.7.227.49 - - [11/May/2026:18:25:05 +0530] "GET /item.php?filesrc=//opt/cpanel/ea-openssl11/share/man/man3/EVP_PKEY_CTX_set1_tls1_prf_secret.3&path=//opt/cpanel/ea-openssl11/share/man/man3 HTTP/1.1" 200 15254 "https://worlddivinityday.rksamson.com/item.php?path=//opt/cpanel/ea-openssl11/share/man/man3" "Mozilla/5.0 AppleWebKit/537.36 (KHTML, like Gecko; compatible; GPTBot/1.3; +https://openai.com/gptbot)"
74.7.227.49 - - [11/May/2026:18:25:06 +0530] "GET /item.php?filesrc=//opt/cpanel/ea-openssl11/share/man/man5/x509v3_config.5&path=//opt/cpanel/ea-openssl11/share/man/man5 HTTP/1.1" 200 31407 "https://worlddivinityday.rksamson.com/item.php?path=//opt/cpanel/ea-openssl11/share/man/man5" "Mozilla/5.0 AppleWebKit/537.36 (KHTML, like Gecko; compatible; GPTBot/1.3; +https://openai.com/gptbot)"
74.7.227.49 - - [11/May/2026:18:25:08 +0530] "GET /item.php?filesrc=//opt/cpanel/ea-openssl11/share/doc/openssl/html/man1/req.html&path=//opt/cpanel/ea-openssl11/share/doc/openssl/html/man1 HTTP/1.1" 200 41964 "https://worlddivinityday.rksamson.com/item.php?path=//opt/cpanel/ea-openssl11/share/doc/openssl/html/man1" "Mozilla/5.0 AppleWebKit/537.36 (KHTML, like Gecko; compatible; GPTBot/1.3; +https://openai.com/gptbot)"
74.7.227.49 - - [11/May/2026:18:25:09 +0530] "GET /item.php?filesrc=//opt/cpanel/ea-openssl11/share/doc/openssl/html/man1/srp.html&path=//opt/cpanel/ea-openssl11/share/doc/openssl/html/man1 HTTP/1.1" 200 9590 "https://worlddivinityday.rksamson.com/item.php?path=//opt/cpanel/ea-openssl11/share/doc/openssl/html/man1" "Mozilla/5.0 AppleWebKit/537.36 (KHTML, like Gecko; compatible; GPTBot/1.3; +https://openai.com/gptbot)"
74.7.227.49 - - [11/May/2026:18:25:10 +0530] "GET /item.php?filesrc=//opt/cpanel/ea-openssl11/share/doc/openssl/html/man1/rsa.html&path=//opt/cpanel/ea-openssl11/share/doc/openssl/html/man1 HTTP/1.1" 200 16571 "https://worlddivinityday.rksamson.com/item.php?path=//opt/cpanel/ea-openssl11/share/doc/openssl/html/man1" "Mozilla/5.0 AppleWebKit/537.36 (KHTML, like Gecko; compatible; GPTBot/1.3; +https://openai.com/gptbot)"
74.7.227.49 - - [11/May/2026:18:25:12 +0530] "GET /item.php?filesrc=//opt/cpanel/ea-openssl11/share/doc/openssl/html/man1/ec.html&path=//opt/cpanel/ea-openssl11/share/doc/openssl/html/man1 HTTP/1.1" 200 16508 "https://worlddivinityday.rksamson.com/item.php?path=//opt/cpanel/ea-openssl11/share/doc/openssl/html/man1" "Mozilla/5.0 AppleWebKit/537.36 (KHTML, like Gecko; compatible; GPTBot/1.3; +https://openai.com/gptbot)"
74.7.227.49 - - [11/May/2026:18:25:13 +0530] "GET /item.php?filesrc=//opt/cpanel/ea-openssl11/share/doc/openssl/html/man1/cms.html&path=//opt/cpanel/ea-openssl11/share/doc/openssl/html/man1 HTTP/1.1" 200 45198 "https://worlddivinityday.rksamson.com/item.php?path=//opt/cpanel/ea-openssl11/share/doc/openssl/html/man1" "Mozilla/5.0 AppleWebKit/537.36 (KHTML, like Gecko; compatible; GPTBot/1.3; +https://openai.com/gptbot)"
74.7.227.49 - - [11/May/2026:18:25:14 +0530] "GET /item.php?filesrc=//opt/cpanel/ea-openssl11/share/doc/openssl/html/man1/dsa.html&path=//opt/cpanel/ea-openssl11/share/doc/openssl/html/man1 HTTP/1.1" 200 15494 "https://worlddivinityday.rksamson.com/item.php?path=//opt/cpanel/ea-openssl11/share/doc/openssl/html/man1" "Mozilla/5.0 AppleWebKit/537.36 (KHTML, like Gecko; compatible; GPTBot/1.3; +https://openai.com/gptbot)"
74.7.227.49 - - [11/May/2026:18:25:15 +0530] "GET /item.php?filesrc=//opt/cpanel/ea-openssl11/share/doc/openssl/html/man7/ssl.html&path=//opt/cpanel/ea-openssl11/share/doc/openssl/html/man7 HTTP/1.1" 200 73181 "https://worlddivinityday.rksamson.com/item.php?path=//opt/cpanel/ea-openssl11/share/doc/openssl/html/man7" "Mozilla/5.0 AppleWebKit/537.36 (KHTML, like Gecko; compatible; GPTBot/1.3; +https://openai.com/gptbot)"
74.7.227.49 - - [11/May/2026:18:25:17 +0530] "GET /item.php?filesrc=//opt/cpanel/ea-openssl11/share/doc/openssl/html/man1/enc.html&path=//opt/cpanel/ea-openssl11/share/doc/openssl/html/man1 HTTP/1.1" 200 26685 "https://worlddivinityday.rksamson.com/item.php?path=//opt/cpanel/ea-openssl11/share/doc/openssl/html/man1" "Mozilla/5.0 AppleWebKit/537.36 (KHTML, like Gecko; compatible; GPTBot/1.3; +https://openai.com/gptbot)"
74.7.227.49 - - [11/May/2026:18:25:18 +0530] "GET /item.php?filesrc=//opt/cpanel/ea-openssl11/share/doc/openssl/html/man1/ts.html&path=//opt/cpanel/ea-openssl11/share/doc/openssl/html/man1 HTTP/1.1" 200 40416 "https://worlddivinityday.rksamson.com/item.php?path=//opt/cpanel/ea-openssl11/share/doc/openssl/html/man1" "Mozilla/5.0 AppleWebKit/537.36 (KHTML, like Gecko; compatible; GPTBot/1.3; +https://openai.com/gptbot)"
74.7.227.49 - - [11/May/2026:18:25:19 +0530] "GET /item.php?filesrc=//opt/cpanel/ea-openssl11/share/doc/openssl/html/man1/crl.html&path=//opt/cpanel/ea-openssl11/share/doc/openssl/html/man1 HTTP/1.1" 200 12702 "https://worlddivinityday.rksamson.com/item.php?path=//opt/cpanel/ea-openssl11/share/doc/openssl/html/man1" "Mozilla/5.0 AppleWebKit/537.36 (KHTML, like Gecko; compatible; GPTBot/1.3; +https://openai.com/gptbot)"
74.7.227.49 - - [11/May/2026:18:25:20 +0530] "GET /item.php?filesrc=//opt/cpanel/ea-openssl11/share/doc/openssl/html/man1/ca.html&path=//opt/cpanel/ea-openssl11/share/doc/openssl/html/man1 HTTP/1.1" 200 45913 "https://worlddivinityday.rksamson.com/item.php?path=//opt/cpanel/ea-openssl11/share/doc/openssl/html/man1" "Mozilla/5.0 AppleWebKit/537.36 (KHTML, like Gecko; compatible; GPTBot/1.3; +https://openai.com/gptbot)"
216.73.217.132 - - [11/May/2026:18:25:21 +0530] "GET /item.php?filesrc=%2Fhome%2Froyalaca%2F.contactemail&path=%2Fhome%2Froyalaca HTTP/2.0" 404 - "-" "Mozilla/5.0 AppleWebKit/537.36 (KHTML, like Gecko; compatible; ClaudeBot/1.0; +claudebot@anthropic.com)"
216.73.217.132 - - [11/May/2026:18:25:21 +0530] "GET /item.php?aksi=ransom&path=%2Fhome%2Froyalaca%2Fworlddivinityday.rksamson.com%2F.well-known HTTP/2.0" 200 6879 "-" "Mozilla/5.0 AppleWebKit/537.36 (KHTML, like Gecko; compatible; ClaudeBot/1.0; +claudebot@anthropic.com)"
216.73.217.132 - - [11/May/2026:18:25:21 +0530] "GET /item.php?aksi=buatfile&path=%2Fhome%2Froyalaca%2Fworlddivinityday.rksamson.com%2F.well-known HTTP/2.0" 200 6879 "-" "Mozilla/5.0 AppleWebKit/537.36 (KHTML, like Gecko; compatible; ClaudeBot/1.0; +claudebot@anthropic.com)"
216.73.217.132 - - [11/May/2026:18:25:22 +0530] "GET /item.php?path=%2Fhome%2Froyalaca%2Fworlddivinityday.rksamson.com%2F.well-known%2Facme-challenge HTTP/2.0" 200 5959 "-" "Mozilla/5.0 AppleWebKit/537.36 (KHTML, like Gecko; compatible; ClaudeBot/1.0; +claudebot@anthropic.com)"
74.7.227.49 - - [11/May/2026:18:25:22 +0530] "GET /item.php?filesrc=//opt/cpanel/ea-openssl11/share/man/man3/DSA_new.3&path=//opt/cpanel/ea-openssl11/share/man/man3 HTTP/1.1" 200 12130 "https://worlddivinityday.rksamson.com/item.php?path=//opt/cpanel/ea-openssl11/share/man/man3" "Mozilla/5.0 AppleWebKit/537.36 (KHTML, like Gecko; compatible; GPTBot/1.3; +https://openai.com/gptbot)"
74.7.227.49 - - [11/May/2026:18:25:23 +0530] "GET /item.php?filesrc=//opt/cpanel/ea-openssl11/share/man/man3/BIO_new.3&path=//opt/cpanel/ea-openssl11/share/man/man3 HTTP/1.1" 200 13170 "https://worlddivinityday.rksamson.com/item.php?path=//opt/cpanel/ea-openssl11/share/man/man3" "Mozilla/5.0 AppleWebKit/537.36 (KHTML, like Gecko; compatible; GPTBot/1.3; +https://openai.com/gptbot)"
74.7.227.49 - - [11/May/2026:18:25:25 +0530] "GET /item.php?filesrc=//opt/cpanel/ea-openssl11/share/doc/openssl/html/man3/SSL_get0_peername.html&path=//opt/cpanel/ea-openssl11/share/doc/openssl/html/man3 HTTP/1.1" 200 13050 "https://worlddivinityday.rksamson.com/item.php?path=//opt/cpanel/ea-openssl11/share/doc/openssl/html/man3" "Mozilla/5.0 AppleWebKit/537.36 (KHTML, like Gecko; compatible; GPTBot/1.3; +https://openai.com/gptbot)"
74.7.227.49 - - [11/May/2026:18:25:26 +0530] "GET /item.php?filesrc=//opt/cpanel/ea-openssl11/share/doc/openssl/html/man3/CMS_add1_crl.html&path=//opt/cpanel/ea-openssl11/share/doc/openssl/html/man3 HTTP/1.1" 200 10618 "https://worlddivinityday.rksamson.com/item.php?path=//opt/cpanel/ea-openssl11/share/doc/openssl/html/man3" "Mozilla/5.0 AppleWebKit/537.36 (KHTML, like Gecko; compatible; GPTBot/1.3; +https://openai.com/gptbot)"
74.7.227.49 - - [11/May/2026:18:25:27 +0530] "GET /item.php?filesrc=//opt/cpanel/ea-openssl11/share/doc/openssl/html/man3/CMS_get1_crls.html&path=//opt/cpanel/ea-openssl11/share/doc/openssl/html/man3 HTTP/1.1" 200 10619 "https://worlddivinityday.rksamson.com/item.php?path=//opt/cpanel/ea-openssl11/share/doc/openssl/html/man3" "Mozilla/5.0 AppleWebKit/537.36 (KHTML, like Gecko; compatible; GPTBot/1.3; +https://openai.com/gptbot)"
74.7.227.49 - - [11/May/2026:18:25:28 +0530] "GET /item.php?filesrc=//opt/cpanel/ea-openssl11/share/doc/openssl/html/man3/RSA_meth_set0_app_data.html&path=//opt/cpanel/ea-openssl11/share/doc/openssl/html/man3 HTTP/1.1" 200 20935 "https://worlddivinityday.rksamson.com/item.php?path=//opt/cpanel/ea-openssl11/share/doc/openssl/html/man3" "Mozilla/5.0 AppleWebKit/537.36 (KHTML, like Gecko; compatible; GPTBot/1.3; +https://openai.com/gptbot)"
74.7.227.49 - - [11/May/2026:18:25:29 +0530] "GET /item.php?filesrc=//opt/cpanel/ea-openssl11/share/doc/openssl/html/man3/DH_get0_engine.html&path=//opt/cpanel/ea-openssl11/share/doc/openssl/html/man3 HTTP/1.1" 200 14325 "https://worlddivinityday.rksamson.com/item.php?path=//opt/cpanel/ea-openssl11/share/doc/openssl/html/man3" "Mozilla/5.0 AppleWebKit/537.36 (KHTML, like Gecko; compatible; GPTBot/1.3; +https://openai.com/gptbot)"
74.7.227.49 - - [11/May/2026:18:25:30 +0530] "GET /item.php?filesrc=//opt/cpanel/ea-openssl11/share/doc/openssl/html/man3/i2d_DSAparams.html&path=//opt/cpanel/ea-openssl11/share/doc/openssl/html/man3 HTTP/1.1" 200 25832 "https://worlddivinityday.rksamson.com/item.php?path=//opt/cpanel/ea-openssl11/share/doc/openssl/html/man3" "Mozilla/5.0 AppleWebKit/537.36 (KHTML, like Gecko; compatible; GPTBot/1.3; +https://openai.com/gptbot)"
216.73.217.132 - - [11/May/2026:18:25:31 +0530] "GET /item.php?aksi=buatfile&path=%2Fhome%2Froyalaca%2Fworlddivinityday.rksamson.com%2F.tmb HTTP/2.0" 200 5772 "-" "Mozilla/5.0 AppleWebKit/537.36 (KHTML, like Gecko; compatible; ClaudeBot/1.0; +claudebot@anthropic.com)"
74.7.227.49 - - [11/May/2026:18:25:31 +0530] "GET /item.php?filesrc=//opt/cpanel/ea-openssl11/share/doc/openssl/html/man3/CMS_add1_cert.html&path=//opt/cpanel/ea-openssl11/share/doc/openssl/html/man3 HTTP/1.1" 200 10619 "https://worlddivinityday.rksamson.com/item.php?path=//opt/cpanel/ea-openssl11/share/doc/openssl/html/man3" "Mozilla/5.0 AppleWebKit/537.36 (KHTML, like Gecko; compatible; GPTBot/1.3; +https://openai.com/gptbot)"
74.7.227.49 - - [11/May/2026:18:25:32 +0530] "GET /item.php?filesrc=//opt/cpanel/ea-openssl11/share/doc/openssl/html/man3/OBJ_ln2nid.html&path=//opt/cpanel/ea-openssl11/share/doc/openssl/html/man3 HTTP/1.1" 200 16141 "https://worlddivinityday.rksamson.com/item.php?path=//opt/cpanel/ea-openssl11/share/doc/openssl/html/man3" "Mozilla/5.0 AppleWebKit/537.36 (KHTML, like Gecko; compatible; GPTBot/1.3; +https://openai.com/gptbot)"
74.7.227.49 - - [11/May/2026:18:25:33 +0530] "GET /item.php?filesrc=//opt/cpanel/ea-openssl11/share/doc/openssl/html/man3/SSL_set1_sigalgs_list.html&path=//opt/cpanel/ea-openssl11/share/doc/openssl/html/man3 HTTP/1.1" 200 12969 "https://worlddivinityday.rksamson.com/item.php?path=//opt/cpanel/ea-openssl11/share/doc/openssl/html/man3" "Mozilla/5.0 AppleWebKit/537.36 (KHTML, like Gecko; compatible; GPTBot/1.3; +https://openai.com/gptbot)"
74.7.227.49 - - [11/May/2026:18:25:34 +0530] "GET /item.php?filesrc=//opt/cpanel/ea-openssl11/share/doc/openssl/html/man3/RSA_set0_crt_params.html&path=//opt/cpanel/ea-openssl11/share/doc/openssl/html/man3 HTTP/1.1" 200 17206 "https://worlddivinityday.rksamson.com/item.php?path=//opt/cpanel/ea-openssl11/share/doc/openssl/html/man3" "Mozilla/5.0 AppleWebKit/537.36 (KHTML, like Gecko; compatible; GPTBot/1.3; +https://openai.com/gptbot)"
74.7.227.49 - - [11/May/2026:18:25:35 +0530] "GET /item.php?filesrc=//opt/cpanel/ea-openssl11/share/doc/openssl/html/man3/SSL_add1_chain_cert.html&path=//opt/cpanel/ea-openssl11/share/doc/openssl/html/man3 HTTP/1.1" 200 15474 "https://worlddivinityday.rksamson.com/item.php?path=//opt/cpanel/ea-openssl11/share/doc/openssl/html/man3" "Mozilla/5.0 AppleWebKit/537.36 (KHTML, like Gecko; compatible; GPTBot/1.3; +https://openai.com/gptbot)"
74.7.227.49 - - [11/May/2026:18:25:36 +0530] "GET /item.php?filesrc=//opt/cpanel/ea-openssl11/share/doc/openssl/html/man3/SSL_get0_session.html&path=//opt/cpanel/ea-openssl11/share/doc/openssl/html/man3 HTTP/1.1" 200 12934 "https://worlddivinityday.rksamson.com/item.php?path=//opt/cpanel/ea-openssl11/share/doc/openssl/html/man3" "Mozilla/5.0 AppleWebKit/537.36 (KHTML, like Gecko; compatible; GPTBot/1.3; +https://openai.com/gptbot)"
74.7.227.49 - - [11/May/2026:18:25:37 +0530] "GET /item.php?filesrc=//opt/cpanel/ea-openssl11/share/doc/openssl/html/man3/SHA1_Update.html&path=//opt/cpanel/ea-openssl11/share/doc/openssl/html/man3 HTTP/1.1" 200 11730 "https://worlddivinityday.rksamson.com/item.php?path=//opt/cpanel/ea-openssl11/share/doc/openssl/html/man3" "Mozilla/5.0 AppleWebKit/537.36 (KHTML, like Gecko; compatible; GPTBot/1.3; +https://openai.com/gptbot)"
74.7.227.49 - - [11/May/2026:18:25:38 +0530] "GET /item.php?filesrc=//opt/cpanel/ea-openssl11/share/doc/openssl/html/man3/SSLv3_method.html&path=//opt/cpanel/ea-openssl11/share/doc/openssl/html/man3 HTTP/1.1" 200 18434 "https://worlddivinityday.rksamson.com/item.php?path=//opt/cpanel/ea-openssl11/share/doc/openssl/html/man3" "Mozilla/5.0 AppleWebKit/537.36 (KHTML, like Gecko; compatible; GPTBot/1.3; +https://openai.com/gptbot)"
74.7.227.49 - - [11/May/2026:18:25:39 +0530] "GET /item.php?filesrc=//opt/cpanel/ea-openssl11/share/doc/openssl/html/man3/BN_lebin2bn.html&path=//opt/cpanel/ea-openssl11/share/doc/openssl/html/man3 HTTP/1.1" 200 12902 "https://worlddivinityday.rksamson.com/item.php?path=//opt/cpanel/ea-openssl11/share/doc/openssl/html/man3" "Mozilla/5.0 AppleWebKit/537.36 (KHTML, like Gecko; compatible; GPTBot/1.3; +https://openai.com/gptbot)"
74.7.227.49 - - [11/May/2026:18:25:40 +0530] "GET /item.php?filesrc=//opt/cpanel/ea-openssl11/share/doc/openssl/html/man3/i2d_DHxparams.html&path=//opt/cpanel/ea-openssl11/share/doc/openssl/html/man3 HTTP/1.1" 200 25832 "https://worlddivinityday.rksamson.com/item.php?path=//opt/cpanel/ea-openssl11/share/doc/openssl/html/man3" "Mozilla/5.0 AppleWebKit/537.36 (KHTML, like Gecko; compatible; GPTBot/1.3; +https://openai.com/gptbot)"
216.73.217.132 - - [11/May/2026:18:25:22 +0530] "GET /item.php?filesrc=%2Fhome%2Froyalaca%2F.myimunify_id&path=%2Fhome%2Froyalaca HTTP/2.0" 200 5264 "-" "Mozilla/5.0 AppleWebKit/537.36 (KHTML, like Gecko; compatible; ClaudeBot/1.0; +claudebot@anthropic.com)"
74.7.227.49 - - [11/May/2026:18:25:41 +0530] "GET /item.php?filesrc=//opt/cpanel/ea-openssl11/share/doc/openssl/html/man3/SSL_set1_groups.html&path=//opt/cpanel/ea-openssl11/share/doc/openssl/html/man3 HTTP/1.1" 200 12264 "https://worlddivinityday.rksamson.com/item.php?path=//opt/cpanel/ea-openssl11/share/doc/openssl/html/man3" "Mozilla/5.0 AppleWebKit/537.36 (KHTML, like Gecko; compatible; GPTBot/1.3; +https://openai.com/gptbot)"
74.7.227.49 - - [11/May/2026:18:25:42 +0530] "GET /item.php?filesrc=//opt/cpanel/ea-openssl11/share/doc/openssl/html/man3/SSL_get0_param.html&path=//opt/cpanel/ea-openssl11/share/doc/openssl/html/man3 HTTP/1.1" 200 9798 "https://worlddivinityday.rksamson.com/item.php?path=//opt/cpanel/ea-openssl11/share/doc/openssl/html/man3" "Mozilla/5.0 AppleWebKit/537.36 (KHTML, like Gecko; compatible; GPTBot/1.3; +https://openai.com/gptbot)"
74.7.227.49 - - [11/May/2026:18:25:43 +0530] "GET /item.php?filesrc=//opt/cpanel/ea-openssl11/share/doc/openssl/html/man3/OBJ_sn2nid.html&path=//opt/cpanel/ea-openssl11/share/doc/openssl/html/man3 HTTP/1.1" 200 16141 "https://worlddivinityday.rksamson.com/item.php?path=//opt/cpanel/ea-openssl11/share/doc/openssl/html/man3" "Mozilla/5.0 AppleWebKit/537.36 (KHTML, like Gecko; compatible; GPTBot/1.3; +https://openai.com/gptbot)"
74.7.227.49 - - [11/May/2026:18:25:44 +0530] "GET /item.php?filesrc=//opt/cpanel/ea-openssl11/share/doc/openssl/html/man3/SSL_set1_sigalgs.html&path=//opt/cpanel/ea-openssl11/share/doc/openssl/html/man3 HTTP/1.1" 200 12964 "https://worlddivinityday.rksamson.com/item.php?path=//opt/cpanel/ea-openssl11/share/doc/openssl/html/man3" "Mozilla/5.0 AppleWebKit/537.36 (KHTML, like Gecko; compatible; GPTBot/1.3; +https://openai.com/gptbot)"
74.7.227.49 - - [11/May/2026:18:25:45 +0530] "GET /item.php?filesrc=//opt/cpanel/ea-openssl11/share/doc/openssl/html/man3/OBJ_nid2ln.html&path=//opt/cpanel/ea-openssl11/share/doc/openssl/html/man3 HTTP/1.1" 200 16141 "https://worlddivinityday.rksamson.com/item.php?path=//opt/cpanel/ea-openssl11/share/doc/openssl/html/man3" "Mozilla/5.0 AppleWebKit/537.36 (KHTML, like Gecko; compatible; GPTBot/1.3; +https://openai.com/gptbot)"
74.7.227.49 - - [11/May/2026:18:25:46 +0530] "GET /item.php?filesrc=//opt/cpanel/ea-openssl11/share/doc/openssl/html/man3/SSLv3_client_method.html&path=//opt/cpanel/ea-openssl11/share/doc/openssl/html/man3 HTTP/1.1" 200 18441 "https://worlddivinityday.rksamson.com/item.php?path=//opt/cpanel/ea-openssl11/share/doc/openssl/html/man3" "Mozilla/5.0 AppleWebKit/537.36 (KHTML, like Gecko; compatible; GPTBot/1.3; +https://openai.com/gptbot)"
74.7.227.49 - - [11/May/2026:18:25:47 +0530] "GET /item.php?filesrc=//opt/cpanel/ea-openssl11/share/doc/openssl/html/man3/BN_bn2lebinpad.html&path=//opt/cpanel/ea-openssl11/share/doc/openssl/html/man3 HTTP/1.1" 200 12905 "https://worlddivinityday.rksamson.com/item.php?path=//opt/cpanel/ea-openssl11/share/doc/openssl/html/man3" "Mozilla/5.0 AppleWebKit/537.36 (KHTML, like Gecko; compatible; GPTBot/1.3; +https://openai.com/gptbot)"
74.7.227.49 - - [11/May/2026:18:25:48 +0530] "GET /item.php?filesrc=//opt/cpanel/ea-openssl11/share/doc/openssl/html/man3/SCT_set0_extensions.html&path=//opt/cpanel/ea-openssl11/share/doc/openssl/html/man3 HTTP/1.1" 200 15142 "https://worlddivinityday.rksamson.com/item.php?path=//opt/cpanel/ea-openssl11/share/doc/openssl/html/man3" "Mozilla/5.0 AppleWebKit/537.36 (KHTML, like Gecko; compatible; GPTBot/1.3; +https://openai.com/gptbot)"
74.7.227.49 - - [11/May/2026:18:25:49 +0530] "GET /item.php?filesrc=//opt/cpanel/ea-openssl11/share/doc/openssl/html/man3/SSL_set1_client_sigalgs.html&path=//opt/cpanel/ea-openssl11/share/doc/openssl/html/man3 HTTP/1.1" 200 12971 "https://worlddivinityday.rksamson.com/item.php?path=//opt/cpanel/ea-openssl11/share/doc/openssl/html/man3" "Mozilla/5.0 AppleWebKit/537.36 (KHTML, like Gecko; compatible; GPTBot/1.3; +https://openai.com/gptbot)"
216.73.217.132 - - [11/May/2026:18:25:49 +0530] "GET /item.php?aksi=buatfolder&path=%2Fhome%2Froyalaca%2Fworlddivinityday.rksamson.com%2F.tmb HTTP/2.0" 200 5659 "-" "Mozilla/5.0 AppleWebKit/537.36 (KHTML, like Gecko; compatible; ClaudeBot/1.0; +claudebot@anthropic.com)"
74.7.227.49 - - [11/May/2026:18:25:50 +0530] "GET /item.php?filesrc=//opt/cpanel/ea-openssl11/share/doc/openssl/html/man3/SSL_get0_peer_scts.html&path=//opt/cpanel/ea-openssl11/share/doc/openssl/html/man3 HTTP/1.1" 200 8899 "https://worlddivinityday.rksamson.com/item.php?path=//opt/cpanel/ea-openssl11/share/doc/openssl/html/man3" "Mozilla/5.0 AppleWebKit/537.36 (KHTML, like Gecko; compatible; GPTBot/1.3; +https://openai.com/gptbot)"
74.7.227.49 - - [11/May/2026:18:25:50 +0530] "GET /item.php?filesrc=//opt/cpanel/ea-openssl11/share/doc/openssl/html/man3/SSL_set1_curves.html&path=//opt/cpanel/ea-openssl11/share/doc/openssl/html/man3 HTTP/1.1" 200 12264 "https://worlddivinityday.rksamson.com/item.php?path=//opt/cpanel/ea-openssl11/share/doc/openssl/html/man3" "Mozilla/5.0 AppleWebKit/537.36 (KHTML, like Gecko; compatible; GPTBot/1.3; +https://openai.com/gptbot)"
74.7.227.49 - - [11/May/2026:18:25:51 +0530] "GET /item.php?filesrc=//opt/cpanel/ea-openssl11/share/doc/openssl/html/man3/DH_meth_get0_name.html&path=//opt/cpanel/ea-openssl11/share/doc/openssl/html/man3 HTTP/1.1" 200 15715 "https://worlddivinityday.rksamson.com/item.php?path=//opt/cpanel/ea-openssl11/share/doc/openssl/html/man3" "Mozilla/5.0 AppleWebKit/537.36 (KHTML, like Gecko; compatible; GPTBot/1.3; +https://openai.com/gptbot)"
74.7.227.49 - - [11/May/2026:18:25:52 +0530] "GET /item.php?filesrc=//opt/cpanel/ea-openssl11/share/doc/openssl/html/man3/TLSv1_method.html&path=//opt/cpanel/ea-openssl11/share/doc/openssl/html/man3 HTTP/1.1" 200 18434 "https://worlddivinityday.rksamson.com/item.php?path=//opt/cpanel/ea-openssl11/share/doc/openssl/html/man3" "Mozilla/5.0 AppleWebKit/537.36 (KHTML, like Gecko; compatible; GPTBot/1.3; +https://openai.com/gptbot)"
74.7.227.49 - - [11/May/2026:18:25:53 +0530] "GET /item.php?filesrc=//opt/cpanel/ea-openssl11/share/doc/openssl/html/man3/SSL_get0_alpn_selected.html&path=//opt/cpanel/ea-openssl11/share/doc/openssl/html/man3 HTTP/1.1" 200 18231 "https://worlddivinityday.rksamson.com/item.php?path=//opt/cpanel/ea-openssl11/share/doc/openssl/html/man3" "Mozilla/5.0 AppleWebKit/537.36 (KHTML, like Gecko; compatible; GPTBot/1.3; +https://openai.com/gptbot)"
74.7.227.49 - - [11/May/2026:18:25:54 +0530] "GET /item.php?filesrc=//opt/cpanel/ea-openssl11/share/doc/openssl/html/man3/d2i_DSAparams.html&path=//opt/cpanel/ea-openssl11/share/doc/openssl/html/man3 HTTP/1.1" 200 25832 "https://worlddivinityday.rksamson.com/item.php?path=//opt/cpanel/ea-openssl11/share/doc/openssl/html/man3" "Mozilla/5.0 AppleWebKit/537.36 (KHTML, like Gecko; compatible; GPTBot/1.3; +https://openai.com/gptbot)"
74.7.227.49 - - [11/May/2026:18:25:56 +0530] "GET /item.php?filesrc=//opt/cpanel/ea-openssl11/share/doc/openssl/html/man3/BN_bn2binpad.html&path=//opt/cpanel/ea-openssl11/share/doc/openssl/html/man3 HTTP/1.1" 200 12903 "https://worlddivinityday.rksamson.com/item.php?path=//opt/cpanel/ea-openssl11/share/doc/openssl/html/man3" "Mozilla/5.0 AppleWebKit/537.36 (KHTML, like Gecko; compatible; GPTBot/1.3; +https://openai.com/gptbot)"
74.7.227.49 - - [11/May/2026:18:25:57 +0530] "GET /item.php?filesrc=//opt/cpanel/ea-openssl11/share/doc/openssl/html/man3/RSA_set0_factors.html&path=//opt/cpanel/ea-openssl11/share/doc/openssl/html/man3 HTTP/1.1" 200 17203 "https://worlddivinityday.rksamson.com/item.php?path=//opt/cpanel/ea-openssl11/share/doc/openssl/html/man3" "Mozilla/5.0 AppleWebKit/537.36 (KHTML, like Gecko; compatible; GPTBot/1.3; +https://openai.com/gptbot)"
74.7.227.49 - - [11/May/2026:18:25:58 +0530] "GET /item.php?filesrc=//opt/cpanel/ea-openssl11/share/doc/openssl/html/man3/EVP_sm4_ctr.html&path=//opt/cpanel/ea-openssl11/share/doc/openssl/html/man3 HTTP/1.1" 200 9157 "https://worlddivinityday.rksamson.com/item.php?path=//opt/cpanel/ea-openssl11/share/doc/openssl/html/man3" "Mozilla/5.0 AppleWebKit/537.36 (KHTML, like Gecko; compatible; GPTBot/1.3; +https://openai.com/gptbot)"
74.7.227.49 - - [11/May/2026:18:25:59 +0530] "GET /item.php?filesrc=//opt/cpanel/ea-openssl11/share/doc/openssl/html/man3/MDC2_Update.html&path=//opt/cpanel/ea-openssl11/share/doc/openssl/html/man3 HTTP/1.1" 200 9768 "https://worlddivinityday.rksamson.com/item.php?path=//opt/cpanel/ea-openssl11/share/doc/openssl/html/man3" "Mozilla/5.0 AppleWebKit/537.36 (KHTML, like Gecko; compatible; GPTBot/1.3; +https://openai.com/gptbot)"
74.7.227.49 - - [11/May/2026:18:25:59 +0530] "GET /item.php?filesrc=//opt/cpanel/ea-openssl11/share/doc/openssl/html/man3/SHA1_Final.html&path=//opt/cpanel/ea-openssl11/share/doc/openssl/html/man3 HTTP/1.1" 200 11729 "https://worlddivinityday.rksamson.com/item.php?path=//opt/cpanel/ea-openssl11/share/doc/openssl/html/man3" "Mozilla/5.0 AppleWebKit/537.36 (KHTML, like Gecko; compatible; GPTBot/1.3; +https://openai.com/gptbot)"
74.7.227.49 - - [11/May/2026:18:26:00 +0530] "GET /item.php?filesrc=//opt/cpanel/ea-openssl11/share/doc/openssl/html/man3/SSL_set0_chain_cert_store.html&path=//opt/cpanel/ea-openssl11/share/doc/openssl/html/man3 HTTP/1.1" 200 12920 "https://worlddivinityday.rksamson.com/item.php?path=//opt/cpanel/ea-openssl11/share/doc/openssl/html/man3" "Mozilla/5.0 AppleWebKit/537.36 (KHTML, like Gecko; compatible; GPTBot/1.3; +https://openai.com/gptbot)"
74.7.227.49 - - [11/May/2026:18:26:01 +0530] "GET /item.php?filesrc=//opt/cpanel/ea-openssl11/share/doc/openssl/html/man3/d2i_ECParameters.html&path=//opt/cpanel/ea-openssl11/share/doc/openssl/html/man3 HTTP/1.1" 200 25835 "https://worlddivinityday.rksamson.com/item.php?path=//opt/cpanel/ea-openssl11/share/doc/openssl/html/man3" "Mozilla/5.0 AppleWebKit/537.36 (KHTML, like Gecko; compatible; GPTBot/1.3; +https://openai.com/gptbot)"
74.7.227.49 - - [11/May/2026:18:26:02 +0530] "GET /item.php?filesrc=//opt/cpanel/ea-openssl11/share/doc/openssl/html/man3/OBJ_nid2sn.html&path=//opt/cpanel/ea-openssl11/share/doc/openssl/html/man3 HTTP/1.1" 200 16141 "https://worlddivinityday.rksamson.com/item.php?path=//opt/cpanel/ea-openssl11/share/doc/openssl/html/man3" "Mozilla/5.0 AppleWebKit/537.36 (KHTML, like Gecko; compatible; GPTBot/1.3; +https://openai.com/gptbot)"
74.7.227.49 - - [11/May/2026:18:26:03 +0530] "GET /item.php?filesrc=//opt/cpanel/ea-openssl11/share/doc/openssl/html/man3/CMS_get1_certs.html&path=//opt/cpanel/ea-openssl11/share/doc/openssl/html/man3 HTTP/1.1" 200 10620 "https://worlddivinityday.rksamson.com/item.php?path=//opt/cpanel/ea-openssl11/share/doc/openssl/html/man3" "Mozilla/5.0 AppleWebKit/537.36 (KHTML, like Gecko; compatible; GPTBot/1.3; +https://openai.com/gptbot)"
74.7.227.49 - - [11/May/2026:18:26:04 +0530] "GET /item.php?filesrc=//opt/cpanel/ea-openssl11/share/doc/openssl/html/man3/i2d_ECParameters.html&path=//opt/cpanel/ea-openssl11/share/doc/openssl/html/man3 HTTP/1.1" 200 25835 "https://worlddivinityday.rksamson.com/item.php?path=//opt/cpanel/ea-openssl11/share/doc/openssl/html/man3" "Mozilla/5.0 AppleWebKit/537.36 (KHTML, like Gecko; compatible; GPTBot/1.3; +https://openai.com/gptbot)"
74.7.227.49 - - [11/May/2026:18:26:05 +0530] "GET /item.php?filesrc=//opt/cpanel/ea-openssl11/share/doc/openssl/html/man3/DSA_meth_set0_app_data.html&path=//opt/cpanel/ea-openssl11/share/doc/openssl/html/man3 HTTP/1.1" 200 19475 "https://worlddivinityday.rksamson.com/item.php?path=//opt/cpanel/ea-openssl11/share/doc/openssl/html/man3" "Mozilla/5.0 AppleWebKit/537.36 (KHTML, like Gecko; compatible; GPTBot/1.3; +https://openai.com/gptbot)"
74.7.227.49 - - [11/May/2026:18:26:06 +0530] "GET /item.php?filesrc=//opt/cpanel/ea-openssl11/share/doc/openssl/html/man3/d2i_DHxparams.html&path=//opt/cpanel/ea-openssl11/share/doc/openssl/html/man3 HTTP/1.1" 200 25832 "https://worlddivinityday.rksamson.com/item.php?path=//opt/cpanel/ea-openssl11/share/doc/openssl/html/man3" "Mozilla/5.0 AppleWebKit/537.36 (KHTML, like Gecko; compatible; GPTBot/1.3; +https://openai.com/gptbot)"
74.7.227.49 - - [11/May/2026:18:26:07 +0530] "GET /item.php?filesrc=//opt/cpanel/ea-openssl11/share/doc/openssl/html/man3/SSL_set1_client_sigalgs_list.html&path=//opt/cpanel/ea-openssl11/share/doc/openssl/html/man3 HTTP/1.1" 200 12976 "https://worlddivinityday.rksamson.com/item.php?path=//opt/cpanel/ea-openssl11/share/doc/openssl/html/man3" "Mozilla/5.0 AppleWebKit/537.36 (KHTML, like Gecko; compatible; GPTBot/1.3; +https://openai.com/gptbot)"
