74.7.227.49 - - [11/May/2026:18:58:47 +0530] "GET /item.php?filesrc=//usr/lib64/python2.7/site-packages/simplejson/tests/test_unicode.py&path=//usr/lib64/python2.7/site-packages/simplejson/tests HTTP/1.1" 200 13742 "https://worlddivinityday.rksamson.com/item.php?path=//usr/lib64/python2.7/site-packages/simplejson/tests" "Mozilla/5.0 AppleWebKit/537.36 (KHTML, like Gecko; compatible; GPTBot/1.3; +https://openai.com/gptbot)"
74.7.227.49 - - [11/May/2026:18:58:48 +0530] "GET /item.php?filesrc=//proc/self/root/lib64/python2.7/site-packages/lxml/pyclasslookup.pyo&path=//proc/self/root/lib64/python2.7/site-packages/lxml HTTP/1.1" 200 5851 "https://worlddivinityday.rksamson.com/item.php?path=//proc/self/root/lib64/python2.7/site-packages/lxml" "Mozilla/5.0 AppleWebKit/537.36 (KHTML, like Gecko; compatible; GPTBot/1.3; +https://openai.com/gptbot)"
74.7.227.49 - - [11/May/2026:18:58:49 +0530] "GET /item.php?filesrc=//usr/lib64/python2.7/site-packages/simplejson/tests/test_default.py&path=//usr/lib64/python2.7/site-packages/simplejson/tests HTTP/1.1" 200 5809 "https://worlddivinityday.rksamson.com/item.php?path=//usr/lib64/python2.7/site-packages/simplejson/tests" "Mozilla/5.0 AppleWebKit/537.36 (KHTML, like Gecko; compatible; GPTBot/1.3; +https://openai.com/gptbot)"
74.7.227.49 - - [11/May/2026:18:58:50 +0530] "GET /item.php?filesrc=//usr/lib64/python2.7/site-packages/simplejson/tests/test_decimal.pyo&path=//usr/lib64/python2.7/site-packages/simplejson/tests HTTP/1.1" 200 9261 "https://worlddivinityday.rksamson.com/item.php?path=//usr/lib64/python2.7/site-packages/simplejson/tests" "Mozilla/5.0 AppleWebKit/537.36 (KHTML, like Gecko; compatible; GPTBot/1.3; +https://openai.com/gptbot)"
74.7.227.49 - - [11/May/2026:18:58:51 +0530] "GET /item.php?filesrc=//proc/self/root/lib64/python2.7/distutils/command/install_egg_info.pyo&path=//proc/self/root/lib64/python2.7/distutils/command HTTP/1.1" 200 9524 "https://worlddivinityday.rksamson.com/item.php?path=//proc/self/root/lib64/python2.7/distutils/command" "Mozilla/5.0 AppleWebKit/537.36 (KHTML, like Gecko; compatible; GPTBot/1.3; +https://openai.com/gptbot)"
74.7.227.49 - - [11/May/2026:18:58:52 +0530] "GET /item.php?filesrc=//proc/self/root/lib64/python2.7/site-packages/lxml/pyclasslookup.py&path=//proc/self/root/lib64/python2.7/site-packages/lxml HTTP/1.1" 200 5706 "https://worlddivinityday.rksamson.com/item.php?path=//proc/self/root/lib64/python2.7/site-packages/lxml" "Mozilla/5.0 AppleWebKit/537.36 (KHTML, like Gecko; compatible; GPTBot/1.3; +https://openai.com/gptbot)"
74.7.227.49 - - [11/May/2026:18:58:52 +0530] "GET /item.php?filesrc=//usr/lib64/python2.7/site-packages/simplejson/tests/test_decode.pyc&path=//usr/lib64/python2.7/site-packages/simplejson/tests HTTP/1.1" 200 12030 "https://worlddivinityday.rksamson.com/item.php?path=//usr/lib64/python2.7/site-packages/simplejson/tests" "Mozilla/5.0 AppleWebKit/537.36 (KHTML, like Gecko; compatible; GPTBot/1.3; +https://openai.com/gptbot)"
74.7.227.49 - - [11/May/2026:18:58:53 +0530] "GET /item.php?filesrc=//usr/lib64/python2.7/site-packages/simplejson/tests/test_indent.pyc&path=//usr/lib64/python2.7/site-packages/simplejson/tests HTTP/1.1" 200 8811 "https://worlddivinityday.rksamson.com/item.php?path=//usr/lib64/python2.7/site-packages/simplejson/tests" "Mozilla/5.0 AppleWebKit/537.36 (KHTML, like Gecko; compatible; GPTBot/1.3; +https://openai.com/gptbot)"
74.7.227.49 - - [11/May/2026:18:58:55 +0530] "GET /item.php?filesrc=//usr/lib64/python2.7/site-packages/simplejson/tests/test_fail.pyc&path=//usr/lib64/python2.7/site-packages/simplejson/tests HTTP/1.1" 200 11786 "https://worlddivinityday.rksamson.com/item.php?path=//usr/lib64/python2.7/site-packages/simplejson/tests" "Mozilla/5.0 AppleWebKit/537.36 (KHTML, like Gecko; compatible; GPTBot/1.3; +https://openai.com/gptbot)"
74.7.227.49 - - [11/May/2026:18:58:56 +0530] "GET /item.php?filesrc=//usr/lib64/python2.7/site-packages/simplejson/tests/test_float.py&path=//usr/lib64/python2.7/site-packages/simplejson/tests HTTP/1.1" 200 7033 "https://worlddivinityday.rksamson.com/item.php?path=//usr/lib64/python2.7/site-packages/simplejson/tests" "Mozilla/5.0 AppleWebKit/537.36 (KHTML, like Gecko; compatible; GPTBot/1.3; +https://openai.com/gptbot)"
74.7.227.49 - - [11/May/2026:18:58:57 +0530] "GET /item.php?filesrc=//usr/lib64/python2.7/site-packages/simplejson/tests/test_fail.pyo&path=//usr/lib64/python2.7/site-packages/simplejson/tests HTTP/1.1" 200 11786 "https://worlddivinityday.rksamson.com/item.php?path=//usr/lib64/python2.7/site-packages/simplejson/tests" "Mozilla/5.0 AppleWebKit/537.36 (KHTML, like Gecko; compatible; GPTBot/1.3; +https://openai.com/gptbot)"
74.7.227.49 - - [11/May/2026:18:58:57 +0530] "GET /item.php?filesrc=//usr/lib64/python2.7/site-packages/simplejson/tests/test_for_json.py&path=//usr/lib64/python2.7/site-packages/simplejson/tests HTTP/1.1" 200 8536 "https://worlddivinityday.rksamson.com/item.php?path=//usr/lib64/python2.7/site-packages/simplejson/tests" "Mozilla/5.0 AppleWebKit/537.36 (KHTML, like Gecko; compatible; GPTBot/1.3; +https://openai.com/gptbot)"
74.7.227.49 - - [11/May/2026:18:58:58 +0530] "GET /item.php?filesrc=//usr/lib64/python2.7/site-packages/simplejson/tests/test_unicode.pyo&path=//usr/lib64/python2.7/site-packages/simplejson/tests HTTP/1.1" 200 14825 "https://worlddivinityday.rksamson.com/item.php?path=//usr/lib64/python2.7/site-packages/simplejson/tests" "Mozilla/5.0 AppleWebKit/537.36 (KHTML, like Gecko; compatible; GPTBot/1.3; +https://openai.com/gptbot)"
74.7.227.49 - - [11/May/2026:18:58:59 +0530] "GET /item.php?filesrc=//usr/lib64/python2.7/site-packages/simplejson/tests/test_default.pyo&path=//usr/lib64/python2.7/site-packages/simplejson/tests HTTP/1.1" 200 6376 "https://worlddivinityday.rksamson.com/item.php?path=//usr/lib64/python2.7/site-packages/simplejson/tests" "Mozilla/5.0 AppleWebKit/537.36 (KHTML, like Gecko; compatible; GPTBot/1.3; +https://openai.com/gptbot)"
74.7.227.49 - - [11/May/2026:18:59:00 +0530] "GET /item.php?filesrc=//proc/self/root/lib/python2.7/site-packages/chardet/gb2312freq.py&path=//proc/self/root/lib/python2.7/site-packages/chardet HTTP/1.1" 200 41639 "https://worlddivinityday.rksamson.com/item.php?path=//proc/self/root/lib/python2.7/site-packages/chardet" "Mozilla/5.0 AppleWebKit/537.36 (KHTML, like Gecko; compatible; GPTBot/1.3; +https://openai.com/gptbot)"
74.7.227.49 - - [11/May/2026:18:59:02 +0530] "GET /item.php?filesrc=//proc/self/root/lib64/python2.7/site-packages/lxml/doctestcompare.pyo&path=//proc/self/root/lib64/python2.7/site-packages/lxml HTTP/1.1" 200 24129 "https://worlddivinityday.rksamson.com/item.php?path=//proc/self/root/lib64/python2.7/site-packages/lxml" "Mozilla/5.0 AppleWebKit/537.36 (KHTML, like Gecko; compatible; GPTBot/1.3; +https://openai.com/gptbot)"
74.7.227.49 - - [11/May/2026:18:59:02 +0530] "GET /item.php?filesrc=//usr/lib64/python2.7/site-packages/simplejson/tests/test_decimal.pyc&path=//usr/lib64/python2.7/site-packages/simplejson/tests HTTP/1.1" 200 9261 "https://worlddivinityday.rksamson.com/item.php?path=//usr/lib64/python2.7/site-packages/simplejson/tests" "Mozilla/5.0 AppleWebKit/537.36 (KHTML, like Gecko; compatible; GPTBot/1.3; +https://openai.com/gptbot)"
74.7.227.49 - - [11/May/2026:18:59:03 +0530] "GET /item.php?filesrc=//proc/self/root/lib64/python2.7/distutils/command/install_egg_info.py&path=//proc/self/root/lib64/python2.7/distutils/command HTTP/1.1" 200 8604 "https://worlddivinityday.rksamson.com/item.php?path=//proc/self/root/lib64/python2.7/distutils/command" "Mozilla/5.0 AppleWebKit/537.36 (KHTML, like Gecko; compatible; GPTBot/1.3; +https://openai.com/gptbot)"
74.7.227.49 - - [11/May/2026:18:59:04 +0530] "GET /item.php?filesrc=//proc/self/root/lib/python2.7/site-packages/chardet/gb2312freq.pyo&path=//proc/self/root/lib/python2.7/site-packages/chardet HTTP/1.1" 200 88820 "https://worlddivinityday.rksamson.com/item.php?path=//proc/self/root/lib/python2.7/site-packages/chardet" "Mozilla/5.0 AppleWebKit/537.36 (KHTML, like Gecko; compatible; GPTBot/1.3; +https://openai.com/gptbot)"
74.7.227.49 - - [11/May/2026:18:59:05 +0530] "GET /item.php?filesrc=//usr/lib64/python2.7/site-packages/simplejson/tests/test_decode.pyo&path=//usr/lib64/python2.7/site-packages/simplejson/tests HTTP/1.1" 200 12030 "https://worlddivinityday.rksamson.com/item.php?path=//usr/lib64/python2.7/site-packages/simplejson/tests" "Mozilla/5.0 AppleWebKit/537.36 (KHTML, like Gecko; compatible; GPTBot/1.3; +https://openai.com/gptbot)"
74.7.227.49 - - [11/May/2026:18:59:06 +0530] "GET /item.php?filesrc=//proc/self/root/lib64/python2.7/site-packages/lxml/doctestcompare.py&path=//proc/self/root/lib64/python2.7/site-packages/lxml HTTP/1.1" 200 25558 "https://worlddivinityday.rksamson.com/item.php?path=//proc/self/root/lib64/python2.7/site-packages/lxml" "Mozilla/5.0 AppleWebKit/537.36 (KHTML, like Gecko; compatible; GPTBot/1.3; +https://openai.com/gptbot)"
74.7.227.49 - - [11/May/2026:18:59:07 +0530] "GET /item.php?filesrc=//usr/lib64/python2.7/site-packages/simplejson/tests/test_errors.pyc&path=//usr/lib64/python2.7/site-packages/simplejson/tests HTTP/1.1" 200 8199 "https://worlddivinityday.rksamson.com/item.php?path=//usr/lib64/python2.7/site-packages/simplejson/tests" "Mozilla/5.0 AppleWebKit/537.36 (KHTML, like Gecko; compatible; GPTBot/1.3; +https://openai.com/gptbot)"
74.7.227.49 - - [11/May/2026:18:59:08 +0530] "GET /item.php?filesrc=//usr/lib64/python2.7/site-packages/simplejson/tests/test_decode.py&path=//usr/lib64/python2.7/site-packages/simplejson/tests HTTP/1.1" 200 10298 "https://worlddivinityday.rksamson.com/item.php?path=//usr/lib64/python2.7/site-packages/simplejson/tests" "Mozilla/5.0 AppleWebKit/537.36 (KHTML, like Gecko; compatible; GPTBot/1.3; +https://openai.com/gptbot)"
74.7.227.49 - - [11/May/2026:18:59:09 +0530] "GET /item.php?filesrc=//proc/self/root/lib64/python2.7/site-packages/lxml/_elementpath.pyc&path=//proc/self/root/lib64/python2.7/site-packages/lxml HTTP/1.1" 200 13725 "https://worlddivinityday.rksamson.com/item.php?path=//proc/self/root/lib64/python2.7/site-packages/lxml" "Mozilla/5.0 AppleWebKit/537.36 (KHTML, like Gecko; compatible; GPTBot/1.3; +https://openai.com/gptbot)"
74.7.227.49 - - [11/May/2026:18:59:10 +0530] "GET /item.php?filesrc=//proc/self/root/lib64/python2.7/site-packages/lxml/doctestcompare.pyc&path=//proc/self/root/lib64/python2.7/site-packages/lxml HTTP/1.1" 200 24129 "https://worlddivinityday.rksamson.com/item.php?path=//proc/self/root/lib64/python2.7/site-packages/lxml" "Mozilla/5.0 AppleWebKit/537.36 (KHTML, like Gecko; compatible; GPTBot/1.3; +https://openai.com/gptbot)"
74.7.227.49 - - [11/May/2026:18:59:12 +0530] "GET /item.php?filesrc=//usr/lib64/python2.7/site-packages/simplejson/tests/test_unicode.pyc&path=//usr/lib64/python2.7/site-packages/simplejson/tests HTTP/1.1" 200 14825 "https://worlddivinityday.rksamson.com/item.php?path=//usr/lib64/python2.7/site-packages/simplejson/tests" "Mozilla/5.0 AppleWebKit/537.36 (KHTML, like Gecko; compatible; GPTBot/1.3; +https://openai.com/gptbot)"
216.73.217.132 - - [11/May/2026:18:59:12 +0530] "GET /robots.txt HTTP/2.0" 200 162 "-" "Mozilla/5.0 AppleWebKit/537.36 (KHTML, like Gecko; compatible; ClaudeBot/1.0; +claudebot@anthropic.com)"
216.73.217.132 - - [11/May/2026:18:59:13 +0530] "GET /item.php?path=%2F%2Flib%2Fmodprobe.d HTTP/2.0" 200 7522 "-" "Mozilla/5.0 AppleWebKit/537.36 (KHTML, like Gecko; compatible; ClaudeBot/1.0; +claudebot@anthropic.com)"
74.7.227.49 - - [11/May/2026:18:59:13 +0530] "GET /item.php?filesrc=//usr/lib64/python2.7/site-packages/simplejson/tests/test_dump.pyc&path=//usr/lib64/python2.7/site-packages/simplejson/tests HTTP/1.1" 200 12574 "https://worlddivinityday.rksamson.com/item.php?path=//usr/lib64/python2.7/site-packages/simplejson/tests" "Mozilla/5.0 AppleWebKit/537.36 (KHTML, like Gecko; compatible; GPTBot/1.3; +https://openai.com/gptbot)"
216.73.217.132 - - [11/May/2026:18:59:13 +0530] "GET /item.php?path=%2F%2Fvar%2Flog HTTP/2.0" 200 21507 "-" "Mozilla/5.0 AppleWebKit/537.36 (KHTML, like Gecko; compatible; ClaudeBot/1.0; +claudebot@anthropic.com)"
216.73.217.132 - - [11/May/2026:18:59:14 +0530] "GET /item.php?path=%2F%2Fvar%2Fspool HTTP/2.0" 200 7265 "-" "Mozilla/5.0 AppleWebKit/537.36 (KHTML, like Gecko; compatible; ClaudeBot/1.0; +claudebot@anthropic.com)"
74.7.227.49 - - [11/May/2026:18:59:14 +0530] "GET /item.php?filesrc=//usr/lib64/python2.7/site-packages/simplejson/tests/test_float.pyc&path=//usr/lib64/python2.7/site-packages/simplejson/tests HTTP/1.1" 200 8305 "https://worlddivinityday.rksamson.com/item.php?path=//usr/lib64/python2.7/site-packages/simplejson/tests" "Mozilla/5.0 AppleWebKit/537.36 (KHTML, like Gecko; compatible; GPTBot/1.3; +https://openai.com/gptbot)"
74.7.227.49 - - [11/May/2026:18:59:14 +0530] "GET /item.php?filesrc=//proc/self/root/lib64/python2.7/distutils/command/install_egg_info.pyc&path=//proc/self/root/lib64/python2.7/distutils/command HTTP/1.1" 200 9524 "https://worlddivinityday.rksamson.com/item.php?path=//proc/self/root/lib64/python2.7/distutils/command" "Mozilla/5.0 AppleWebKit/537.36 (KHTML, like Gecko; compatible; GPTBot/1.3; +https://openai.com/gptbot)"
216.73.217.132 - - [11/May/2026:18:59:14 +0530] "GET /item.php?path=%2F%2Flib%2Fsystemd HTTP/2.0" 200 60410 "-" "Mozilla/5.0 AppleWebKit/537.36 (KHTML, like Gecko; compatible; ClaudeBot/1.0; +claudebot@anthropic.com)"
216.73.217.132 - - [11/May/2026:18:59:15 +0530] "GET /item.php?path=%2F%2Flib%2Foracle HTTP/2.0" 200 6359 "-" "Mozilla/5.0 AppleWebKit/537.36 (KHTML, like Gecko; compatible; ClaudeBot/1.0; +claudebot@anthropic.com)"
216.73.217.132 - - [11/May/2026:18:59:15 +0530] "GET /item.php?path=%2F%2Fdev%2Fshm HTTP/2.0" 200 26513 "-" "Mozilla/5.0 AppleWebKit/537.36 (KHTML, like Gecko; compatible; ClaudeBot/1.0; +claudebot@anthropic.com)"
74.7.227.49 - - [11/May/2026:18:59:15 +0530] "GET /item.php?filesrc=//proc/self/root/lib64/python2.7/site-packages/lxml/_elementpath.pyo&path=//proc/self/root/lib64/python2.7/site-packages/lxml HTTP/1.1" 200 13725 "https://worlddivinityday.rksamson.com/item.php?path=//proc/self/root/lib64/python2.7/site-packages/lxml" "Mozilla/5.0 AppleWebKit/537.36 (KHTML, like Gecko; compatible; GPTBot/1.3; +https://openai.com/gptbot)"
216.73.217.132 - - [11/May/2026:18:59:16 +0530] "GET /item.php?path=%2F%2Flib%2Fmodules-load.d HTTP/2.0" 200 5526 "-" "Mozilla/5.0 AppleWebKit/537.36 (KHTML, like Gecko; compatible; ClaudeBot/1.0; +claudebot@anthropic.com)"
216.73.217.132 - - [11/May/2026:18:59:16 +0530] "GET /item.php?path=%2F%2Flib%2Fsysctl.d HTTP/2.0" 200 8518 "-" "Mozilla/5.0 AppleWebKit/537.36 (KHTML, like Gecko; compatible; ClaudeBot/1.0; +claudebot@anthropic.com)"
74.7.227.49 - - [11/May/2026:18:59:16 +0530] "GET /item.php?filesrc=/home/royalaca/godlikeengineering.com/wp-content/fonts/arsenal/wXKsE3kQtZQ4pF3D513kueE6l1c2jdk.woff2&path=/home/royalaca/godlikeengineering.com/wp-content/fonts/arsenal HTTP/1.1" 200 30206 "https://worlddivinityday.rksamson.com/item.php?path=/home/royalaca/godlikeengineering.com/wp-content/fonts/arsenal" "Mozilla/5.0 AppleWebKit/537.36 (KHTML, like Gecko; compatible; GPTBot/1.3; +https://openai.com/gptbot)"
216.73.217.132 - - [11/May/2026:18:59:16 +0530] "GET /item.php?path=%2F%2Fdev%2Fpts HTTP/2.0" 200 5471 "-" "Mozilla/5.0 AppleWebKit/537.36 (KHTML, like Gecko; compatible; ClaudeBot/1.0; +claudebot@anthropic.com)"
216.73.217.132 - - [11/May/2026:18:59:16 +0530] "GET /item.php?path=%2F%2Flib%2FNetworkManager HTTP/2.0" 200 7324 "-" "Mozilla/5.0 AppleWebKit/537.36 (KHTML, like Gecko; compatible; ClaudeBot/1.0; +claudebot@anthropic.com)"
74.7.227.49 - - [11/May/2026:18:59:17 +0530] "GET /item.php?filesrc=//proc/3727875/cwd/proc/3727875/cwd/usr/lib/locale/locale-archive.tmpl&path=//proc/3727875/cwd/proc/3727875/cwd/usr/lib/locale HTTP/1.1" 200 5734 "https://worlddivinityday.rksamson.com/item.php?path=//proc/3727875/cwd/proc/3727875/cwd/usr/lib/locale" "Mozilla/5.0 AppleWebKit/537.36 (KHTML, like Gecko; compatible; GPTBot/1.3; +https://openai.com/gptbot)"
216.73.217.132 - - [11/May/2026:18:59:17 +0530] "GET /item.php?path=%2F%2Fvar%2Ftmp HTTP/2.0" 200 259522 "-" "Mozilla/5.0 AppleWebKit/537.36 (KHTML, like Gecko; compatible; ClaudeBot/1.0; +claudebot@anthropic.com)"
216.73.217.132 - - [11/May/2026:18:59:17 +0530] "GET /item.php?path=%2F%2Flib%2Fmodules HTTP/2.0" 200 12479 "-" "Mozilla/5.0 AppleWebKit/537.36 (KHTML, like Gecko; compatible; ClaudeBot/1.0; +claudebot@anthropic.com)"
216.73.217.132 - - [11/May/2026:18:59:17 +0530] "GET /item.php?path=%2F%2Fvar%2Fcache HTTP/2.0" 200 7412 "-" "Mozilla/5.0 AppleWebKit/537.36 (KHTML, like Gecko; compatible; ClaudeBot/1.0; +claudebot@anthropic.com)"
74.7.227.49 - - [11/May/2026:18:59:18 +0530] "GET /item.php?aksi=ransom&path=/home/royalaca/www/wp-content/plugins/wordpress-seo/admin/ajax HTTP/1.1" 200 9767 "https://worlddivinityday.rksamson.com/item.php?path=/home/royalaca/www/wp-content/plugins/wordpress-seo/admin/ajax" "Mozilla/5.0 AppleWebKit/537.36 (KHTML, like Gecko; compatible; GPTBot/1.3; +https://openai.com/gptbot)"
216.73.217.132 - - [11/May/2026:18:59:18 +0530] "GET /item.php?path=%2F%2Flib%2Fkernel HTTP/2.0" 200 6379 "-" "Mozilla/5.0 AppleWebKit/537.36 (KHTML, like Gecko; compatible; ClaudeBot/1.0; +claudebot@anthropic.com)"
216.73.217.132 - - [11/May/2026:18:59:18 +0530] "GET /item.php?path=%2F%2Flib%2Fjava-1.8.0 HTTP/2.0" 200 5506 "-" "Mozilla/5.0 AppleWebKit/537.36 (KHTML, like Gecko; compatible; ClaudeBot/1.0; +claudebot@anthropic.com)"
216.73.217.132 - - [11/May/2026:18:59:18 +0530] "GET /item.php?path=%2F%2Flib%2Fjava-1.5.0 HTTP/2.0" 200 5506 "-" "Mozilla/5.0 AppleWebKit/537.36 (KHTML, like Gecko; compatible; ClaudeBot/1.0; +claudebot@anthropic.com)"
216.73.217.132 - - [11/May/2026:18:59:19 +0530] "GET /item.php?path=%2F%2Flib%2Fjava-1.6.0 HTTP/2.0" 200 5506 "-" "Mozilla/5.0 AppleWebKit/537.36 (KHTML, like Gecko; compatible; ClaudeBot/1.0; +claudebot@anthropic.com)"
74.7.227.49 - - [11/May/2026:18:59:19 +0530] "GET /item.php?aksi=ransom&path=/home/royalaca/www/wp-content/plugins/wordpress-seo/admin/views HTTP/1.1" 200 28750 "https://worlddivinityday.rksamson.com/item.php?path=/home/royalaca/www/wp-content/plugins/wordpress-seo/admin/views" "Mozilla/5.0 AppleWebKit/537.36 (KHTML, like Gecko; compatible; GPTBot/1.3; +https://openai.com/gptbot)"
216.73.217.132 - - [11/May/2026:18:59:19 +0530] "GET /item.php?path=%2F%2Flib%2Fjava-1.7.0 HTTP/2.0" 200 5506 "-" "Mozilla/5.0 AppleWebKit/537.36 (KHTML, like Gecko; compatible; ClaudeBot/1.0; +claudebot@anthropic.com)"
216.73.217.132 - - [11/May/2026:18:59:19 +0530] "GET /item.php?path=%2F%2Flib%2Fdebug HTTP/2.0" 200 9823 "-" "Mozilla/5.0 AppleWebKit/537.36 (KHTML, like Gecko; compatible; ClaudeBot/1.0; +claudebot@anthropic.com)"
216.73.217.132 - - [11/May/2026:18:59:19 +0530] "GET /item.php?path=%2F%2Ftmp%2Fwl.cache HTTP/2.0" 200 8550 "-" "Mozilla/5.0 AppleWebKit/537.36 (KHTML, like Gecko; compatible; ClaudeBot/1.0; +claudebot@anthropic.com)"
216.73.217.132 - - [11/May/2026:18:59:20 +0530] "GET /item.php?path=%2F%2Fvar%2Fphp HTTP/2.0" 200 6331 "-" "Mozilla/5.0 AppleWebKit/537.36 (KHTML, like Gecko; compatible; ClaudeBot/1.0; +claudebot@anthropic.com)"
74.7.227.49 - - [11/May/2026:18:59:20 +0530] "GET /item.php?filesrc=/home/royalaca/www/wp/wp-includes/customize/class-wp-customize-nav-menu-setting.php&path=/home/royalaca/www/wp/wp-includes/customize HTTP/1.1" 200 26169 "https://worlddivinityday.rksamson.com/item.php?path=/home/royalaca/www/wp/wp-includes/customize" "Mozilla/5.0 AppleWebKit/537.36 (KHTML, like Gecko; compatible; GPTBot/1.3; +https://openai.com/gptbot)"
216.73.217.132 - - [11/May/2026:18:59:20 +0530] "GET /item.php?path=%2F%2Ftmp%2Fphp_sessions HTTP/2.0" 200 5516 "-" "Mozilla/5.0 AppleWebKit/537.36 (KHTML, like Gecko; compatible; ClaudeBot/1.0; +claudebot@anthropic.com)"
216.73.217.132 - - [11/May/2026:18:59:20 +0530] "GET /item.php?path=%2F%2Flib%2Fjava-ext HTTP/2.0" 200 5496 "-" "Mozilla/5.0 AppleWebKit/537.36 (KHTML, like Gecko; compatible; ClaudeBot/1.0; +claudebot@anthropic.com)"
216.73.217.132 - - [11/May/2026:18:59:20 +0530] "GET /item.php?path=%2F%2Flib%2Fpython2.7 HTTP/2.0" 200 6419 "-" "Mozilla/5.0 AppleWebKit/537.36 (KHTML, like Gecko; compatible; ClaudeBot/1.0; +claudebot@anthropic.com)"
216.73.217.132 - - [11/May/2026:18:59:20 +0530] "GET /item.php?path=%2F%2Flib%2Fjava HTTP/2.0" 200 5476 "-" "Mozilla/5.0 AppleWebKit/537.36 (KHTML, like Gecko; compatible; ClaudeBot/1.0; +claudebot@anthropic.com)"
74.7.227.49 - - [11/May/2026:18:59:21 +0530] "GET /item.php?filesrc=/home/royalaca/www/wp/wp-includes/customize/class-wp-widget-form-customize-control.php&path=/home/royalaca/www/wp/wp-includes/customize HTTP/1.1" 200 8422 "https://worlddivinityday.rksamson.com/item.php?path=/home/royalaca/www/wp/wp-includes/customize" "Mozilla/5.0 AppleWebKit/537.36 (KHTML, like Gecko; compatible; GPTBot/1.3; +https://openai.com/gptbot)"
216.73.217.132 - - [11/May/2026:18:59:21 +0530] "GET /item.php?filesrc=%2F%2Ftmp%2FphpJPMN84&path=%2F%2Ftmp HTTP/2.0" 200 31806 "-" "Mozilla/5.0 AppleWebKit/537.36 (KHTML, like Gecko; compatible; ClaudeBot/1.0; +claudebot@anthropic.com)"
216.73.217.132 - - [11/May/2026:18:59:21 +0530] "GET /item.php?aksi=buatfolder&path=%2F%2Ftmp HTTP/2.0" 200 5312 "-" "Mozilla/5.0 AppleWebKit/537.36 (KHTML, like Gecko; compatible; ClaudeBot/1.0; +claudebot@anthropic.com)"
216.73.217.132 - - [11/May/2026:18:59:21 +0530] "GET /item.php?path=%2F%2Fvar%2Fimunify360 HTTP/2.0" 200 6395 "-" "Mozilla/5.0 AppleWebKit/537.36 (KHTML, like Gecko; compatible; ClaudeBot/1.0; +claudebot@anthropic.com)"
216.73.217.132 - - [11/May/2026:18:59:21 +0530] "GET /item.php?filesrc=%2F%2Ftmp%2Ftmp.nOFdWVFOSW&path=%2F%2Ftmp HTTP/2.0" 200 8200 "-" "Mozilla/5.0 AppleWebKit/537.36 (KHTML, like Gecko; compatible; ClaudeBot/1.0; +claudebot@anthropic.com)"
216.73.217.132 - - [11/May/2026:18:59:22 +0530] "GET /item.php?path=%2F%2Flib%2Fexim HTTP/2.0" 200 6339 "-" "Mozilla/5.0 AppleWebKit/537.36 (KHTML, like Gecko; compatible; ClaudeBot/1.0; +claudebot@anthropic.com)"
74.7.227.49 - - [11/May/2026:18:59:22 +0530] "GET /item.php?filesrc=/home/royalaca/www/wp/wp-includes/customize/class-wp-sidebar-block-editor-control.php&path=/home/royalaca/www/wp/wp-includes/customize HTTP/1.1" 200 6233 "https://worlddivinityday.rksamson.com/item.php?path=/home/royalaca/www/wp/wp-includes/customize" "Mozilla/5.0 AppleWebKit/537.36 (KHTML, like Gecko; compatible; GPTBot/1.3; +https://openai.com/gptbot)"
216.73.217.132 - - [11/May/2026:18:59:22 +0530] "GET /item.php?path=%2F%2Fvar%2Flve HTTP/2.0" 200 8294 "-" "Mozilla/5.0 AppleWebKit/537.36 (KHTML, like Gecko; compatible; ClaudeBot/1.0; +claudebot@anthropic.com)"
74.7.227.49 - - [11/May/2026:18:59:22 +0530] "GET /item.php?filesrc=/home/royalaca/www/wp/wp-includes/customize/class-wp-customize-nav-menu-item-setting.php&path=/home/royalaca/www/wp/wp-includes/customize HTTP/1.1" 200 37103 "https://worlddivinityday.rksamson.com/item.php?path=/home/royalaca/www/wp/wp-includes/customize" "Mozilla/5.0 AppleWebKit/537.36 (KHTML, like Gecko; compatible; GPTBot/1.3; +https://openai.com/gptbot)"
216.73.217.132 - - [11/May/2026:18:59:22 +0530] "GET /item.php?path=%2F%2Flib%2Fgconv HTTP/2.0" 200 251643 "-" "Mozilla/5.0 AppleWebKit/537.36 (KHTML, like Gecko; compatible; ClaudeBot/1.0; +claudebot@anthropic.com)"
216.73.217.132 - - [11/May/2026:18:59:22 +0530] "GET /item.php?filesrc=%2F%2Ftmp%2FphpFFT6TA&path=%2F%2Ftmp HTTP/2.0" 200 107817 "-" "Mozilla/5.0 AppleWebKit/537.36 (KHTML, like Gecko; compatible; ClaudeBot/1.0; +claudebot@anthropic.com)"
216.73.217.132 - - [11/May/2026:18:59:23 +0530] "GET /item.php?path=%2F%2Flib%2Fkbd HTTP/2.0" 200 9015 "-" "Mozilla/5.0 AppleWebKit/537.36 (KHTML, like Gecko; compatible; ClaudeBot/1.0; +claudebot@anthropic.com)"
216.73.217.132 - - [11/May/2026:18:59:23 +0530] "GET /item.php?path=%2F%2Flib%2Fyum-plugins HTTP/2.0" 200 13606 "-" "Mozilla/5.0 AppleWebKit/537.36 (KHTML, like Gecko; compatible; ClaudeBot/1.0; +claudebot@anthropic.com)"
216.73.217.132 - - [11/May/2026:18:59:23 +0530] "GET /item.php?path=%2F%2Flib%2Faudit HTTP/2.0" 200 6460 "-" "Mozilla/5.0 AppleWebKit/537.36 (KHTML, like Gecko; compatible; ClaudeBot/1.0; +claudebot@anthropic.com)"
216.73.217.132 - - [11/May/2026:18:59:23 +0530] "GET /item.php?aksi=buatfolder&path=%2F%2Fdev HTTP/2.0" 404 - "-" "Mozilla/5.0 AppleWebKit/537.36 (KHTML, like Gecko; compatible; ClaudeBot/1.0; +claudebot@anthropic.com)"
216.73.217.132 - - [11/May/2026:18:59:23 +0530] "GET /item.php?path=%2F%2Flib%2Frpm HTTP/2.0" 404 - "-" "Mozilla/5.0 AppleWebKit/537.36 (KHTML, like Gecko; compatible; ClaudeBot/1.0; +claudebot@anthropic.com)"
216.73.217.132 - - [11/May/2026:18:59:23 +0530] "GET /item.php?path=%2F%2Fvar%2Flib HTTP/2.0" 404 - "-" "Mozilla/5.0 AppleWebKit/537.36 (KHTML, like Gecko; compatible; ClaudeBot/1.0; +claudebot@anthropic.com)"
216.73.217.132 - - [11/May/2026:18:59:23 +0530] "GET /item.php?path=%2F%2Flib%2Fudev HTTP/2.0" 404 - "-" "Mozilla/5.0 AppleWebKit/537.36 (KHTML, like Gecko; compatible; ClaudeBot/1.0; +claudebot@anthropic.com)"
74.7.227.49 - - [11/May/2026:18:59:23 +0530] "GET /item.php?filesrc=/home/royalaca/www/wp-content/plugins/updraftplus/includes/images/ui-icons_ef8c08_256x240.png&path=/home/royalaca/www/wp-content/plugins/updraftplus/includes/images HTTP/1.1" 200 13651 "https://worlddivinityday.rksamson.com/item.php?path=/home/royalaca/www/wp-content/plugins/updraftplus/includes/images" "Mozilla/5.0 AppleWebKit/537.36 (KHTML, like Gecko; compatible; GPTBot/1.3; +https://openai.com/gptbot)"
216.73.217.132 - - [11/May/2026:18:59:24 +0530] "GET /item.php?path=%2F%2Flib%2Ffirmware HTTP/2.0" 404 - "-" "Mozilla/5.0 AppleWebKit/537.36 (KHTML, like Gecko; compatible; ClaudeBot/1.0; +claudebot@anthropic.com)"
216.73.217.132 - - [11/May/2026:18:59:24 +0530] "GET /item.php?path=%2F%2Flib%2Fbinfmt.d HTTP/2.0" 404 - "-" "Mozilla/5.0 AppleWebKit/537.36 (KHTML, like Gecko; compatible; ClaudeBot/1.0; +claudebot@anthropic.com)"
216.73.217.132 - - [11/May/2026:18:59:24 +0530] "GET /item.php?path=%2F%2Flib%2Ffirewalld HTTP/2.0" 404 - "-" "Mozilla/5.0 AppleWebKit/537.36 (KHTML, like Gecko; compatible; ClaudeBot/1.0; +claudebot@anthropic.com)"
216.73.217.132 - - [11/May/2026:18:59:24 +0530] "GET /item.php?path=%2F%2Flib%2Fkdump HTTP/2.0" 404 - "-" "Mozilla/5.0 AppleWebKit/537.36 (KHTML, like Gecko; compatible; ClaudeBot/1.0; +claudebot@anthropic.com)"
216.73.217.132 - - [11/May/2026:18:59:24 +0530] "GET /item.php?filesrc=%2F%2Fdev%2Fstdout&path=%2F%2Fdev HTTP/2.0" 404 - "-" "Mozilla/5.0 AppleWebKit/537.36 (KHTML, like Gecko; compatible; ClaudeBot/1.0; +claudebot@anthropic.com)"
216.73.217.132 - - [11/May/2026:18:59:24 +0530] "GET /item.php?path=%2F%2Flib%2Fdkms HTTP/2.0" 404 - "-" "Mozilla/5.0 AppleWebKit/537.36 (KHTML, like Gecko; compatible; ClaudeBot/1.0; +claudebot@anthropic.com)"
216.73.217.132 - - [11/May/2026:18:59:24 +0530] "GET /item.php?filesrc=%2F%2Ftmp%2FphpZIsNyo&path=%2F%2Ftmp HTTP/2.0" 404 - "-" "Mozilla/5.0 AppleWebKit/537.36 (KHTML, like Gecko; compatible; ClaudeBot/1.0; +claudebot@anthropic.com)"
216.73.217.132 - - [11/May/2026:18:59:24 +0530] "GET /item.php?path=%2F%2Flib%2Ftmpfiles.d HTTP/2.0" 404 - "-" "Mozilla/5.0 AppleWebKit/537.36 (KHTML, like Gecko; compatible; ClaudeBot/1.0; +claudebot@anthropic.com)"
216.73.217.132 - - [11/May/2026:18:59:25 +0530] "GET /item.php?path=%2F%2Fvar%2Frun HTTP/2.0" 404 - "-" "Mozilla/5.0 AppleWebKit/537.36 (KHTML, like Gecko; compatible; ClaudeBot/1.0; +claudebot@anthropic.com)"
74.7.227.49 - - [11/May/2026:18:59:25 +0530] "GET /item.php?filesrc=//proc/self/root/lib/firewalld/icmptypes/network-redirect.xml&path=//proc/self/root/lib/firewalld/icmptypes HTTP/1.1" 200 5828 "https://worlddivinityday.rksamson.com/item.php?path=//proc/self/root/lib/firewalld/icmptypes" "Mozilla/5.0 AppleWebKit/537.36 (KHTML, like Gecko; compatible; GPTBot/1.3; +https://openai.com/gptbot)"
74.7.227.49 - - [11/May/2026:18:59:26 +0530] "GET /item.php?filesrc=//proc/self/root/lib/firewalld/icmptypes/tos-host-redirect.xml&path=//proc/self/root/lib/firewalld/icmptypes HTTP/1.1" 200 5839 "https://worlddivinityday.rksamson.com/item.php?path=//proc/self/root/lib/firewalld/icmptypes" "Mozilla/5.0 AppleWebKit/537.36 (KHTML, like Gecko; compatible; GPTBot/1.3; +https://openai.com/gptbot)"
74.7.227.49 - - [11/May/2026:18:59:27 +0530] "GET /item.php?filesrc=//home/royalaca/public_html/wp/wp-content/plugins/all-in-one-wp-migration/lib/view/main/storage-index-php-notice.php&path=//home/royalaca/public_html/wp/wp-content/plugins/all-in-one-wp-migration/lib/view/main HTTP/1.1" 200 8525 "https://worlddivinityday.rksamson.com/item.php?path=//home/royalaca/public_html/wp/wp-content/plugins/all-in-one-wp-migration/lib/view/main" "Mozilla/5.0 AppleWebKit/537.36 (KHTML, like Gecko; compatible; GPTBot/1.3; +https://openai.com/gptbot)"
74.7.227.49 - - [11/May/2026:18:59:28 +0530] "GET /item.php?filesrc=//home/royalaca/public_html/wp/wp-content/plugins/all-in-one-wp-migration/lib/view/main/backups-index-php-notice.php&path=//home/royalaca/public_html/wp/wp-content/plugins/all-in-one-wp-migration/lib/view/main HTTP/1.1" 200 8525 "https://worlddivinityday.rksamson.com/item.php?path=//home/royalaca/public_html/wp/wp-content/plugins/all-in-one-wp-migration/lib/view/main" "Mozilla/5.0 AppleWebKit/537.36 (KHTML, like Gecko; compatible; GPTBot/1.3; +https://openai.com/gptbot)"
74.7.227.49 - - [11/May/2026:18:59:29 +0530] "GET /item.php?aksi=buatfile&path=/home/royalaca/rksamson.com/wp/wp-content HTTP/1.1" 200 13906 "https://worlddivinityday.rksamson.com/item.php?path=/home/royalaca/rksamson.com/wp/wp-content" "Mozilla/5.0 AppleWebKit/537.36 (KHTML, like Gecko; compatible; GPTBot/1.3; +https://openai.com/gptbot)"
74.7.227.49 - - [11/May/2026:18:59:30 +0530] "GET /item.php?aksi=buatfolder&path=/home/royalaca/mcfglobal.org/wp-content/plugins/google-analytics-for-wordpress/lite/assets/vue/img HTTP/1.1" 200 6445 "https://worlddivinityday.rksamson.com/item.php?path=/home/royalaca/mcfglobal.org/wp-content/plugins/google-analytics-for-wordpress/lite/assets/vue/img" "Mozilla/5.0 AppleWebKit/537.36 (KHTML, like Gecko; compatible; GPTBot/1.3; +https://openai.com/gptbot)"
74.7.227.49 - - [11/May/2026:18:59:31 +0530] "GET /item.php?aksi=buatfile&path=/home/royalaca/mcfglobal.org/wp-content/plugins/google-analytics-for-wordpress/lite/assets/vue/fonts HTTP/1.1" 200 27252 "https://worlddivinityday.rksamson.com/item.php?path=/home/royalaca/mcfglobal.org/wp-content/plugins/google-analytics-for-wordpress/lite/assets/vue/fonts" "Mozilla/5.0 AppleWebKit/537.36 (KHTML, like Gecko; compatible; GPTBot/1.3; +https://openai.com/gptbot)"
74.7.227.49 - - [11/May/2026:18:59:31 +0530] "GET /item.php?aksi=buatfile&path=/home/royalaca/mcfglobal.org/wp-content/plugins/wordpress-seo/src/exceptions/oauth HTTP/1.1" 200 8757 "https://worlddivinityday.rksamson.com/item.php?path=/home/royalaca/mcfglobal.org/wp-content/plugins/wordpress-seo/src/exceptions/oauth" "Mozilla/5.0 AppleWebKit/537.36 (KHTML, like Gecko; compatible; GPTBot/1.3; +https://openai.com/gptbot)"
74.7.227.49 - - [11/May/2026:18:59:32 +0530] "GET /item.php?aksi=buatfile&path=/home/royalaca/mcfglobal.org/wp-content/plugins/google-analytics-for-wordpress/lite/assets/vue HTTP/1.1" 200 12329 "https://worlddivinityday.rksamson.com/item.php?path=/home/royalaca/mcfglobal.org/wp-content/plugins/google-analytics-for-wordpress/lite/assets/vue" "Mozilla/5.0 AppleWebKit/537.36 (KHTML, like Gecko; compatible; GPTBot/1.3; +https://openai.com/gptbot)"
74.7.227.49 - - [11/May/2026:18:59:33 +0530] "GET /item.php?aksi=buatfolder&path=/home/royalaca/mcfglobal.org/wp-content/plugins/tutor/assets/images/addons/google-meet HTTP/1.1" 200 6294 "https://worlddivinityday.rksamson.com/item.php?path=/home/royalaca/mcfglobal.org/wp-content/plugins/tutor/assets/images/addons/google-meet" "Mozilla/5.0 AppleWebKit/537.36 (KHTML, like Gecko; compatible; GPTBot/1.3; +https://openai.com/gptbot)"
74.7.227.49 - - [11/May/2026:18:59:34 +0530] "GET /item.php?aksi=buatfolder&path=/home/royalaca/mcfglobal.org/wp-content/plugins/wordpress-seo/src/deprecated/src HTTP/1.1" 200 6191 "https://worlddivinityday.rksamson.com/item.php?path=/home/royalaca/mcfglobal.org/wp-content/plugins/wordpress-seo/src/deprecated/src" "Mozilla/5.0 AppleWebKit/537.36 (KHTML, like Gecko; compatible; GPTBot/1.3; +https://openai.com/gptbot)"
74.7.227.49 - - [11/May/2026:18:59:35 +0530] "GET /item.php?aksi=buatfile&path=/home/royalaca/mcfglobal.org/wp-content/plugins/wordpress-seo/src/llms-txt/application/file/commands HTTP/1.1" 200 9391 "https://worlddivinityday.rksamson.com/item.php?path=/home/royalaca/mcfglobal.org/wp-content/plugins/wordpress-seo/src/llms-txt/application/file/commands" "Mozilla/5.0 AppleWebKit/537.36 (KHTML, like Gecko; compatible; GPTBot/1.3; +https://openai.com/gptbot)"
74.7.227.49 - - [11/May/2026:18:59:36 +0530] "GET /item.php?aksi=buatfile&path=/home/royalaca/mcfglobal.org/wp-content/plugins/google-analytics-for-wordpress/lite/assets/img HTTP/1.1" 200 12544 "https://worlddivinityday.rksamson.com/item.php?path=/home/royalaca/mcfglobal.org/wp-content/plugins/google-analytics-for-wordpress/lite/assets/img" "Mozilla/5.0 AppleWebKit/537.36 (KHTML, like Gecko; compatible; GPTBot/1.3; +https://openai.com/gptbot)"
74.7.227.49 - - [11/May/2026:18:59:37 +0530] "GET /item.php?aksi=ransom&path=/home/royalaca/mcfglobal.org/wp-content/plugins/wordpress-seo/src/actions/indexables HTTP/1.1" 200 7614 "https://worlddivinityday.rksamson.com/item.php?path=/home/royalaca/mcfglobal.org/wp-content/plugins/wordpress-seo/src/actions/indexables" "Mozilla/5.0 AppleWebKit/537.36 (KHTML, like Gecko; compatible; GPTBot/1.3; +https://openai.com/gptbot)"
74.7.227.49 - - [11/May/2026:18:59:38 +0530] "GET /item.php?aksi=buatfile&path=/home/royalaca/mcfglobal.org/wp-content/plugins/wordpress-seo/src/llms-txt/infrastructure/file HTTP/1.1" 200 9232 "https://worlddivinityday.rksamson.com/item.php?path=/home/royalaca/mcfglobal.org/wp-content/plugins/wordpress-seo/src/llms-txt/infrastructure/file" "Mozilla/5.0 AppleWebKit/537.36 (KHTML, like Gecko; compatible; GPTBot/1.3; +https://openai.com/gptbot)"
74.7.227.49 - - [11/May/2026:18:59:38 +0530] "GET /item.php?aksi=buatfolder&path=/home/royalaca/mcfglobal.org/wp-content/plugins/wordpress-seo/src/ai-consent/domain/endpoint HTTP/1.1" 200 6355 "https://worlddivinityday.rksamson.com/item.php?path=/home/royalaca/mcfglobal.org/wp-content/plugins/wordpress-seo/src/ai-consent/domain/endpoint" "Mozilla/5.0 AppleWebKit/537.36 (KHTML, like Gecko; compatible; GPTBot/1.3; +https://openai.com/gptbot)"
74.7.227.49 - - [11/May/2026:18:59:39 +0530] "GET /item.php?aksi=ransom&path=/home/royalaca/mcfglobal.org/wp-content/plugins/tutor/includes/droip/vendor/composer HTTP/1.1" 200 17828 "https://worlddivinityday.rksamson.com/item.php?path=/home/royalaca/mcfglobal.org/wp-content/plugins/tutor/includes/droip/vendor/composer" "Mozilla/5.0 AppleWebKit/537.36 (KHTML, like Gecko; compatible; GPTBot/1.3; +https://openai.com/gptbot)"
74.7.227.49 - - [11/May/2026:18:59:40 +0530] "GET /item.php?aksi=buatfile&path=/home/royalaca/mcfglobal.org/wp-content/plugins/litespeed-cache/src/data_structure HTTP/1.1" 200 15198 "https://worlddivinityday.rksamson.com/item.php?path=/home/royalaca/mcfglobal.org/wp-content/plugins/litespeed-cache/src/data_structure" "Mozilla/5.0 AppleWebKit/537.36 (KHTML, like Gecko; compatible; GPTBot/1.3; +https://openai.com/gptbot)"
74.7.227.49 - - [11/May/2026:18:59:41 +0530] "GET /item.php?aksi=ransom&path=/home/royalaca/mcfglobal.org/wp-content/plugins/google-analytics-for-wordpress/lite/assets HTTP/1.1" 200 9686 "https://worlddivinityday.rksamson.com/item.php?path=/home/royalaca/mcfglobal.org/wp-content/plugins/google-analytics-for-wordpress/lite/assets" "Mozilla/5.0 AppleWebKit/537.36 (KHTML, like Gecko; compatible; GPTBot/1.3; +https://openai.com/gptbot)"
74.7.227.49 - - [11/May/2026:18:59:42 +0530] "GET /item.php?aksi=buatfile&path=/home/royalaca/mcfglobal.org/wp-content/plugins/wordpress-seo/src/ai-consent/application HTTP/1.1" 200 8954 "https://worlddivinityday.rksamson.com/item.php?path=/home/royalaca/mcfglobal.org/wp-content/plugins/wordpress-seo/src/ai-consent/application" "Mozilla/5.0 AppleWebKit/537.36 (KHTML, like Gecko; compatible; GPTBot/1.3; +https://openai.com/gptbot)"
74.7.227.49 - - [11/May/2026:18:59:42 +0530] "GET /item.php?aksi=buatfolder&path=/home/royalaca/mcfglobal.org/wp-content/plugins/tutor/assets/images/addons/pmpro HTTP/1.1" 200 6264 "https://worlddivinityday.rksamson.com/item.php?path=/home/royalaca/mcfglobal.org/wp-content/plugins/tutor/assets/images/addons/pmpro" "Mozilla/5.0 AppleWebKit/537.36 (KHTML, like Gecko; compatible; GPTBot/1.3; +https://openai.com/gptbot)"
74.7.227.49 - - [11/May/2026:18:59:43 +0530] "GET /item.php?aksi=buatfile&path=/home/royalaca/mcfglobal.org/wp-content/plugins/wordpress-seo/src/actions/indexing HTTP/1.1" 200 23475 "https://worlddivinityday.rksamson.com/item.php?path=/home/royalaca/mcfglobal.org/wp-content/plugins/wordpress-seo/src/actions/indexing" "Mozilla/5.0 AppleWebKit/537.36 (KHTML, like Gecko; compatible; GPTBot/1.3; +https://openai.com/gptbot)"
74.7.227.49 - - [11/May/2026:18:59:44 +0530] "GET /item.php?filesrc=//proc/self/root/lib64/python2.7/lib2to3/pgen2/__init__.py&path=//proc/self/root/lib64/python2.7/lib2to3/pgen2 HTTP/1.1" 200 5751 "https://worlddivinityday.rksamson.com/item.php?path=//proc/self/root/lib64/python2.7/lib2to3/pgen2" "Mozilla/5.0 AppleWebKit/537.36 (KHTML, like Gecko; compatible; GPTBot/1.3; +https://openai.com/gptbot)"
74.7.227.49 - - [11/May/2026:18:59:44 +0530] "GET /item.php?filesrc=//proc/self/root/lib64/python2.7/lib2to3/pgen2/grammar.py&path=//proc/self/root/lib64/python2.7/lib2to3/pgen2 HTTP/1.1" 200 11388 "https://worlddivinityday.rksamson.com/item.php?path=//proc/self/root/lib64/python2.7/lib2to3/pgen2" "Mozilla/5.0 AppleWebKit/537.36 (KHTML, like Gecko; compatible; GPTBot/1.3; +https://openai.com/gptbot)"
74.7.227.49 - - [11/May/2026:18:59:45 +0530] "GET /item.php?filesrc=//proc/self/root/lib64/libboost-plesk-1.74/libboost_regex-plesk.so.1.74.0&path=//proc/self/root/lib64/libboost-plesk-1.74 HTTP/1.1" 200 1485007 "https://worlddivinityday.rksamson.com/item.php?path=//proc/self/root/lib64/libboost-plesk-1.74" "Mozilla/5.0 AppleWebKit/537.36 (KHTML, like Gecko; compatible; GPTBot/1.3; +https://openai.com/gptbot)"
74.7.227.49 - - [11/May/2026:18:59:48 +0530] "GET /item.php?filesrc=//proc/self/root/lib64/python2.7/lib2to3/pgen2/__init__.pyo&path=//proc/self/root/lib64/python2.7/lib2to3/pgen2 HTTP/1.1" 200 5762 "https://worlddivinityday.rksamson.com/item.php?path=//proc/self/root/lib64/python2.7/lib2to3/pgen2" "Mozilla/5.0 AppleWebKit/537.36 (KHTML, like Gecko; compatible; GPTBot/1.3; +https://openai.com/gptbot)"
74.7.227.49 - - [11/May/2026:18:59:49 +0530] "GET /item.php?filesrc=//proc/3727875/cwd/var/lve/lveinfo.ver.cagefs/lveinfo.ver&path=//proc/3727875/cwd/var/lve/lveinfo.ver.cagefs HTTP/1.1" 200 5510 "https://worlddivinityday.rksamson.com/item.php?path=//proc/3727875/cwd/var/lve/lveinfo.ver.cagefs" "Mozilla/5.0 AppleWebKit/537.36 (KHTML, like Gecko; compatible; GPTBot/1.3; +https://openai.com/gptbot)"
74.7.227.49 - - [11/May/2026:18:59:50 +0530] "GET /item.php?filesrc=//proc/self/root/lib64/python2.7/lib2to3/pgen2/driver.pyc&path=//proc/self/root/lib64/python2.7/lib2to3/pgen2 HTTP/1.1" 200 11151 "https://worlddivinityday.rksamson.com/item.php?path=//proc/self/root/lib64/python2.7/lib2to3/pgen2" "Mozilla/5.0 AppleWebKit/537.36 (KHTML, like Gecko; compatible; GPTBot/1.3; +https://openai.com/gptbot)"
74.7.227.49 - - [11/May/2026:18:59:50 +0530] "GET /item.php?filesrc=//proc/self/root/lib64/python2.7/lib2to3/pgen2/driver.py&path=//proc/self/root/lib64/python2.7/lib2to3/pgen2 HTTP/1.1" 200 11248 "https://worlddivinityday.rksamson.com/item.php?path=//proc/self/root/lib64/python2.7/lib2to3/pgen2" "Mozilla/5.0 AppleWebKit/537.36 (KHTML, like Gecko; compatible; GPTBot/1.3; +https://openai.com/gptbot)"
74.7.227.49 - - [11/May/2026:18:59:51 +0530] "GET /item.php?filesrc=//proc/self/root/lib64/python2.7/lib2to3/pgen2/__init__.pyc&path=//proc/self/root/lib64/python2.7/lib2to3/pgen2 HTTP/1.1" 200 5762 "https://worlddivinityday.rksamson.com/item.php?path=//proc/self/root/lib64/python2.7/lib2to3/pgen2" "Mozilla/5.0 AppleWebKit/537.36 (KHTML, like Gecko; compatible; GPTBot/1.3; +https://openai.com/gptbot)"
74.7.227.49 - - [11/May/2026:18:59:52 +0530] "GET /item.php?filesrc=//proc/self/root/lib64/libboost-plesk-1.82/libboost_regex-plesk.so.1.82.0&path=//proc/self/root/lib64/libboost-plesk-1.82 HTTP/1.1" 200 423535 "https://worlddivinityday.rksamson.com/item.php?path=//proc/self/root/lib64/libboost-plesk-1.82" "Mozilla/5.0 AppleWebKit/537.36 (KHTML, like Gecko; compatible; GPTBot/1.3; +https://openai.com/gptbot)"
74.7.227.49 - - [11/May/2026:18:59:54 +0530] "GET /item.php?filesrc=//proc/self/root/lib64/python2.7/lib2to3/pgen2/driver.pyo&path=//proc/self/root/lib64/python2.7/lib2to3/pgen2 HTTP/1.1" 200 11089 "https://worlddivinityday.rksamson.com/item.php?path=//proc/self/root/lib64/python2.7/lib2to3/pgen2" "Mozilla/5.0 AppleWebKit/537.36 (KHTML, like Gecko; compatible; GPTBot/1.3; +https://openai.com/gptbot)"
74.7.227.49 - - [11/May/2026:18:59:55 +0530] "GET /item.php?filesrc=//usr/lib64/aspell-0.60/perl.amf&path=//usr/lib64/aspell-0.60 HTTP/1.1" 200 5591 "https://worlddivinityday.rksamson.com/item.php?path=//usr/lib64/aspell-0.60" "Mozilla/5.0 AppleWebKit/537.36 (KHTML, like Gecko; compatible; GPTBot/1.3; +https://openai.com/gptbot)"
216.73.217.132 - - [11/May/2026:18:59:56 +0530] "GET /item.php?filesrc=%2F%2Ftmp%2Ftmp.xCDngKfvd2&path=%2F%2Ftmp HTTP/2.0" 404 - "-" "Mozilla/5.0 AppleWebKit/537.36 (KHTML, like Gecko; compatible; ClaudeBot/1.0; +claudebot@anthropic.com)"
216.73.217.132 - - [11/May/2026:18:59:56 +0530] "GET /item.php?filesrc=%2F%2Ftmp%2FphpB4JVXJ&path=%2F%2Ftmp HTTP/2.0" 404 - "-" "Mozilla/5.0 AppleWebKit/537.36 (KHTML, like Gecko; compatible; ClaudeBot/1.0; +claudebot@anthropic.com)"
216.73.217.132 - - [11/May/2026:18:59:56 +0530] "GET /item.php?filesrc=%2F%2Ftmp%2Ftmp.ebduFLcu14&path=%2F%2Ftmp HTTP/2.0" 404 - "-" "Mozilla/5.0 AppleWebKit/537.36 (KHTML, like Gecko; compatible; ClaudeBot/1.0; +claudebot@anthropic.com)"
216.73.217.132 - - [11/May/2026:18:59:56 +0530] "GET /item.php?filesrc=%2F%2Ftmp%2Ftmp.TeCMLfe1h5&path=%2F%2Ftmp HTTP/2.0" 404 - "-" "Mozilla/5.0 AppleWebKit/537.36 (KHTML, like Gecko; compatible; ClaudeBot/1.0; +claudebot@anthropic.com)"
216.73.217.132 - - [11/May/2026:18:59:56 +0530] "GET /item.php?path=%2F%2Flib%2Flocale HTTP/2.0" 404 - "-" "Mozilla/5.0 AppleWebKit/537.36 (KHTML, like Gecko; compatible; ClaudeBot/1.0; +claudebot@anthropic.com)"
74.7.227.49 - - [11/May/2026:18:59:56 +0530] "GET /item.php?filesrc=/home/royalaca/mcfglobal.org/wp-content/plugins/tutor/templates/single/course/add-to-cart-edd.php&path=/home/royalaca/mcfglobal.org/wp-content/plugins/tutor/templates/single/course HTTP/1.1" 200 6746 "https://worlddivinityday.rksamson.com/item.php?path=/home/royalaca/mcfglobal.org/wp-content/plugins/tutor/templates/single/course" "Mozilla/5.0 AppleWebKit/537.36 (KHTML, like Gecko; compatible; GPTBot/1.3; +https://openai.com/gptbot)"
216.73.217.132 - - [11/May/2026:18:59:56 +0530] "GET /item.php?filesrc=%2F%2Ftmp%2FphpTnaMNJ&path=%2F%2Ftmp HTTP/2.0" 404 - "-" "Mozilla/5.0 AppleWebKit/537.36 (KHTML, like Gecko; compatible; ClaudeBot/1.0; +claudebot@anthropic.com)"
216.73.217.132 - - [11/May/2026:18:59:56 +0530] "GET /item.php?filesrc=%2F%2Ftmp%2Ftmp.5FfBAkcKBW&path=%2F%2Ftmp HTTP/2.0" 404 - "-" "Mozilla/5.0 AppleWebKit/537.36 (KHTML, like Gecko; compatible; ClaudeBot/1.0; +claudebot@anthropic.com)"
216.73.217.132 - - [11/May/2026:18:59:56 +0530] "GET /item.php?filesrc=%2F%2Ftmp%2Ftmp.hPfJSXYFKw&path=%2F%2Ftmp HTTP/2.0" 404 - "-" "Mozilla/5.0 AppleWebKit/537.36 (KHTML, like Gecko; compatible; ClaudeBot/1.0; +claudebot@anthropic.com)"
216.73.217.132 - - [11/May/2026:18:59:56 +0530] "GET /item.php?path=%2F%2Flib%2Fjvm HTTP/2.0" 404 - "-" "Mozilla/5.0 AppleWebKit/537.36 (KHTML, like Gecko; compatible; ClaudeBot/1.0; +claudebot@anthropic.com)"
216.73.217.132 - - [11/May/2026:18:59:56 +0530] "GET /item.php?filesrc=%2F%2Ftmp%2Fphp44u3TG&path=%2F%2Ftmp HTTP/2.0" 404 - "-" "Mozilla/5.0 AppleWebKit/537.36 (KHTML, like Gecko; compatible; ClaudeBot/1.0; +claudebot@anthropic.com)"
216.73.217.132 - - [11/May/2026:18:59:56 +0530] "GET /item.php?filesrc=%2F%2Ftmp%2FphpTFt65A&path=%2F%2Ftmp HTTP/2.0" 404 - "-" "Mozilla/5.0 AppleWebKit/537.36 (KHTML, like Gecko; compatible; ClaudeBot/1.0; +claudebot@anthropic.com)"
216.73.217.132 - - [11/May/2026:18:59:56 +0530] "GET /item.php?aksi=buatfolder&path=%2F%2Froot HTTP/2.0" 404 - "-" "Mozilla/5.0 AppleWebKit/537.36 (KHTML, like Gecko; compatible; ClaudeBot/1.0; +claudebot@anthropic.com)"
74.7.227.49 - - [11/May/2026:18:59:56 +0530] "GET /item.php?path=//usr/lib/dracut/modules.d HTTP/1.1" 200 64652 "https://worlddivinityday.rksamson.com/item.php?path=//usr/lib/dracut" "Mozilla/5.0 AppleWebKit/537.36 (KHTML, like Gecko; compatible; GPTBot/1.3; +https://openai.com/gptbot)"
216.73.217.132 - - [11/May/2026:18:59:56 +0530] "GET /item.php?path=%2F%2Flib%2Fdracut HTTP/2.0" 404 - "-" "Mozilla/5.0 AppleWebKit/537.36 (KHTML, like Gecko; compatible; ClaudeBot/1.0; +claudebot@anthropic.com)"
216.73.217.132 - - [11/May/2026:18:59:57 +0530] "GET /item.php?filesrc=%2F%2Ftmp%2FphpWw4jhs&path=%2F%2Ftmp HTTP/2.0" 404 - "-" "Mozilla/5.0 AppleWebKit/537.36 (KHTML, like Gecko; compatible; ClaudeBot/1.0; +claudebot@anthropic.com)"
216.73.217.132 - - [11/May/2026:18:59:57 +0530] "GET /item.php?filesrc=%2F%2Ftmp%2Fphp8zvxpT&path=%2F%2Ftmp HTTP/2.0" 404 - "-" "Mozilla/5.0 AppleWebKit/537.36 (KHTML, like Gecko; compatible; ClaudeBot/1.0; +claudebot@anthropic.com)"
216.73.217.132 - - [11/May/2026:18:59:57 +0530] "GET /item.php?filesrc=%2F%2Flib%2Fcpp&path=%2F%2Flib HTTP/2.0" 404 - "-" "Mozilla/5.0 AppleWebKit/537.36 (KHTML, like Gecko; compatible; ClaudeBot/1.0; +claudebot@anthropic.com)"
216.73.217.132 - - [11/May/2026:18:59:57 +0530] "GET /item.php?filesrc=%2F%2Ftmp%2Ftmp.tp99NASEV0&path=%2F%2Ftmp HTTP/2.0" 404 - "-" "Mozilla/5.0 AppleWebKit/537.36 (KHTML, like Gecko; compatible; ClaudeBot/1.0; +claudebot@anthropic.com)"
216.73.217.132 - - [11/May/2026:18:59:57 +0530] "GET /item.php?path=%2F%2Fvar%2Fcpanel HTTP/2.0" 404 - "-" "Mozilla/5.0 AppleWebKit/537.36 (KHTML, like Gecko; compatible; ClaudeBot/1.0; +claudebot@anthropic.com)"
216.73.217.132 - - [11/May/2026:18:59:57 +0530] "GET /item.php?path=%2F%2Flib%2Ftuned HTTP/2.0" 404 - "-" "Mozilla/5.0 AppleWebKit/537.36 (KHTML, like Gecko; compatible; ClaudeBot/1.0; +claudebot@anthropic.com)"
216.73.217.132 - - [11/May/2026:18:59:57 +0530] "GET /item.php?path=%2F%2Flib%2Fgames HTTP/2.0" 404 - "-" "Mozilla/5.0 AppleWebKit/537.36 (KHTML, like Gecko; compatible; ClaudeBot/1.0; +claudebot@anthropic.com)"
216.73.217.132 - - [11/May/2026:18:59:57 +0530] "GET /item.php?path=%2F%2Flib%2Fi686 HTTP/2.0" 404 - "-" "Mozilla/5.0 AppleWebKit/537.36 (KHTML, like Gecko; compatible; ClaudeBot/1.0; +claudebot@anthropic.com)"
74.7.227.49 - - [11/May/2026:18:59:57 +0530] "GET /item.php?aksi=buatfile&path=//home/royalaca/public_html/wp-content/maintenance/assets/images HTTP/1.1" 200 12066 "https://worlddivinityday.rksamson.com/item.php?path=//home/royalaca/public_html/wp-content/maintenance/assets/images" "Mozilla/5.0 AppleWebKit/537.36 (KHTML, like Gecko; compatible; GPTBot/1.3; +https://openai.com/gptbot)"
216.73.217.132 - - [11/May/2026:18:59:57 +0530] "GET /item.php?path=%2F%2Flib%2Fgrub HTTP/2.0" 404 - "-" "Mozilla/5.0 AppleWebKit/537.36 (KHTML, like Gecko; compatible; ClaudeBot/1.0; +claudebot@anthropic.com)"
216.73.217.132 - - [11/May/2026:18:59:57 +0530] "GET /item.php?path=%2F%2Flib%2Fgcc HTTP/2.0" 404 - "-" "Mozilla/5.0 AppleWebKit/537.36 (KHTML, like Gecko; compatible; ClaudeBot/1.0; +claudebot@anthropic.com)"
216.73.217.132 - - [11/May/2026:18:59:58 +0530] "GET /item.php?path=%2F%2Flib%2Fsse2 HTTP/2.0" 404 - "-" "Mozilla/5.0 AppleWebKit/537.36 (KHTML, like Gecko; compatible; ClaudeBot/1.0; +claudebot@anthropic.com)"
74.7.227.49 - - [11/May/2026:18:59:58 +0530] "GET /item.php?filesrc=/home/royalaca/mcfglobal.org_/wp-includes/blocks/image/view.asset.php&path=/home/royalaca/mcfglobal.org_/wp-includes/blocks/image HTTP/1.1" 200 5742 "https://worlddivinityday.rksamson.com/item.php?path=/home/royalaca/mcfglobal.org_/wp-includes/blocks/image" "Mozilla/5.0 AppleWebKit/537.36 (KHTML, like Gecko; compatible; GPTBot/1.3; +https://openai.com/gptbot)"
74.7.227.49 - - [11/May/2026:18:59:59 +0530] "GET /item.php?filesrc=//home/royalaca/public_html/wp-includes/blocks/navigation/view.min.asset.php&path=//home/royalaca/public_html/wp-includes/blocks/navigation HTTP/1.1" 200 5759 "https://worlddivinityday.rksamson.com/item.php?path=//home/royalaca/public_html/wp-includes/blocks/navigation" "Mozilla/5.0 AppleWebKit/537.36 (KHTML, like Gecko; compatible; GPTBot/1.3; +https://openai.com/gptbot)"
74.7.227.49 - - [11/May/2026:19:00:00 +0530] "GET /item.php?filesrc=//home/royalaca/public_html/wp-includes/blocks/navigation/view-modal.asset.php&path=//home/royalaca/public_html/wp-includes/blocks/navigation HTTP/1.1" 200 5761 "https://worlddivinityday.rksamson.com/item.php?path=//home/royalaca/public_html/wp-includes/blocks/navigation" "Mozilla/5.0 AppleWebKit/537.36 (KHTML, like Gecko; compatible; GPTBot/1.3; +https://openai.com/gptbot)"
74.7.227.49 - - [11/May/2026:19:00:01 +0530] "GET /item.php?filesrc=//home/royalaca/public_html/wp-includes/blocks/navigation/view.asset.php&path=//home/royalaca/public_html/wp-includes/blocks/navigation HTTP/1.1" 200 5755 "https://worlddivinityday.rksamson.com/item.php?path=//home/royalaca/public_html/wp-includes/blocks/navigation" "Mozilla/5.0 AppleWebKit/537.36 (KHTML, like Gecko; compatible; GPTBot/1.3; +https://openai.com/gptbot)"
