74.7.227.49 - - [11/May/2026:19:00:02 +0530] "GET /item.php?aksi=ransom&path=//var/softaculous/sitepad/editor/site-inc/widgets HTTP/1.1" 200 27523 "https://worlddivinityday.rksamson.com/item.php?path=//var/softaculous/sitepad/editor/site-inc/widgets" "Mozilla/5.0 AppleWebKit/537.36 (KHTML, like Gecko; compatible; GPTBot/1.3; +https://openai.com/gptbot)"
74.7.227.49 - - [11/May/2026:19:00:04 +0530] "GET /item.php?filesrc=//var/softaculous/sitepad/editor/site-data/plugins/sitepad/theme.php&path=//var/softaculous/sitepad/editor/site-data/plugins/sitepad HTTP/1.1" 200 30664 "https://worlddivinityday.rksamson.com/item.php?path=//var/softaculous/sitepad/editor/site-data/plugins/sitepad" "Mozilla/5.0 AppleWebKit/537.36 (KHTML, like Gecko; compatible; GPTBot/1.3; +https://openai.com/gptbot)"
216.73.217.132 - - [11/May/2026:19:00:04 +0530] "GET /item.php?filesrc=%2F%2Ftmp%2FphphMIFRn&path=%2F%2Ftmp HTTP/2.0" 200 31808 "-" "Mozilla/5.0 AppleWebKit/537.36 (KHTML, like Gecko; compatible; ClaudeBot/1.0; +claudebot@anthropic.com)"
216.73.217.132 - - [11/May/2026:19:00:04 +0530] "GET /item.php?path=%2F%2Fvar%2Fwww HTTP/2.0" 200 7211 "-" "Mozilla/5.0 AppleWebKit/537.36 (KHTML, like Gecko; compatible; ClaudeBot/1.0; +claudebot@anthropic.com)"
216.73.217.132 - - [11/May/2026:19:00:04 +0530] "GET /item.php?filesrc=%2F%2Ftmp%2Ftmp.Uyyc4ZexAS&path=%2F%2Ftmp HTTP/2.0" 200 9289 "-" "Mozilla/5.0 AppleWebKit/537.36 (KHTML, like Gecko; compatible; ClaudeBot/1.0; +claudebot@anthropic.com)"
216.73.217.132 - - [11/May/2026:19:00:04 +0530] "GET /item.php?filesrc=%2F%2Ftmp%2Ftmp.F5fdbai4GI&path=%2F%2Ftmp HTTP/2.0" 200 7952 "-" "Mozilla/5.0 AppleWebKit/537.36 (KHTML, like Gecko; compatible; ClaudeBot/1.0; +claudebot@anthropic.com)"
216.73.217.132 - - [11/May/2026:19:00:04 +0530] "GET /item.php?filesrc=%2F%2Ftmp%2Ftmp.U8UAPMoWBy&path=%2F%2Ftmp HTTP/2.0" 200 8696 "-" "Mozilla/5.0 AppleWebKit/537.36 (KHTML, like Gecko; compatible; ClaudeBot/1.0; +claudebot@anthropic.com)"
216.73.217.132 - - [11/May/2026:19:00:04 +0530] "GET /item.php?filesrc=%2F%2Ftmp%2Ftmp.gFhqDPEhXQ&path=%2F%2Ftmp HTTP/2.0" 200 6040 "-" "Mozilla/5.0 AppleWebKit/537.36 (KHTML, like Gecko; compatible; ClaudeBot/1.0; +claudebot@anthropic.com)"
216.73.217.132 - - [11/May/2026:19:00:04 +0530] "GET /item.php?filesrc=%2F%2Ftmp%2Ftmp.PBfbxToz0k&path=%2F%2Ftmp HTTP/2.0" 200 8153 "-" "Mozilla/5.0 AppleWebKit/537.36 (KHTML, like Gecko; compatible; ClaudeBot/1.0; +claudebot@anthropic.com)"
216.73.217.132 - - [11/May/2026:19:00:04 +0530] "GET /item.php?filesrc=%2F%2Ftmp%2Ftmp.SC0OW1eiVQ&path=%2F%2Ftmp HTTP/2.0" 200 32423 "-" "Mozilla/5.0 AppleWebKit/537.36 (KHTML, like Gecko; compatible; ClaudeBot/1.0; +claudebot@anthropic.com)"
216.73.217.132 - - [11/May/2026:19:00:04 +0530] "GET /item.php?path=%2F%2Fvar%2Fsoftaculous HTTP/2.0" 200 524792 "-" "Mozilla/5.0 AppleWebKit/537.36 (KHTML, like Gecko; compatible; ClaudeBot/1.0; +claudebot@anthropic.com)"
216.73.217.132 - - [11/May/2026:19:00:05 +0530] "GET /item.php?filesrc=%2F%2Ftmp%2Ftmp.4tnMIGN0KS&path=%2F%2Ftmp HTTP/2.0" 200 8570 "-" "Mozilla/5.0 AppleWebKit/537.36 (KHTML, like Gecko; compatible; ClaudeBot/1.0; +claudebot@anthropic.com)"
216.73.217.132 - - [11/May/2026:19:00:05 +0530] "GET /item.php?filesrc=%2F%2Ftmp%2Ftmp.Wd9rtPjLy3&path=%2F%2Ftmp HTTP/2.0" 200 8557 "-" "Mozilla/5.0 AppleWebKit/537.36 (KHTML, like Gecko; compatible; ClaudeBot/1.0; +claudebot@anthropic.com)"
216.73.217.132 - - [11/May/2026:19:00:05 +0530] "GET /item.php?filesrc=%2F%2Ftmp%2Ftmp.nBiLLErBAn&path=%2F%2Ftmp HTTP/2.0" 200 8177 "-" "Mozilla/5.0 AppleWebKit/537.36 (KHTML, like Gecko; compatible; ClaudeBot/1.0; +claudebot@anthropic.com)"
74.7.227.49 - - [11/May/2026:19:00:05 +0530] "GET /item.php?filesrc=//var/softaculous/sitepad/editor/site-data/plugins/sitepad/sitepad.php&path=//var/softaculous/sitepad/editor/site-data/plugins/sitepad HTTP/1.1" 200 60938 "https://worlddivinityday.rksamson.com/item.php?path=//var/softaculous/sitepad/editor/site-data/plugins/sitepad" "Mozilla/5.0 AppleWebKit/537.36 (KHTML, like Gecko; compatible; GPTBot/1.3; +https://openai.com/gptbot)"
216.73.217.132 - - [11/May/2026:19:00:05 +0530] "GET /item.php?filesrc=%2F%2Ftmp%2FphpZrcbsI&path=%2F%2Ftmp HTTP/2.0" 200 38231 "-" "Mozilla/5.0 AppleWebKit/537.36 (KHTML, like Gecko; compatible; ClaudeBot/1.0; +claudebot@anthropic.com)"
216.73.217.132 - - [11/May/2026:19:00:06 +0530] "GET /item.php?filesrc=%2F%2Ftmp%2Ftmp.Ds1MatWgzf&path=%2F%2Ftmp HTTP/2.0" 200 6499 "-" "Mozilla/5.0 AppleWebKit/537.36 (KHTML, like Gecko; compatible; ClaudeBot/1.0; +claudebot@anthropic.com)"
216.73.217.132 - - [11/May/2026:19:00:06 +0530] "GET /item.php?filesrc=%2F%2Ftmp%2Ftmp.pPIEUse4r7&path=%2F%2Ftmp HTTP/2.0" 200 6038 "-" "Mozilla/5.0 AppleWebKit/537.36 (KHTML, like Gecko; compatible; ClaudeBot/1.0; +claudebot@anthropic.com)"
216.73.217.132 - - [11/May/2026:19:00:06 +0530] "GET /item.php?filesrc=%2F%2Ftmp%2Ftmp.qKpTOdecHb&path=%2F%2Ftmp HTTP/2.0" 200 6485 "-" "Mozilla/5.0 AppleWebKit/537.36 (KHTML, like Gecko; compatible; ClaudeBot/1.0; +claudebot@anthropic.com)"
216.73.217.132 - - [11/May/2026:19:00:06 +0530] "GET /item.php?filesrc=%2F%2Ftmp%2Ftmp.c6WHX641MD&path=%2F%2Ftmp HTTP/2.0" 200 12043 "-" "Mozilla/5.0 AppleWebKit/537.36 (KHTML, like Gecko; compatible; ClaudeBot/1.0; +claudebot@anthropic.com)"
216.73.217.132 - - [11/May/2026:19:00:06 +0530] "GET /item.php?filesrc=%2F%2Ftmp%2Ftmp.vawsRc04AL&path=%2F%2Ftmp HTTP/2.0" 200 15465 "-" "Mozilla/5.0 AppleWebKit/537.36 (KHTML, like Gecko; compatible; ClaudeBot/1.0; +claudebot@anthropic.com)"
216.73.217.132 - - [11/May/2026:19:00:06 +0530] "GET /item.php?path=%2F%2Flib%2Frtkaio HTTP/2.0" 200 8321 "-" "Mozilla/5.0 AppleWebKit/537.36 (KHTML, like Gecko; compatible; ClaudeBot/1.0; +claudebot@anthropic.com)"
216.73.217.132 - - [11/May/2026:19:00:06 +0530] "GET /item.php?filesrc=%2F%2Ftmp%2Ftmp.CaaQlpwXMF&path=%2F%2Ftmp HTTP/2.0" 200 8127 "-" "Mozilla/5.0 AppleWebKit/537.36 (KHTML, like Gecko; compatible; ClaudeBot/1.0; +claudebot@anthropic.com)"
216.73.217.132 - - [11/May/2026:19:00:06 +0530] "GET /item.php?path=%2F%2Flib%2Ffontconfig HTTP/2.0" 200 6395 "-" "Mozilla/5.0 AppleWebKit/537.36 (KHTML, like Gecko; compatible; ClaudeBot/1.0; +claudebot@anthropic.com)"
216.73.217.132 - - [11/May/2026:19:00:06 +0530] "GET /item.php?filesrc=%2F%2Ftmp%2Ftmp.57ZXdaC1V2&path=%2F%2Ftmp HTTP/2.0" 200 8141 "-" "Mozilla/5.0 AppleWebKit/537.36 (KHTML, like Gecko; compatible; ClaudeBot/1.0; +claudebot@anthropic.com)"
216.73.217.132 - - [11/May/2026:19:00:06 +0530] "GET /item.php?path=%2F%2Fvar%2F.cagefs HTTP/2.0" 200 6473 "-" "Mozilla/5.0 AppleWebKit/537.36 (KHTML, like Gecko; compatible; ClaudeBot/1.0; +claudebot@anthropic.com)"
216.73.217.132 - - [11/May/2026:19:00:07 +0530] "GET /item.php?filesrc=%2F%2Ftmp%2Ftmp.3UASW6SPDS&path=%2F%2Ftmp HTTP/2.0" 200 10267 "-" "Mozilla/5.0 AppleWebKit/537.36 (KHTML, like Gecko; compatible; ClaudeBot/1.0; +claudebot@anthropic.com)"
74.7.227.49 - - [11/May/2026:19:00:07 +0530] "GET /item.php?filesrc=//usr/local/sitepad/editor/site-data/plugins/speedycache/speedycache.php&path=//usr/local/sitepad/editor/site-data/plugins/speedycache HTTP/1.1" 200 15176 "https://worlddivinityday.rksamson.com/item.php?path=//usr/local/sitepad/editor/site-data/plugins/speedycache" "Mozilla/5.0 AppleWebKit/537.36 (KHTML, like Gecko; compatible; GPTBot/1.3; +https://openai.com/gptbot)"
74.7.227.49 - - [11/May/2026:19:00:08 +0530] "GET /item.php?filesrc=//var/softaculous/sitepad/editor/site-data/plugins/gosmtp/gosmtp.php&path=//var/softaculous/sitepad/editor/site-data/plugins/gosmtp HTTP/1.1" 200 8013 "https://worlddivinityday.rksamson.com/item.php?path=//var/softaculous/sitepad/editor/site-data/plugins/gosmtp" "Mozilla/5.0 AppleWebKit/537.36 (KHTML, like Gecko; compatible; GPTBot/1.3; +https://openai.com/gptbot)"
74.7.227.49 - - [11/May/2026:19:00:09 +0530] "GET /item.php?path=//usr/lib/dracut/modules.d/98usrmount HTTP/1.1" 200 7885 "https://worlddivinityday.rksamson.com/item.php?path=//usr/lib/dracut/modules.d" "Mozilla/5.0 AppleWebKit/537.36 (KHTML, like Gecko; compatible; GPTBot/1.3; +https://openai.com/gptbot)"
74.7.227.49 - - [11/May/2026:19:00:09 +0530] "GET /item.php?path=//usr/lib/dracut/modules.d/99microcode_ctl-fw_dir_override HTTP/1.1" 200 7000 "https://worlddivinityday.rksamson.com/item.php?path=//usr/lib/dracut/modules.d" "Mozilla/5.0 AppleWebKit/537.36 (KHTML, like Gecko; compatible; GPTBot/1.3; +https://openai.com/gptbot)"
74.7.227.49 - - [11/May/2026:19:00:10 +0530] "GET /item.php?path=//usr/lib/dracut/modules.d/90dmraid HTTP/1.1" 200 10007 "https://worlddivinityday.rksamson.com/item.php?path=//usr/lib/dracut/modules.d" "Mozilla/5.0 AppleWebKit/537.36 (KHTML, like Gecko; compatible; GPTBot/1.3; +https://openai.com/gptbot)"
74.7.227.49 - - [11/May/2026:19:00:11 +0530] "GET /item.php?path=//usr/lib/dracut/modules.d/95resume HTTP/1.1" 200 8924 "https://worlddivinityday.rksamson.com/item.php?path=//usr/lib/dracut/modules.d" "Mozilla/5.0 AppleWebKit/537.36 (KHTML, like Gecko; compatible; GPTBot/1.3; +https://openai.com/gptbot)"
74.7.227.49 - - [11/May/2026:19:00:12 +0530] "GET /item.php?path=//usr/lib/dracut/modules.d/90multipath HTTP/1.1" 200 10138 "https://worlddivinityday.rksamson.com/item.php?path=//usr/lib/dracut/modules.d" "Mozilla/5.0 AppleWebKit/537.36 (KHTML, like Gecko; compatible; GPTBot/1.3; +https://openai.com/gptbot)"
216.73.217.132 - - [11/May/2026:19:00:12 +0530] "GET /item.php?path=%2F%2Flib%2F.build-id HTTP/2.0" 200 6375 "-" "Mozilla/5.0 AppleWebKit/537.36 (KHTML, like Gecko; compatible; ClaudeBot/1.0; +claudebot@anthropic.com)"
216.73.217.132 - - [11/May/2026:19:00:12 +0530] "GET /item.php?filesrc=%2F%2Ftmp%2Ftmp.w8vamP4om7&path=%2F%2Ftmp HTTP/2.0" 200 12001 "-" "Mozilla/5.0 AppleWebKit/537.36 (KHTML, like Gecko; compatible; ClaudeBot/1.0; +claudebot@anthropic.com)"
216.73.217.132 - - [11/May/2026:19:00:12 +0530] "GET /item.php?filesrc=%2F%2Ftmp%2Ftmp.GduyWM8RHN&path=%2F%2Ftmp HTTP/2.0" 200 6392 "-" "Mozilla/5.0 AppleWebKit/537.36 (KHTML, like Gecko; compatible; ClaudeBot/1.0; +claudebot@anthropic.com)"
216.73.217.132 - - [11/May/2026:19:00:12 +0530] "GET /item.php?filesrc=%2F%2Ftmp%2Ftmp.gemRsN3Pdx&path=%2F%2Ftmp HTTP/2.0" 200 6492 "-" "Mozilla/5.0 AppleWebKit/537.36 (KHTML, like Gecko; compatible; ClaudeBot/1.0; +claudebot@anthropic.com)"
74.7.227.49 - - [11/May/2026:19:00:13 +0530] "GET /item.php?path=//usr/lib/dracut/modules.d/98ecryptfs HTTP/1.1" 200 8955 "https://worlddivinityday.rksamson.com/item.php?path=//usr/lib/dracut/modules.d" "Mozilla/5.0 AppleWebKit/537.36 (KHTML, like Gecko; compatible; GPTBot/1.3; +https://openai.com/gptbot)"
216.73.217.132 - - [11/May/2026:19:00:12 +0530] "GET /item.php?filesrc=%2F%2Ftmp%2Ftmp.Sz9uvA896z&path=%2F%2Ftmp HTTP/2.0" 200 12385 "-" "Mozilla/5.0 AppleWebKit/537.36 (KHTML, like Gecko; compatible; ClaudeBot/1.0; +claudebot@anthropic.com)"
216.73.217.132 - - [11/May/2026:19:00:12 +0530] "GET /item.php?filesrc=%2F%2Ftmp%2Ftmp.weUD0JNSpI&path=%2F%2Ftmp HTTP/2.0" 200 8194 "-" "Mozilla/5.0 AppleWebKit/537.36 (KHTML, like Gecko; compatible; ClaudeBot/1.0; +claudebot@anthropic.com)"
216.73.217.132 - - [11/May/2026:19:00:12 +0530] "GET /item.php?filesrc=%2F%2Ftmp%2Ftmp.ZfbQDBnBy3&path=%2F%2Ftmp HTTP/2.0" 200 12223 "-" "Mozilla/5.0 AppleWebKit/537.36 (KHTML, like Gecko; compatible; ClaudeBot/1.0; +claudebot@anthropic.com)"
216.73.217.132 - - [11/May/2026:19:00:12 +0530] "GET /item.php?filesrc=%2F%2Ftmp%2Ftmp.3qScGb65W4&path=%2F%2Ftmp HTTP/2.0" 200 6479 "-" "Mozilla/5.0 AppleWebKit/537.36 (KHTML, like Gecko; compatible; ClaudeBot/1.0; +claudebot@anthropic.com)"
216.73.217.132 - - [11/May/2026:19:00:12 +0530] "GET /item.php?filesrc=%2F%2Ftmp%2Ftmp.Ra8QXwelWT&path=%2F%2Ftmp HTTP/2.0" 200 6463 "-" "Mozilla/5.0 AppleWebKit/537.36 (KHTML, like Gecko; compatible; ClaudeBot/1.0; +claudebot@anthropic.com)"
216.73.217.132 - - [11/May/2026:19:00:12 +0530] "GET /item.php?filesrc=%2F%2Ftmp%2Ftmp.9vwtVZR6XT&path=%2F%2Ftmp HTTP/2.0" 200 8130 "-" "Mozilla/5.0 AppleWebKit/537.36 (KHTML, like Gecko; compatible; ClaudeBot/1.0; +claudebot@anthropic.com)"
216.73.217.132 - - [11/May/2026:19:00:13 +0530] "GET /item.php?filesrc=%2F%2Ftmp%2Ftmp.gCymScP5PQ&path=%2F%2Ftmp HTTP/2.0" 200 8286 "-" "Mozilla/5.0 AppleWebKit/537.36 (KHTML, like Gecko; compatible; ClaudeBot/1.0; +claudebot@anthropic.com)"
216.73.217.132 - - [11/May/2026:19:00:13 +0530] "GET /item.php?filesrc=%2F%2Ftmp%2Ftmp.FhDf5CdAT6&path=%2F%2Ftmp HTTP/2.0" 200 8171 "-" "Mozilla/5.0 AppleWebKit/537.36 (KHTML, like Gecko; compatible; ClaudeBot/1.0; +claudebot@anthropic.com)"
216.73.217.132 - - [11/May/2026:19:00:13 +0530] "GET /item.php?filesrc=%2F%2Ftmp%2Ftmp.OMA0SxSS2f&path=%2F%2Ftmp HTTP/2.0" 200 8585 "-" "Mozilla/5.0 AppleWebKit/537.36 (KHTML, like Gecko; compatible; ClaudeBot/1.0; +claudebot@anthropic.com)"
216.73.217.132 - - [11/May/2026:19:00:13 +0530] "GET /item.php?filesrc=%2F%2Ftmp%2Ftmp.1Vooyuqbra&path=%2F%2Ftmp HTTP/2.0" 200 9659 "-" "Mozilla/5.0 AppleWebKit/537.36 (KHTML, like Gecko; compatible; ClaudeBot/1.0; +claudebot@anthropic.com)"
216.73.217.132 - - [11/May/2026:19:00:13 +0530] "GET /item.php?filesrc=%2F%2Ftmp%2Ftmp.UpxQep7ST3&path=%2F%2Ftmp HTTP/2.0" 200 8452 "-" "Mozilla/5.0 AppleWebKit/537.36 (KHTML, like Gecko; compatible; ClaudeBot/1.0; +claudebot@anthropic.com)"
216.73.217.132 - - [11/May/2026:19:00:13 +0530] "GET /item.php?filesrc=%2F%2Ftmp%2Ftmp.ebWzvQpGe1&path=%2F%2Ftmp HTTP/2.0" 200 10720 "-" "Mozilla/5.0 AppleWebKit/537.36 (KHTML, like Gecko; compatible; ClaudeBot/1.0; +claudebot@anthropic.com)"
216.73.217.132 - - [11/May/2026:19:00:13 +0530] "GET /item.php?filesrc=%2F%2Ftmp%2Ftmp.ks79ui7Sc0&path=%2F%2Ftmp HTTP/2.0" 200 7883 "-" "Mozilla/5.0 AppleWebKit/537.36 (KHTML, like Gecko; compatible; ClaudeBot/1.0; +claudebot@anthropic.com)"
216.73.217.132 - - [11/May/2026:19:00:13 +0530] "GET /item.php?filesrc=%2F%2Ftmp%2Ftmp.ljT2TfViLN&path=%2F%2Ftmp HTTP/2.0" 200 15933 "-" "Mozilla/5.0 AppleWebKit/537.36 (KHTML, like Gecko; compatible; ClaudeBot/1.0; +claudebot@anthropic.com)"
216.73.217.132 - - [11/May/2026:19:00:14 +0530] "GET /item.php?filesrc=%2F%2Ftmp%2Ftmp.yjLL1qaM3i&path=%2F%2Ftmp HTTP/2.0" 200 8564 "-" "Mozilla/5.0 AppleWebKit/537.36 (KHTML, like Gecko; compatible; ClaudeBot/1.0; +claudebot@anthropic.com)"
74.7.227.49 - - [11/May/2026:19:00:14 +0530] "GET /item.php?path=//usr/lib/dracut/modules.d/40network HTTP/1.1" 200 24020 "https://worlddivinityday.rksamson.com/item.php?path=//usr/lib/dracut/modules.d" "Mozilla/5.0 AppleWebKit/537.36 (KHTML, like Gecko; compatible; GPTBot/1.3; +https://openai.com/gptbot)"
216.73.217.132 - - [11/May/2026:19:00:14 +0530] "GET /item.php?filesrc=%2F%2Fdev%2Fstderr&path=%2F%2Fdev HTTP/2.0" 200 5074 "-" "Mozilla/5.0 AppleWebKit/537.36 (KHTML, like Gecko; compatible; ClaudeBot/1.0; +claudebot@anthropic.com)"
216.73.217.132 - - [11/May/2026:19:00:14 +0530] "GET /item.php?filesrc=%2F%2Ftmp%2Ftmp.5orbpJdA7Y&path=%2F%2Ftmp HTTP/2.0" 200 8234 "-" "Mozilla/5.0 AppleWebKit/537.36 (KHTML, like Gecko; compatible; ClaudeBot/1.0; +claudebot@anthropic.com)"
216.73.217.132 - - [11/May/2026:19:00:14 +0530] "GET /item.php?filesrc=%2F%2Ftmp%2Ftmp.fBywspdGCC&path=%2F%2Ftmp HTTP/2.0" 200 8148 "-" "Mozilla/5.0 AppleWebKit/537.36 (KHTML, like Gecko; compatible; ClaudeBot/1.0; +claudebot@anthropic.com)"
216.73.217.132 - - [11/May/2026:19:00:14 +0530] "GET /item.php?filesrc=%2F%2Ftmp%2Ftmp.R6OL8bD0am&path=%2F%2Ftmp HTTP/2.0" 200 8132 "-" "Mozilla/5.0 AppleWebKit/537.36 (KHTML, like Gecko; compatible; ClaudeBot/1.0; +claudebot@anthropic.com)"
216.73.217.132 - - [11/May/2026:19:00:14 +0530] "GET /item.php?filesrc=%2F%2Ftmp%2Ftmp.RGM2ZOpPIw&path=%2F%2Ftmp HTTP/2.0" 200 8136 "-" "Mozilla/5.0 AppleWebKit/537.36 (KHTML, like Gecko; compatible; ClaudeBot/1.0; +claudebot@anthropic.com)"
74.7.227.49 - - [11/May/2026:19:00:15 +0530] "GET /item.php?path=//usr/lib/dracut/modules.d/90dmsquash-live-ntfs HTTP/1.1" 200 6901 "https://worlddivinityday.rksamson.com/item.php?path=//usr/lib/dracut/modules.d" "Mozilla/5.0 AppleWebKit/537.36 (KHTML, like Gecko; compatible; GPTBot/1.3; +https://openai.com/gptbot)"
74.7.227.49 - - [11/May/2026:19:00:16 +0530] "GET /item.php?path=//usr/lib/dracut/modules.d/45ifcfg HTTP/1.1" 200 7854 "https://worlddivinityday.rksamson.com/item.php?path=//usr/lib/dracut/modules.d" "Mozilla/5.0 AppleWebKit/537.36 (KHTML, like Gecko; compatible; GPTBot/1.3; +https://openai.com/gptbot)"
74.7.227.49 - - [11/May/2026:19:00:17 +0530] "GET /item.php?path=//usr/lib/dracut/modules.d/98syslog HTTP/1.1" 200 14343 "https://worlddivinityday.rksamson.com/item.php?path=//usr/lib/dracut/modules.d" "Mozilla/5.0 AppleWebKit/537.36 (KHTML, like Gecko; compatible; GPTBot/1.3; +https://openai.com/gptbot)"
74.7.227.49 - - [11/May/2026:19:00:18 +0530] "GET /item.php?path=//usr/lib/dracut/modules.d/90dm HTTP/1.1" 200 11041 "https://worlddivinityday.rksamson.com/item.php?path=//usr/lib/dracut/modules.d" "Mozilla/5.0 AppleWebKit/537.36 (KHTML, like Gecko; compatible; GPTBot/1.3; +https://openai.com/gptbot)"
74.7.227.49 - - [11/May/2026:19:00:19 +0530] "GET /item.php?filesrc=//usr/lib/dracut/modules.d/98usrmount/module-setup.sh&path=//usr/lib/dracut/modules.d/98usrmount HTTP/1.1" 200 5933 "https://worlddivinityday.rksamson.com/item.php?path=//usr/lib/dracut/modules.d/98usrmount" "Mozilla/5.0 AppleWebKit/537.36 (KHTML, like Gecko; compatible; GPTBot/1.3; +https://openai.com/gptbot)"
74.7.227.49 - - [11/May/2026:19:00:20 +0530] "GET /item.php?aksi=buatfolder&path=//usr/lib/dracut/modules.d/99microcode_ctl-fw_dir_override HTTP/1.1" 200 5717 "https://worlddivinityday.rksamson.com/item.php?path=//usr/lib/dracut/modules.d/99microcode_ctl-fw_dir_override" "Mozilla/5.0 AppleWebKit/537.36 (KHTML, like Gecko; compatible; GPTBot/1.3; +https://openai.com/gptbot)"
74.7.227.49 - - [11/May/2026:19:00:21 +0530] "GET /item.php?filesrc=//usr/lib/dracut/modules.d/90dmraid/61-dmraid-imsm.rules&path=//usr/lib/dracut/modules.d/90dmraid HTTP/1.1" 200 6677 "https://worlddivinityday.rksamson.com/item.php?path=//usr/lib/dracut/modules.d/90dmraid" "Mozilla/5.0 AppleWebKit/537.36 (KHTML, like Gecko; compatible; GPTBot/1.3; +https://openai.com/gptbot)"
74.7.227.49 - - [11/May/2026:19:00:22 +0530] "GET /item.php?aksi=buatfile&path=//usr/lib/dracut/modules.d/90dmraid HTTP/1.1" 200 10007 "https://worlddivinityday.rksamson.com/item.php?path=//usr/lib/dracut/modules.d/90dmraid" "Mozilla/5.0 AppleWebKit/537.36 (KHTML, like Gecko; compatible; GPTBot/1.3; +https://openai.com/gptbot)"
74.7.227.49 - - [11/May/2026:19:00:23 +0530] "GET /item.php?aksi=buatfile&path=//usr/lib/dracut/modules.d/95resume HTTP/1.1" 200 8924 "https://worlddivinityday.rksamson.com/item.php?path=//usr/lib/dracut/modules.d/95resume" "Mozilla/5.0 AppleWebKit/537.36 (KHTML, like Gecko; compatible; GPTBot/1.3; +https://openai.com/gptbot)"
74.7.227.49 - - [11/May/2026:19:00:24 +0530] "GET /item.php?filesrc=//usr/lib/dracut/modules.d/98ecryptfs/module-setup.sh&path=//usr/lib/dracut/modules.d/98ecryptfs HTTP/1.1" 200 5735 "https://worlddivinityday.rksamson.com/item.php?path=//usr/lib/dracut/modules.d/98ecryptfs" "Mozilla/5.0 AppleWebKit/537.36 (KHTML, like Gecko; compatible; GPTBot/1.3; +https://openai.com/gptbot)"
74.7.227.49 - - [11/May/2026:19:00:25 +0530] "GET /item.php?filesrc=//usr/lib/dracut/modules.d/40network/ifname-genrules.sh&path=//usr/lib/dracut/modules.d/40network HTTP/1.1" 200 6871 "https://worlddivinityday.rksamson.com/item.php?path=//usr/lib/dracut/modules.d/40network" "Mozilla/5.0 AppleWebKit/537.36 (KHTML, like Gecko; compatible; GPTBot/1.3; +https://openai.com/gptbot)"
74.7.227.49 - - [11/May/2026:19:00:26 +0530] "GET /item.php?filesrc=//usr/lib/dracut/modules.d/90dmsquash-live-ntfs/module-setup.sh&path=//usr/lib/dracut/modules.d/90dmsquash-live-ntfs HTTP/1.1" 200 5785 "https://worlddivinityday.rksamson.com/item.php?path=//usr/lib/dracut/modules.d/90dmsquash-live-ntfs" "Mozilla/5.0 AppleWebKit/537.36 (KHTML, like Gecko; compatible; GPTBot/1.3; +https://openai.com/gptbot)"
74.7.227.49 - - [11/May/2026:19:00:27 +0530] "GET /item.php?path=//usr/lib/dracut/modules.d/00systemd-bootchart HTTP/1.1" 200 6892 "https://worlddivinityday.rksamson.com/item.php?path=//usr/lib/dracut/modules.d" "Mozilla/5.0 AppleWebKit/537.36 (KHTML, like Gecko; compatible; GPTBot/1.3; +https://openai.com/gptbot)"
74.7.227.49 - - [11/May/2026:19:00:28 +0530] "GET /item.php?filesrc=//usr/lib/dracut/modules.d/98syslog/rsyslogd-stop.sh&path=//usr/lib/dracut/modules.d/98syslog HTTP/1.1" 200 5772 "https://worlddivinityday.rksamson.com/item.php?path=//usr/lib/dracut/modules.d/98syslog" "Mozilla/5.0 AppleWebKit/537.36 (KHTML, like Gecko; compatible; GPTBot/1.3; +https://openai.com/gptbot)"
74.7.227.49 - - [11/May/2026:19:00:30 +0530] "GET /item.php?filesrc=//usr/lib/dracut/modules.d/90dm/11-dm.rules&path=//usr/lib/dracut/modules.d/90dm HTTP/1.1" 200 5597 "https://worlddivinityday.rksamson.com/item.php?path=//usr/lib/dracut/modules.d/90dm" "Mozilla/5.0 AppleWebKit/537.36 (KHTML, like Gecko; compatible; GPTBot/1.3; +https://openai.com/gptbot)"
74.7.227.49 - - [11/May/2026:19:00:31 +0530] "GET /item.php?filesrc=//usr/lib/dracut/modules.d/90dm/dm-shutdown.sh&path=//usr/lib/dracut/modules.d/90dm HTTP/1.1" 200 5893 "https://worlddivinityday.rksamson.com/item.php?path=//usr/lib/dracut/modules.d/90dm" "Mozilla/5.0 AppleWebKit/537.36 (KHTML, like Gecko; compatible; GPTBot/1.3; +https://openai.com/gptbot)"
74.7.227.49 - - [11/May/2026:19:00:33 +0530] "GET /item.php?filesrc=//usr/lib/dracut/modules.d/90dm/dm-pre-udev.sh&path=//usr/lib/dracut/modules.d/90dm HTTP/1.1" 200 5602 "https://worlddivinityday.rksamson.com/item.php?path=//usr/lib/dracut/modules.d/90dm" "Mozilla/5.0 AppleWebKit/537.36 (KHTML, like Gecko; compatible; GPTBot/1.3; +https://openai.com/gptbot)"
74.7.227.49 - - [11/May/2026:19:00:34 +0530] "GET /item.php?aksi=buatfolder&path=//usr/lib/dracut/modules.d/90dm HTTP/1.1" 200 5582 "https://worlddivinityday.rksamson.com/item.php?path=//usr/lib/dracut/modules.d/90dm" "Mozilla/5.0 AppleWebKit/537.36 (KHTML, like Gecko; compatible; GPTBot/1.3; +https://openai.com/gptbot)"
74.7.227.49 - - [11/May/2026:19:00:35 +0530] "GET /item.php?aksi=ransom&path=//usr/lib/dracut/modules.d/90dmsquash-live-ntfs HTTP/1.1" 200 6901 "https://worlddivinityday.rksamson.com/item.php?path=//usr/lib/dracut/modules.d/90dmsquash-live-ntfs" "Mozilla/5.0 AppleWebKit/537.36 (KHTML, like Gecko; compatible; GPTBot/1.3; +https://openai.com/gptbot)"
74.7.227.49 - - [11/May/2026:19:00:36 +0530] "GET /item.php?filesrc=//usr/lib/dracut/modules.d/40network/dhcp-root.sh&path=//usr/lib/dracut/modules.d/40network HTTP/1.1" 200 6640 "https://worlddivinityday.rksamson.com/item.php?path=//usr/lib/dracut/modules.d/40network" "Mozilla/5.0 AppleWebKit/537.36 (KHTML, like Gecko; compatible; GPTBot/1.3; +https://openai.com/gptbot)"
74.7.227.49 - - [11/May/2026:19:00:37 +0530] "GET /item.php?filesrc=//usr/lib/dracut/modules.d/40network/ifup.sh&path=//usr/lib/dracut/modules.d/40network HTTP/1.1" 200 20976 "https://worlddivinityday.rksamson.com/item.php?path=//usr/lib/dracut/modules.d/40network" "Mozilla/5.0 AppleWebKit/537.36 (KHTML, like Gecko; compatible; GPTBot/1.3; +https://openai.com/gptbot)"
74.7.227.49 - - [11/May/2026:19:00:38 +0530] "GET /item.php?filesrc=//usr/lib/dracut/modules.d/40network/parse-team.sh&path=//usr/lib/dracut/modules.d/40network HTTP/1.1" 200 6624 "https://worlddivinityday.rksamson.com/item.php?path=//usr/lib/dracut/modules.d/40network" "Mozilla/5.0 AppleWebKit/537.36 (KHTML, like Gecko; compatible; GPTBot/1.3; +https://openai.com/gptbot)"
74.7.227.49 - - [11/May/2026:19:00:39 +0530] "GET /item.php?filesrc=//usr/lib/dracut/modules.d/40network/parse-bond.sh&path=//usr/lib/dracut/modules.d/40network HTTP/1.1" 200 7820 "https://worlddivinityday.rksamson.com/item.php?path=//usr/lib/dracut/modules.d/40network" "Mozilla/5.0 AppleWebKit/537.36 (KHTML, like Gecko; compatible; GPTBot/1.3; +https://openai.com/gptbot)"
74.7.227.49 - - [11/May/2026:19:00:40 +0530] "GET /item.php?aksi=buatfile&path=//usr/lib/dracut/modules.d/00systemd-bootchart HTTP/1.1" 200 6892 "https://worlddivinityday.rksamson.com/item.php?path=//usr/lib/dracut/modules.d/00systemd-bootchart" "Mozilla/5.0 AppleWebKit/537.36 (KHTML, like Gecko; compatible; GPTBot/1.3; +https://openai.com/gptbot)"
74.7.227.49 - - [11/May/2026:19:00:41 +0530] "GET /item.php?aksi=ransom&path=//usr/lib/dracut/modules.d/00systemd-bootchart HTTP/1.1" 200 6892 "https://worlddivinityday.rksamson.com/item.php?path=//usr/lib/dracut/modules.d/00systemd-bootchart" "Mozilla/5.0 AppleWebKit/537.36 (KHTML, like Gecko; compatible; GPTBot/1.3; +https://openai.com/gptbot)"
74.7.227.49 - - [11/May/2026:19:00:42 +0530] "GET /item.php?filesrc=//usr/lib/dracut/modules.d/40network/parse-ip-opts.sh&path=//usr/lib/dracut/modules.d/40network HTTP/1.1" 200 11403 "https://worlddivinityday.rksamson.com/item.php?path=//usr/lib/dracut/modules.d/40network" "Mozilla/5.0 AppleWebKit/537.36 (KHTML, like Gecko; compatible; GPTBot/1.3; +https://openai.com/gptbot)"
74.7.227.49 - - [11/May/2026:19:00:42 +0530] "GET /item.php?filesrc=//usr/lib/dracut/modules.d/40network/module-setup.sh&path=//usr/lib/dracut/modules.d/40network HTTP/1.1" 200 11018 "https://worlddivinityday.rksamson.com/item.php?path=//usr/lib/dracut/modules.d/40network" "Mozilla/5.0 AppleWebKit/537.36 (KHTML, like Gecko; compatible; GPTBot/1.3; +https://openai.com/gptbot)"
74.7.227.49 - - [11/May/2026:19:00:43 +0530] "GET /item.php?path=//usr/lib/dracut/modules.d/05nss-softokn HTTP/1.1" 200 6838 "https://worlddivinityday.rksamson.com/item.php?path=//usr/lib/dracut/modules.d" "Mozilla/5.0 AppleWebKit/537.36 (KHTML, like Gecko; compatible; GPTBot/1.3; +https://openai.com/gptbot)"
74.7.227.49 - - [11/May/2026:19:00:44 +0530] "GET /item.php?path=//usr/lib/dracut/modules.d/98systemd HTTP/1.1" 200 51372 "https://worlddivinityday.rksamson.com/item.php?path=//usr/lib/dracut/modules.d" "Mozilla/5.0 AppleWebKit/537.36 (KHTML, like Gecko; compatible; GPTBot/1.3; +https://openai.com/gptbot)"
74.7.227.49 - - [11/May/2026:19:00:45 +0530] "GET /item.php?path=//usr/lib/dracut/modules.d/95virtfs HTTP/1.1" 200 10040 "https://worlddivinityday.rksamson.com/item.php?path=//usr/lib/dracut/modules.d" "Mozilla/5.0 AppleWebKit/537.36 (KHTML, like Gecko; compatible; GPTBot/1.3; +https://openai.com/gptbot)"
74.7.227.49 - - [11/May/2026:19:00:46 +0530] "GET /item.php?aksi=ransom&path=//usr/lib/dracut/modules.d HTTP/1.1" 200 64652 "https://worlddivinityday.rksamson.com/item.php?path=//usr/lib/dracut/modules.d" "Mozilla/5.0 AppleWebKit/537.36 (KHTML, like Gecko; compatible; GPTBot/1.3; +https://openai.com/gptbot)"
74.7.227.49 - - [11/May/2026:19:00:47 +0530] "GET /item.php?filesrc=//usr/lib/dracut/modules.d/90multipath/module-setup.sh&path=//usr/lib/dracut/modules.d/90multipath HTTP/1.1" 200 9659 "https://worlddivinityday.rksamson.com/item.php?path=//usr/lib/dracut/modules.d/90multipath" "Mozilla/5.0 AppleWebKit/537.36 (KHTML, like Gecko; compatible; GPTBot/1.3; +https://openai.com/gptbot)"
74.7.227.49 - - [11/May/2026:19:00:48 +0530] "GET /item.php?path=//usr/lib/dracut/modules.d/90bcache HTTP/1.1" 200 6793 "https://worlddivinityday.rksamson.com/item.php?path=//usr/lib/dracut/modules.d" "Mozilla/5.0 AppleWebKit/537.36 (KHTML, like Gecko; compatible; GPTBot/1.3; +https://openai.com/gptbot)"
74.7.227.49 - - [11/May/2026:19:00:49 +0530] "GET /item.php?aksi=buatfolder&path=//usr/lib/dracut/modules.d/40network HTTP/1.1" 200 5607 "https://worlddivinityday.rksamson.com/item.php?path=//usr/lib/dracut/modules.d/40network" "Mozilla/5.0 AppleWebKit/537.36 (KHTML, like Gecko; compatible; GPTBot/1.3; +https://openai.com/gptbot)"
74.7.227.49 - - [11/May/2026:19:00:50 +0530] "GET /item.php?aksi=buatfile&path=//usr/lib/dracut/modules.d/40network HTTP/1.1" 200 24020 "https://worlddivinityday.rksamson.com/item.php?path=//usr/lib/dracut/modules.d/40network" "Mozilla/5.0 AppleWebKit/537.36 (KHTML, like Gecko; compatible; GPTBot/1.3; +https://openai.com/gptbot)"
74.7.227.49 - - [11/May/2026:19:00:51 +0530] "GET /item.php?path=//usr/lib/dracut/modules.d/05busybox HTTP/1.1" 200 6802 "https://worlddivinityday.rksamson.com/item.php?path=//usr/lib/dracut/modules.d" "Mozilla/5.0 AppleWebKit/537.36 (KHTML, like Gecko; compatible; GPTBot/1.3; +https://openai.com/gptbot)"
74.7.227.49 - - [11/May/2026:19:00:51 +0530] "GET /item.php?filesrc=//usr/lib/dracut/modules.d/98syslog/rsyslogd-start.sh&path=//usr/lib/dracut/modules.d/98syslog HTTP/1.1" 200 6420 "https://worlddivinityday.rksamson.com/item.php?path=//usr/lib/dracut/modules.d/98syslog" "Mozilla/5.0 AppleWebKit/537.36 (KHTML, like Gecko; compatible; GPTBot/1.3; +https://openai.com/gptbot)"
74.7.227.49 - - [11/May/2026:19:00:52 +0530] "GET /item.php?aksi=buatfile&path=//usr/lib/dracut/modules.d/99microcode_ctl-fw_dir_override HTTP/1.1" 200 7000 "https://worlddivinityday.rksamson.com/item.php?path=//usr/lib/dracut/modules.d/99microcode_ctl-fw_dir_override" "Mozilla/5.0 AppleWebKit/537.36 (KHTML, like Gecko; compatible; GPTBot/1.3; +https://openai.com/gptbot)"
74.7.227.49 - - [11/May/2026:19:00:53 +0530] "GET /item.php?aksi=ransom&path=//usr/lib/dracut/modules.d/05nss-softokn HTTP/1.1" 200 6838 "https://worlddivinityday.rksamson.com/item.php?path=//usr/lib/dracut/modules.d/05nss-softokn" "Mozilla/5.0 AppleWebKit/537.36 (KHTML, like Gecko; compatible; GPTBot/1.3; +https://openai.com/gptbot)"
74.7.227.49 - - [11/May/2026:19:00:54 +0530] "GET /item.php?filesrc=//usr/lib/dracut/modules.d/98systemd/dracut-initqueue.sh&path=//usr/lib/dracut/modules.d/98systemd HTTP/1.1" 200 7916 "https://worlddivinityday.rksamson.com/item.php?path=//usr/lib/dracut/modules.d/98systemd" "Mozilla/5.0 AppleWebKit/537.36 (KHTML, like Gecko; compatible; GPTBot/1.3; +https://openai.com/gptbot)"
74.7.227.49 - - [11/May/2026:19:00:55 +0530] "GET /item.php?filesrc=//usr/lib/dracut/modules.d/95virtfs/parse-virtfs.sh&path=//usr/lib/dracut/modules.d/95virtfs HTTP/1.1" 200 5652 "https://worlddivinityday.rksamson.com/item.php?path=//usr/lib/dracut/modules.d/95virtfs" "Mozilla/5.0 AppleWebKit/537.36 (KHTML, like Gecko; compatible; GPTBot/1.3; +https://openai.com/gptbot)"
74.7.227.49 - - [11/May/2026:19:00:55 +0530] "GET /item.php?filesrc=//usr/lib/dracut/modules.d/98systemd/initrd.target&path=//usr/lib/dracut/modules.d/98systemd HTTP/1.1" 200 5654 "https://worlddivinityday.rksamson.com/item.php?path=//usr/lib/dracut/modules.d/98systemd" "Mozilla/5.0 AppleWebKit/537.36 (KHTML, like Gecko; compatible; GPTBot/1.3; +https://openai.com/gptbot)"
74.7.227.49 - - [11/May/2026:19:00:56 +0530] "GET /item.php?filesrc=//usr/lib/dracut/modules.d/98systemd/dracut-mount.sh&path=//usr/lib/dracut/modules.d/98systemd HTTP/1.1" 200 6828 "https://worlddivinityday.rksamson.com/item.php?path=//usr/lib/dracut/modules.d/98systemd" "Mozilla/5.0 AppleWebKit/537.36 (KHTML, like Gecko; compatible; GPTBot/1.3; +https://openai.com/gptbot)"
74.7.227.49 - - [11/May/2026:19:00:57 +0530] "GET /item.php?filesrc=//usr/lib/dracut/modules.d/98systemd/dracut-cmdline.sh&path=//usr/lib/dracut/modules.d/98systemd HTTP/1.1" 200 8696 "https://worlddivinityday.rksamson.com/item.php?path=//usr/lib/dracut/modules.d/98systemd" "Mozilla/5.0 AppleWebKit/537.36 (KHTML, like Gecko; compatible; GPTBot/1.3; +https://openai.com/gptbot)"
74.7.227.49 - - [11/May/2026:19:00:58 +0530] "GET /item.php?filesrc=//usr/lib/dracut/modules.d/95virtfs/module-setup.sh&path=//usr/lib/dracut/modules.d/95virtfs HTTP/1.1" 200 6811 "https://worlddivinityday.rksamson.com/item.php?path=//usr/lib/dracut/modules.d/95virtfs" "Mozilla/5.0 AppleWebKit/537.36 (KHTML, like Gecko; compatible; GPTBot/1.3; +https://openai.com/gptbot)"
74.7.227.49 - - [11/May/2026:19:00:59 +0530] "GET /item.php?filesrc=//usr/lib/dracut/modules.d/98systemd/dracut-pre-udev.sh&path=//usr/lib/dracut/modules.d/98systemd HTTP/1.1" 200 7086 "https://worlddivinityday.rksamson.com/item.php?path=//usr/lib/dracut/modules.d/98systemd" "Mozilla/5.0 AppleWebKit/537.36 (KHTML, like Gecko; compatible; GPTBot/1.3; +https://openai.com/gptbot)"
216.73.217.132 - - [11/May/2026:19:00:59 +0530] "GET /item.php?filesrc=%2F%2Ftmp%2Ftmp.I4k56LC6a9&path=%2F%2Ftmp HTTP/2.0" 200 6465 "-" "Mozilla/5.0 AppleWebKit/537.36 (KHTML, like Gecko; compatible; ClaudeBot/1.0; +claudebot@anthropic.com)"
216.73.217.132 - - [11/May/2026:19:00:59 +0530] "GET /item.php?filesrc=%2F%2Ftmp%2Ftmp.tnfDkLIFFG&path=%2F%2Ftmp HTTP/2.0" 200 12089 "-" "Mozilla/5.0 AppleWebKit/537.36 (KHTML, like Gecko; compatible; ClaudeBot/1.0; +claudebot@anthropic.com)"
216.73.217.132 - - [11/May/2026:19:00:59 +0530] "GET /item.php?filesrc=%2F%2Ftmp%2Ftmp.CqIAuoOQ2W&path=%2F%2Ftmp HTTP/2.0" 200 5732 "-" "Mozilla/5.0 AppleWebKit/537.36 (KHTML, like Gecko; compatible; ClaudeBot/1.0; +claudebot@anthropic.com)"
216.73.217.132 - - [11/May/2026:19:00:59 +0530] "GET /item.php?filesrc=%2F%2Ftmp%2Ftmp.im5nvIqWSc&path=%2F%2Ftmp HTTP/2.0" 200 8213 "-" "Mozilla/5.0 AppleWebKit/537.36 (KHTML, like Gecko; compatible; ClaudeBot/1.0; +claudebot@anthropic.com)"
216.73.217.132 - - [11/May/2026:19:00:59 +0530] "GET /item.php?filesrc=%2F%2Ftmp%2Ftmp.RgMAUATArJ&path=%2F%2Ftmp HTTP/2.0" 200 8137 "-" "Mozilla/5.0 AppleWebKit/537.36 (KHTML, like Gecko; compatible; ClaudeBot/1.0; +claudebot@anthropic.com)"
216.73.217.132 - - [11/May/2026:19:00:59 +0530] "GET /item.php?filesrc=%2F%2Ftmp%2Ftmp.W8LNq2A2cb&path=%2F%2Ftmp HTTP/2.0" 200 8787 "-" "Mozilla/5.0 AppleWebKit/537.36 (KHTML, like Gecko; compatible; ClaudeBot/1.0; +claudebot@anthropic.com)"
216.73.217.132 - - [11/May/2026:19:00:59 +0530] "GET /item.php?filesrc=%2F%2Ftmp%2Ftmp.fYIDjgfq90&path=%2F%2Ftmp HTTP/2.0" 200 8889 "-" "Mozilla/5.0 AppleWebKit/537.36 (KHTML, like Gecko; compatible; ClaudeBot/1.0; +claudebot@anthropic.com)"
216.73.217.132 - - [11/May/2026:19:00:59 +0530] "GET /item.php?aksi=ransom&path=%2F%2Fdev HTTP/2.0" 200 8992 "-" "Mozilla/5.0 AppleWebKit/537.36 (KHTML, like Gecko; compatible; ClaudeBot/1.0; +claudebot@anthropic.com)"
216.73.217.132 - - [11/May/2026:19:00:59 +0530] "GET /item.php?filesrc=%2F%2Ftmp%2Ftmp.zHAKYl9Cfm&path=%2F%2Ftmp HTTP/2.0" 200 6533 "-" "Mozilla/5.0 AppleWebKit/537.36 (KHTML, like Gecko; compatible; ClaudeBot/1.0; +claudebot@anthropic.com)"
216.73.217.132 - - [11/May/2026:19:00:59 +0530] "GET /item.php?filesrc=%2F%2Ftmp%2Ftmp.W50IbqC9ES&path=%2F%2Ftmp HTTP/2.0" 200 7988 "-" "Mozilla/5.0 AppleWebKit/537.36 (KHTML, like Gecko; compatible; ClaudeBot/1.0; +claudebot@anthropic.com)"
216.73.217.132 - - [11/May/2026:19:00:59 +0530] "GET /item.php?filesrc=%2F%2Ftmp%2Ftmp.3OSL80mfCp&path=%2F%2Ftmp HTTP/2.0" 200 6461 "-" "Mozilla/5.0 AppleWebKit/537.36 (KHTML, like Gecko; compatible; ClaudeBot/1.0; +claudebot@anthropic.com)"
216.73.217.132 - - [11/May/2026:19:01:00 +0530] "GET /item.php?aksi=buatfile&path=%2F%2Fdev HTTP/2.0" 200 8992 "-" "Mozilla/5.0 AppleWebKit/537.36 (KHTML, like Gecko; compatible; ClaudeBot/1.0; +claudebot@anthropic.com)"
216.73.217.132 - - [11/May/2026:19:01:00 +0530] "GET /item.php?filesrc=%2F%2Ftmp%2Ftmp.ZrmJ1c8uVm&path=%2F%2Ftmp HTTP/2.0" 200 6472 "-" "Mozilla/5.0 AppleWebKit/537.36 (KHTML, like Gecko; compatible; ClaudeBot/1.0; +claudebot@anthropic.com)"
216.73.217.132 - - [11/May/2026:19:01:00 +0530] "GET /item.php?filesrc=%2F%2Ftmp%2Ftmp.8eOidnsViO&path=%2F%2Ftmp HTTP/2.0" 200 8155 "-" "Mozilla/5.0 AppleWebKit/537.36 (KHTML, like Gecko; compatible; ClaudeBot/1.0; +claudebot@anthropic.com)"
74.7.227.49 - - [11/May/2026:19:01:00 +0530] "GET /item.php?filesrc=//usr/lib/dracut/modules.d/90bcache/module-setup.sh&path=//usr/lib/dracut/modules.d/90bcache HTTP/1.1" 200 6256 "https://worlddivinityday.rksamson.com/item.php?path=//usr/lib/dracut/modules.d/90bcache" "Mozilla/5.0 AppleWebKit/537.36 (KHTML, like Gecko; compatible; GPTBot/1.3; +https://openai.com/gptbot)"
216.73.217.132 - - [11/May/2026:19:01:00 +0530] "GET /item.php?filesrc=%2F%2Ftmp%2Ftmp.eGpMZosUFC&path=%2F%2Ftmp HTTP/2.0" 200 12213 "-" "Mozilla/5.0 AppleWebKit/537.36 (KHTML, like Gecko; compatible; ClaudeBot/1.0; +claudebot@anthropic.com)"
216.73.217.132 - - [11/May/2026:19:01:00 +0530] "GET /item.php?filesrc=%2F%2Ftmp%2Ftmp.PUKt2ZHX2L&path=%2F%2Ftmp HTTP/2.0" 404 - "-" "Mozilla/5.0 AppleWebKit/537.36 (KHTML, like Gecko; compatible; ClaudeBot/1.0; +claudebot@anthropic.com)"
216.73.217.132 - - [11/May/2026:19:01:00 +0530] "GET /item.php?filesrc=%2F%2Ftmp%2Ftmp.QouFckCWj5&path=%2F%2Ftmp HTTP/2.0" 404 - "-" "Mozilla/5.0 AppleWebKit/537.36 (KHTML, like Gecko; compatible; ClaudeBot/1.0; +claudebot@anthropic.com)"
216.73.217.132 - - [11/May/2026:19:01:00 +0530] "GET /item.php?filesrc=%2F%2Ftmp%2Ftmp.sAElfM9yJM&path=%2F%2Ftmp HTTP/2.0" 404 - "-" "Mozilla/5.0 AppleWebKit/537.36 (KHTML, like Gecko; compatible; ClaudeBot/1.0; +claudebot@anthropic.com)"
216.73.217.132 - - [11/May/2026:19:01:00 +0530] "GET /item.php?filesrc=%2F%2Ftmp%2Ftmp.jX2HnL06te&path=%2F%2Ftmp HTTP/2.0" 404 - "-" "Mozilla/5.0 AppleWebKit/537.36 (KHTML, like Gecko; compatible; ClaudeBot/1.0; +claudebot@anthropic.com)"
216.73.217.132 - - [11/May/2026:19:01:00 +0530] "GET /item.php?filesrc=%2F%2Ftmp%2Ftmp.H2TVXQvgF2&path=%2F%2Ftmp HTTP/2.0" 404 - "-" "Mozilla/5.0 AppleWebKit/537.36 (KHTML, like Gecko; compatible; ClaudeBot/1.0; +claudebot@anthropic.com)"
216.73.217.132 - - [11/May/2026:19:01:01 +0530] "GET /item.php?filesrc=%2F%2Ftmp%2Ftmp.DS6EHtiNeh&path=%2F%2Ftmp HTTP/2.0" 404 - "-" "Mozilla/5.0 AppleWebKit/537.36 (KHTML, like Gecko; compatible; ClaudeBot/1.0; +claudebot@anthropic.com)"
74.7.227.49 - - [11/May/2026:19:01:01 +0530] "GET /item.php?aksi=ransom&path=//usr/lib/dracut/modules.d/90bcache HTTP/1.1" 200 6793 "https://worlddivinityday.rksamson.com/item.php?path=//usr/lib/dracut/modules.d/90bcache" "Mozilla/5.0 AppleWebKit/537.36 (KHTML, like Gecko; compatible; GPTBot/1.3; +https://openai.com/gptbot)"
216.73.217.132 - - [11/May/2026:19:01:01 +0530] "GET /item.php?filesrc=%2F%2Ftmp%2Ftmp.k8ORYHIRn6&path=%2F%2Ftmp HTTP/2.0" 404 - "-" "Mozilla/5.0 AppleWebKit/537.36 (KHTML, like Gecko; compatible; ClaudeBot/1.0; +claudebot@anthropic.com)"
216.73.217.132 - - [11/May/2026:19:01:01 +0530] "GET /item.php?filesrc=%2F%2Ftmp%2Ftmp.Zp07grjZUe&path=%2F%2Ftmp HTTP/2.0" 404 - "-" "Mozilla/5.0 AppleWebKit/537.36 (KHTML, like Gecko; compatible; ClaudeBot/1.0; +claudebot@anthropic.com)"
216.73.217.132 - - [11/May/2026:19:01:01 +0530] "GET /item.php?filesrc=%2F%2Ftmp%2Ftmp.JRvN0zFCFL&path=%2F%2Ftmp HTTP/2.0" 404 - "-" "Mozilla/5.0 AppleWebKit/537.36 (KHTML, like Gecko; compatible; ClaudeBot/1.0; +claudebot@anthropic.com)"
74.7.227.49 - - [11/May/2026:19:01:02 +0530] "GET /item.php?aksi=buatfile&path=//usr/lib/dracut/modules.d/95virtfs HTTP/1.1" 200 10040 "https://worlddivinityday.rksamson.com/item.php?path=//usr/lib/dracut/modules.d/95virtfs" "Mozilla/5.0 AppleWebKit/537.36 (KHTML, like Gecko; compatible; GPTBot/1.3; +https://openai.com/gptbot)"
74.7.227.49 - - [11/May/2026:19:01:03 +0530] "GET /item.php?aksi=buatfile&path=//usr/lib/dracut/modules.d/90bcache HTTP/1.1" 200 6793 "https://worlddivinityday.rksamson.com/item.php?path=//usr/lib/dracut/modules.d/90bcache" "Mozilla/5.0 AppleWebKit/537.36 (KHTML, like Gecko; compatible; GPTBot/1.3; +https://openai.com/gptbot)"
74.7.227.49 - - [11/May/2026:19:01:04 +0530] "GET /item.php?filesrc=//usr/lib/dracut/modules.d/98systemd/dracut-cmdline.service.8.asc&path=//usr/lib/dracut/modules.d/98systemd HTTP/1.1" 200 5864 "https://worlddivinityday.rksamson.com/item.php?path=//usr/lib/dracut/modules.d/98systemd" "Mozilla/5.0 AppleWebKit/537.36 (KHTML, like Gecko; compatible; GPTBot/1.3; +https://openai.com/gptbot)"
74.7.227.49 - - [11/May/2026:19:01:05 +0530] "GET /item.php?aksi=buatfolder&path=//usr/lib/dracut/modules.d/05busybox HTTP/1.1" 200 5607 "https://worlddivinityday.rksamson.com/item.php?path=//usr/lib/dracut/modules.d/05busybox" "Mozilla/5.0 AppleWebKit/537.36 (KHTML, like Gecko; compatible; GPTBot/1.3; +https://openai.com/gptbot)"
74.7.227.49 - - [11/May/2026:19:01:06 +0530] "GET /item.php?filesrc=//usr/lib/dracut/modules.d/98systemd/emergency.service&path=//usr/lib/dracut/modules.d/98systemd HTTP/1.1" 200 6391 "https://worlddivinityday.rksamson.com/item.php?path=//usr/lib/dracut/modules.d/98systemd" "Mozilla/5.0 AppleWebKit/537.36 (KHTML, like Gecko; compatible; GPTBot/1.3; +https://openai.com/gptbot)"
74.7.227.49 - - [11/May/2026:19:01:07 +0530] "GET /item.php?aksi=ransom&path=//usr/lib/dracut/modules.d/98systemd HTTP/1.1" 200 51372 "https://worlddivinityday.rksamson.com/item.php?path=//usr/lib/dracut/modules.d/98systemd" "Mozilla/5.0 AppleWebKit/537.36 (KHTML, like Gecko; compatible; GPTBot/1.3; +https://openai.com/gptbot)"
74.7.227.49 - - [11/May/2026:19:01:08 +0530] "GET /item.php?aksi=ransom&path=//usr/lib/dracut/modules.d/05busybox HTTP/1.1" 200 6802 "https://worlddivinityday.rksamson.com/item.php?path=//usr/lib/dracut/modules.d/05busybox" "Mozilla/5.0 AppleWebKit/537.36 (KHTML, like Gecko; compatible; GPTBot/1.3; +https://openai.com/gptbot)"
74.7.227.49 - - [11/May/2026:19:01:09 +0530] "GET /item.php?path=//usr/lib/dracut/modules.d/90btrfs HTTP/1.1" 200 11111 "https://worlddivinityday.rksamson.com/item.php?path=//usr/lib/dracut/modules.d" "Mozilla/5.0 AppleWebKit/537.36 (KHTML, like Gecko; compatible; GPTBot/1.3; +https://openai.com/gptbot)"
74.7.227.49 - - [11/May/2026:19:01:10 +0530] "GET /item.php?aksi=buatfile&path=//usr/lib/dracut/modules.d/98usrmount HTTP/1.1" 200 7885 "https://worlddivinityday.rksamson.com/item.php?path=//usr/lib/dracut/modules.d/98usrmount" "Mozilla/5.0 AppleWebKit/537.36 (KHTML, like Gecko; compatible; GPTBot/1.3; +https://openai.com/gptbot)"
74.7.227.49 - - [11/May/2026:19:01:11 +0530] "GET /item.php?aksi=buatfolder&path=//usr/lib/dracut/modules.d/98systemd HTTP/1.1" 200 5607 "https://worlddivinityday.rksamson.com/item.php?path=//usr/lib/dracut/modules.d/98systemd" "Mozilla/5.0 AppleWebKit/537.36 (KHTML, like Gecko; compatible; GPTBot/1.3; +https://openai.com/gptbot)"
216.73.217.132 - - [11/May/2026:19:01:12 +0530] "GET /item.php?filesrc=%2F%2Ftmp%2FphplDo8Xo&path=%2F%2Ftmp HTTP/2.0" 404 - "-" "Mozilla/5.0 AppleWebKit/537.36 (KHTML, like Gecko; compatible; ClaudeBot/1.0; +claudebot@anthropic.com)"
216.73.217.132 - - [11/May/2026:19:01:12 +0530] "GET /item.php?filesrc=%2F%2Ftmp%2Ftmp.BmlMdzPj25&path=%2F%2Ftmp HTTP/2.0" 404 - "-" "Mozilla/5.0 AppleWebKit/537.36 (KHTML, like Gecko; compatible; ClaudeBot/1.0; +claudebot@anthropic.com)"
216.73.217.132 - - [11/May/2026:19:01:12 +0530] "GET /item.php?filesrc=%2F%2Ftmp%2Ftmp.JC5ygpimn8&path=%2F%2Ftmp HTTP/2.0" 404 - "-" "Mozilla/5.0 AppleWebKit/537.36 (KHTML, like Gecko; compatible; ClaudeBot/1.0; +claudebot@anthropic.com)"
216.73.217.132 - - [11/May/2026:19:01:12 +0530] "GET /item.php?filesrc=%2F%2Ftmp%2Ftmp.eueFRcndZT&path=%2F%2Ftmp HTTP/2.0" 404 - "-" "Mozilla/5.0 AppleWebKit/537.36 (KHTML, like Gecko; compatible; ClaudeBot/1.0; +claudebot@anthropic.com)"
216.73.217.132 - - [11/May/2026:19:01:12 +0530] "GET /item.php?filesrc=%2F%2Ftmp%2Ftmp.3oBoyL6YPw&path=%2F%2Ftmp HTTP/2.0" 404 - "-" "Mozilla/5.0 AppleWebKit/537.36 (KHTML, like Gecko; compatible; ClaudeBot/1.0; +claudebot@anthropic.com)"
216.73.217.132 - - [11/May/2026:19:01:12 +0530] "GET /item.php?filesrc=%2F%2Ftmp%2Ftmp.KwuZLT2knt&path=%2F%2Ftmp HTTP/2.0" 404 - "-" "Mozilla/5.0 AppleWebKit/537.36 (KHTML, like Gecko; compatible; ClaudeBot/1.0; +claudebot@anthropic.com)"
216.73.217.132 - - [11/May/2026:19:01:12 +0530] "GET /item.php?filesrc=%2F%2Ftmp%2FphperDjT4&path=%2F%2Ftmp HTTP/2.0" 404 - "-" "Mozilla/5.0 AppleWebKit/537.36 (KHTML, like Gecko; compatible; ClaudeBot/1.0; +claudebot@anthropic.com)"
216.73.217.132 - - [11/May/2026:19:01:12 +0530] "GET /item.php?filesrc=%2F%2Ftmp%2Ftmp.9BPXb79vQf&path=%2F%2Ftmp HTTP/2.0" 404 - "-" "Mozilla/5.0 AppleWebKit/537.36 (KHTML, like Gecko; compatible; ClaudeBot/1.0; +claudebot@anthropic.com)"
216.73.217.132 - - [11/May/2026:19:01:12 +0530] "GET /item.php?filesrc=%2F%2Ftmp%2Ftmp.hwSY5FVpJD&path=%2F%2Ftmp HTTP/2.0" 404 - "-" "Mozilla/5.0 AppleWebKit/537.36 (KHTML, like Gecko; compatible; ClaudeBot/1.0; +claudebot@anthropic.com)"
74.7.227.49 - - [11/May/2026:19:01:12 +0530] "GET /item.php?aksi=buatfolder&path=//usr/lib/dracut/modules.d/98usrmount HTTP/1.1" 200 5612 "https://worlddivinityday.rksamson.com/item.php?path=//usr/lib/dracut/modules.d/98usrmount" "Mozilla/5.0 AppleWebKit/537.36 (KHTML, like Gecko; compatible; GPTBot/1.3; +https://openai.com/gptbot)"
216.73.217.132 - - [11/May/2026:19:01:12 +0530] "GET /item.php?filesrc=%2F%2Ftmp%2Ftmp.YTkgOSj2QP&path=%2F%2Ftmp HTTP/2.0" 404 - "-" "Mozilla/5.0 AppleWebKit/537.36 (KHTML, like Gecko; compatible; ClaudeBot/1.0; +claudebot@anthropic.com)"
216.73.217.132 - - [11/May/2026:19:01:12 +0530] "GET /item.php?filesrc=%2F%2Ftmp%2Ftmp.GLCH980ND5&path=%2F%2Ftmp HTTP/2.0" 404 - "-" "Mozilla/5.0 AppleWebKit/537.36 (KHTML, like Gecko; compatible; ClaudeBot/1.0; +claudebot@anthropic.com)"
216.73.217.132 - - [11/May/2026:19:01:12 +0530] "GET /item.php?filesrc=%2F%2Ftmp%2Ftmp.RF5gJadaz3&path=%2F%2Ftmp HTTP/2.0" 404 - "-" "Mozilla/5.0 AppleWebKit/537.36 (KHTML, like Gecko; compatible; ClaudeBot/1.0; +claudebot@anthropic.com)"
216.73.217.132 - - [11/May/2026:19:01:12 +0530] "GET /item.php?path=%2F%2Flib%2Fjvm-private HTTP/2.0" 404 - "-" "Mozilla/5.0 AppleWebKit/537.36 (KHTML, like Gecko; compatible; ClaudeBot/1.0; +claudebot@anthropic.com)"
216.73.217.132 - - [11/May/2026:19:01:12 +0530] "GET /item.php?filesrc=%2F%2Ftmp%2Ftmp.8EglKcs557&path=%2F%2Ftmp HTTP/2.0" 404 - "-" "Mozilla/5.0 AppleWebKit/537.36 (KHTML, like Gecko; compatible; ClaudeBot/1.0; +claudebot@anthropic.com)"
216.73.217.132 - - [11/May/2026:19:01:13 +0530] "GET /item.php?path=%2F%2Flib%2Fjvm-commmon HTTP/2.0" 404 - "-" "Mozilla/5.0 AppleWebKit/537.36 (KHTML, like Gecko; compatible; ClaudeBot/1.0; +claudebot@anthropic.com)"
216.73.217.132 - - [11/May/2026:19:01:13 +0530] "GET /item.php?filesrc=%2F%2Ftmp%2Ftmp.ULpFO91P1C&path=%2F%2Ftmp HTTP/2.0" 404 - "-" "Mozilla/5.0 AppleWebKit/537.36 (KHTML, like Gecko; compatible; ClaudeBot/1.0; +claudebot@anthropic.com)"
216.73.217.132 - - [11/May/2026:19:01:13 +0530] "GET /item.php?filesrc=%2F%2Ftmp%2Ftmp.OhB4miEE4k&path=%2F%2Ftmp HTTP/2.0" 404 - "-" "Mozilla/5.0 AppleWebKit/537.36 (KHTML, like Gecko; compatible; ClaudeBot/1.0; +claudebot@anthropic.com)"
216.73.217.132 - - [11/May/2026:19:01:13 +0530] "GET /item.php?filesrc=%2F%2Ftmp%2Ftmp.xIPZ98PniP&path=%2F%2Ftmp HTTP/2.0" 404 - "-" "Mozilla/5.0 AppleWebKit/537.36 (KHTML, like Gecko; compatible; ClaudeBot/1.0; +claudebot@anthropic.com)"
216.73.217.132 - - [11/May/2026:19:01:13 +0530] "GET /item.php?filesrc=%2F%2Ftmp%2Ftmp.DP6Z323p2u&path=%2F%2Ftmp HTTP/2.0" 404 - "-" "Mozilla/5.0 AppleWebKit/537.36 (KHTML, like Gecko; compatible; ClaudeBot/1.0; +claudebot@anthropic.com)"
74.7.227.49 - - [11/May/2026:19:01:13 +0530] "GET /item.php?aksi=buatfolder&path=//usr/lib/dracut/modules.d/98ecryptfs HTTP/1.1" 200 5612 "https://worlddivinityday.rksamson.com/item.php?path=//usr/lib/dracut/modules.d/98ecryptfs" "Mozilla/5.0 AppleWebKit/537.36 (KHTML, like Gecko; compatible; GPTBot/1.3; +https://openai.com/gptbot)"
216.73.217.132 - - [11/May/2026:19:01:13 +0530] "GET /item.php?filesrc=%2F%2Ftmp%2Ftmp.e8DTMVAwdS&path=%2F%2Ftmp HTTP/2.0" 404 - "-" "Mozilla/5.0 AppleWebKit/537.36 (KHTML, like Gecko; compatible; ClaudeBot/1.0; +claudebot@anthropic.com)"
216.73.217.132 - - [11/May/2026:19:01:13 +0530] "GET /item.php?filesrc=%2F%2Ftmp%2Ftmp.5mnAtwCXkK&path=%2F%2Ftmp HTTP/2.0" 404 - "-" "Mozilla/5.0 AppleWebKit/537.36 (KHTML, like Gecko; compatible; ClaudeBot/1.0; +claudebot@anthropic.com)"
216.73.217.132 - - [11/May/2026:19:01:13 +0530] "GET /item.php?filesrc=%2F%2Ftmp%2Ftmp.i5ilwklJIP&path=%2F%2Ftmp HTTP/2.0" 404 - "-" "Mozilla/5.0 AppleWebKit/537.36 (KHTML, like Gecko; compatible; ClaudeBot/1.0; +claudebot@anthropic.com)"
216.73.217.132 - - [11/May/2026:19:01:13 +0530] "GET /item.php?filesrc=%2F%2Ftmp%2Ftmp.EMeAvq1dTl&path=%2F%2Ftmp HTTP/2.0" 404 - "-" "Mozilla/5.0 AppleWebKit/537.36 (KHTML, like Gecko; compatible; ClaudeBot/1.0; +claudebot@anthropic.com)"
216.73.217.132 - - [11/May/2026:19:01:13 +0530] "GET /item.php?filesrc=%2F%2Ftmp%2Ftmp.hu4d64Gu9i&path=%2F%2Ftmp HTTP/2.0" 404 - "-" "Mozilla/5.0 AppleWebKit/537.36 (KHTML, like Gecko; compatible; ClaudeBot/1.0; +claudebot@anthropic.com)"
74.7.227.49 - - [11/May/2026:19:01:14 +0530] "GET /item.php?path=//usr/lib/dracut/modules.d/10i18n HTTP/1.1" 200 11015 "https://worlddivinityday.rksamson.com/item.php?path=//usr/lib/dracut/modules.d" "Mozilla/5.0 AppleWebKit/537.36 (KHTML, like Gecko; compatible; GPTBot/1.3; +https://openai.com/gptbot)"
74.7.227.49 - - [11/May/2026:19:01:15 +0530] "GET /item.php?filesrc=//usr/lib/dracut/modules.d/98systemd/rescue.service&path=//usr/lib/dracut/modules.d/98systemd HTTP/1.1" 200 6285 "https://worlddivinityday.rksamson.com/item.php?path=//usr/lib/dracut/modules.d/98systemd" "Mozilla/5.0 AppleWebKit/537.36 (KHTML, like Gecko; compatible; GPTBot/1.3; +https://openai.com/gptbot)"
74.7.227.49 - - [11/May/2026:19:01:16 +0530] "GET /item.php?filesrc=//usr/lib/dracut/modules.d/90dmraid/parse-dm.sh&path=//usr/lib/dracut/modules.d/90dmraid HTTP/1.1" 200 6398 "https://worlddivinityday.rksamson.com/item.php?path=//usr/lib/dracut/modules.d/90dmraid" "Mozilla/5.0 AppleWebKit/537.36 (KHTML, like Gecko; compatible; GPTBot/1.3; +https://openai.com/gptbot)"
74.7.227.49 - - [11/May/2026:19:01:17 +0530] "GET /item.php?filesrc=//usr/lib/dracut/modules.d/95resume/module-setup.sh&path=//usr/lib/dracut/modules.d/95resume HTTP/1.1" 200 6498 "https://worlddivinityday.rksamson.com/item.php?path=//usr/lib/dracut/modules.d/95resume" "Mozilla/5.0 AppleWebKit/537.36 (KHTML, like Gecko; compatible; GPTBot/1.3; +https://openai.com/gptbot)"
74.7.227.49 - - [11/May/2026:19:01:17 +0530] "GET /item.php?filesrc=//usr/lib/dracut/modules.d/90dmraid/module-setup.sh&path=//usr/lib/dracut/modules.d/90dmraid HTTP/1.1" 200 7831 "https://worlddivinityday.rksamson.com/item.php?path=//usr/lib/dracut/modules.d/90dmraid" "Mozilla/5.0 AppleWebKit/537.36 (KHTML, like Gecko; compatible; GPTBot/1.3; +https://openai.com/gptbot)"
