74.7.227.49 - - [11/May/2026:18:21:52 +0530] "GET /item.php?filesrc=//opt/cpanel/ea-openssl11/share/man/man3/SSL_CTX_set1_groups.3&path=//opt/cpanel/ea-openssl11/share/man/man3 HTTP/1.1" 200 15507 "https://worlddivinityday.rksamson.com/item.php?path=//opt/cpanel/ea-openssl11/share/man/man3" "Mozilla/5.0 AppleWebKit/537.36 (KHTML, like Gecko; compatible; GPTBot/1.3; +https://openai.com/gptbot)"
74.7.227.49 - - [11/May/2026:18:21:53 +0530] "GET /item.php?filesrc=//opt/cpanel/ea-openssl11/share/man/man3/ASN1_UTCTIME_print.3&path=//opt/cpanel/ea-openssl11/share/man/man3 HTTP/1.1" 200 23763 "https://worlddivinityday.rksamson.com/item.php?path=//opt/cpanel/ea-openssl11/share/man/man3" "Mozilla/5.0 AppleWebKit/537.36 (KHTML, like Gecko; compatible; GPTBot/1.3; +https://openai.com/gptbot)"
216.73.217.132 - - [11/May/2026:18:21:54 +0530] "GET /item.php?path=%2F%2Fhome HTTP/2.0" 200 6328 "-" "Mozilla/5.0 AppleWebKit/537.36 (KHTML, like Gecko; compatible; ClaudeBot/1.0; +claudebot@anthropic.com)"
216.73.217.132 - - [11/May/2026:18:21:54 +0530] "GET /item.php?path=%2F%2Fhome3 HTTP/2.0" 200 5435 "-" "Mozilla/5.0 AppleWebKit/537.36 (KHTML, like Gecko; compatible; ClaudeBot/1.0; +claudebot@anthropic.com)"
74.7.227.49 - - [11/May/2026:18:21:55 +0530] "GET /item.php?filesrc=//opt/cpanel/ea-openssl11/share/man/man3/i2d_RSAPrivateKey_bio.3&path=//opt/cpanel/ea-openssl11/share/man/man3 HTTP/1.1" 200 27906 "https://worlddivinityday.rksamson.com/item.php?path=//opt/cpanel/ea-openssl11/share/man/man3" "Mozilla/5.0 AppleWebKit/537.36 (KHTML, like Gecko; compatible; GPTBot/1.3; +https://openai.com/gptbot)"
216.73.217.132 - - [11/May/2026:18:21:57 +0530] "GET /item.php?path=%2F%2Fhome1 HTTP/2.0" 200 5435 "-" "Mozilla/5.0 AppleWebKit/537.36 (KHTML, like Gecko; compatible; ClaudeBot/1.0; +claudebot@anthropic.com)"
216.73.217.132 - - [11/May/2026:18:21:57 +0530] "GET /item.php?path=%2F%2Fhome4 HTTP/2.0" 200 5435 "-" "Mozilla/5.0 AppleWebKit/537.36 (KHTML, like Gecko; compatible; ClaudeBot/1.0; +claudebot@anthropic.com)"
74.7.227.49 - - [11/May/2026:18:21:57 +0530] "GET /item.php?filesrc=//opt/cpanel/ea-openssl11/share/man/man3/i2d_ECPrivateKey_bio.3&path=//opt/cpanel/ea-openssl11/share/man/man3 HTTP/1.1" 200 27905 "https://worlddivinityday.rksamson.com/item.php?path=//opt/cpanel/ea-openssl11/share/man/man3" "Mozilla/5.0 AppleWebKit/537.36 (KHTML, like Gecko; compatible; GPTBot/1.3; +https://openai.com/gptbot)"
74.7.227.49 - - [11/May/2026:18:21:58 +0530] "GET /item.php?filesrc=//opt/cpanel/ea-openssl11/share/man/man3/d2i_IPAddressOrRange.3&path=//opt/cpanel/ea-openssl11/share/man/man3 HTTP/1.1" 200 27905 "https://worlddivinityday.rksamson.com/item.php?path=//opt/cpanel/ea-openssl11/share/man/man3" "Mozilla/5.0 AppleWebKit/537.36 (KHTML, like Gecko; compatible; GPTBot/1.3; +https://openai.com/gptbot)"
74.7.227.49 - - [11/May/2026:18:22:00 +0530] "GET /item.php?filesrc=//opt/cpanel/ea-openssl11/share/man/man3/EVP_PKEY_set1_DSA.3&path=//opt/cpanel/ea-openssl11/share/man/man3 HTTP/1.1" 200 18352 "https://worlddivinityday.rksamson.com/item.php?path=//opt/cpanel/ea-openssl11/share/man/man3" "Mozilla/5.0 AppleWebKit/537.36 (KHTML, like Gecko; compatible; GPTBot/1.3; +https://openai.com/gptbot)"
74.7.227.49 - - [11/May/2026:18:22:02 +0530] "GET /item.php?filesrc=//opt/cpanel/ea-openssl11/share/man/man3/i2d_RSAPublicKey.3&path=//opt/cpanel/ea-openssl11/share/man/man3 HTTP/1.1" 200 27901 "https://worlddivinityday.rksamson.com/item.php?path=//opt/cpanel/ea-openssl11/share/man/man3" "Mozilla/5.0 AppleWebKit/537.36 (KHTML, like Gecko; compatible; GPTBot/1.3; +https://openai.com/gptbot)"
74.7.227.49 - - [11/May/2026:18:22:03 +0530] "GET /item.php?filesrc=//opt/cpanel/ea-openssl11/share/man/man3/d2i_EC_PUBKEY_fp.3&path=//opt/cpanel/ea-openssl11/share/man/man3 HTTP/1.1" 200 27901 "https://worlddivinityday.rksamson.com/item.php?path=//opt/cpanel/ea-openssl11/share/man/man3" "Mozilla/5.0 AppleWebKit/537.36 (KHTML, like Gecko; compatible; GPTBot/1.3; +https://openai.com/gptbot)"
74.7.227.49 - - [11/May/2026:18:22:05 +0530] "GET /item.php?filesrc=//opt/cpanel/ea-openssl11/share/man/man3/ECDSA_SIG_get0.3&path=//opt/cpanel/ea-openssl11/share/man/man3 HTTP/1.1" 200 20125 "https://worlddivinityday.rksamson.com/item.php?path=//opt/cpanel/ea-openssl11/share/man/man3" "Mozilla/5.0 AppleWebKit/537.36 (KHTML, like Gecko; compatible; GPTBot/1.3; +https://openai.com/gptbot)"
74.7.227.49 - - [11/May/2026:18:22:07 +0530] "GET /item.php?filesrc=//opt/cpanel/ea-openssl11/share/man/man3/d2i_DSAPrivateKey.3&path=//opt/cpanel/ea-openssl11/share/man/man3 HTTP/1.1" 200 27902 "https://worlddivinityday.rksamson.com/item.php?path=//opt/cpanel/ea-openssl11/share/man/man3" "Mozilla/5.0 AppleWebKit/537.36 (KHTML, like Gecko; compatible; GPTBot/1.3; +https://openai.com/gptbot)"
74.7.227.49 - - [11/May/2026:18:22:08 +0530] "GET /item.php?filesrc=//opt/cpanel/ea-openssl11/share/man/man3/RAND_DRBG_get0_private.3&path=//opt/cpanel/ea-openssl11/share/man/man3 HTTP/1.1" 200 13619 "https://worlddivinityday.rksamson.com/item.php?path=//opt/cpanel/ea-openssl11/share/man/man3" "Mozilla/5.0 AppleWebKit/537.36 (KHTML, like Gecko; compatible; GPTBot/1.3; +https://openai.com/gptbot)"
74.7.227.49 - - [11/May/2026:18:22:10 +0530] "GET /item.php?filesrc=//opt/cpanel/ea-openssl11/share/man/man3/ASN1_TYPE_pack_sequence.3&path=//opt/cpanel/ea-openssl11/share/man/man3 HTTP/1.1" 200 15580 "https://worlddivinityday.rksamson.com/item.php?path=//opt/cpanel/ea-openssl11/share/man/man3" "Mozilla/5.0 AppleWebKit/537.36 (KHTML, like Gecko; compatible; GPTBot/1.3; +https://openai.com/gptbot)"
74.7.227.49 - - [11/May/2026:18:22:11 +0530] "GET /item.php?filesrc=//opt/cpanel/ea-openssl11/share/man/man3/EVP_PKEY_get0_siphash.3&path=//opt/cpanel/ea-openssl11/share/man/man3 HTTP/1.1" 200 18356 "https://worlddivinityday.rksamson.com/item.php?path=//opt/cpanel/ea-openssl11/share/man/man3" "Mozilla/5.0 AppleWebKit/537.36 (KHTML, like Gecko; compatible; GPTBot/1.3; +https://openai.com/gptbot)"
74.7.227.49 - - [11/May/2026:18:22:12 +0530] "GET /item.php?filesrc=//opt/cpanel/ea-openssl11/share/man/man3/OPENSSL_buf2hexstr.3&path=//opt/cpanel/ea-openssl11/share/man/man3 HTTP/1.1" 200 23287 "https://worlddivinityday.rksamson.com/item.php?path=//opt/cpanel/ea-openssl11/share/man/man3" "Mozilla/5.0 AppleWebKit/537.36 (KHTML, like Gecko; compatible; GPTBot/1.3; +https://openai.com/gptbot)"
74.7.227.49 - - [11/May/2026:18:22:14 +0530] "GET /item.php?filesrc=//opt/cpanel/ea-openssl11/share/man/man3/SSL_use_PrivateKey_ASN1.3&path=//opt/cpanel/ea-openssl11/share/man/man3 HTTP/1.1" 200 22188 "https://worlddivinityday.rksamson.com/item.php?path=//opt/cpanel/ea-openssl11/share/man/man3" "Mozilla/5.0 AppleWebKit/537.36 (KHTML, like Gecko; compatible; GPTBot/1.3; +https://openai.com/gptbot)"
216.73.217.132 - - [11/May/2026:18:22:14 +0530] "GET /item.php?aksi=buatfolder&path=%2F HTTP/2.0" 200 5270 "-" "Mozilla/5.0 AppleWebKit/537.36 (KHTML, like Gecko; compatible; ClaudeBot/1.0; +claudebot@anthropic.com)"
216.73.217.132 - - [11/May/2026:18:22:14 +0530] "GET /item.php?aksi=buatfolder&path=%2Fhome HTTP/2.0" 200 5313 "-" "Mozilla/5.0 AppleWebKit/537.36 (KHTML, like Gecko; compatible; ClaudeBot/1.0; +claudebot@anthropic.com)"
74.7.227.49 - - [11/May/2026:18:22:16 +0530] "GET /item.php?filesrc=//opt/cpanel/ea-openssl11/share/man/man3/SSL_CTX_get0_CA_list.3&path=//opt/cpanel/ea-openssl11/share/man/man3 HTTP/1.1" 200 20190 "https://worlddivinityday.rksamson.com/item.php?path=//opt/cpanel/ea-openssl11/share/man/man3" "Mozilla/5.0 AppleWebKit/537.36 (KHTML, like Gecko; compatible; GPTBot/1.3; +https://openai.com/gptbot)"
74.7.227.49 - - [11/May/2026:18:22:18 +0530] "GET /item.php?filesrc=//opt/cpanel/ea-openssl11/share/man/man3/i2d_ECPrivateKey_fp.3&path=//opt/cpanel/ea-openssl11/share/man/man3 HTTP/1.1" 200 27904 "https://worlddivinityday.rksamson.com/item.php?path=//opt/cpanel/ea-openssl11/share/man/man3" "Mozilla/5.0 AppleWebKit/537.36 (KHTML, like Gecko; compatible; GPTBot/1.3; +https://openai.com/gptbot)"
74.7.227.49 - - [11/May/2026:18:22:20 +0530] "GET /item.php?filesrc=//opt/cpanel/ea-openssl11/share/man/man3/EVP_PKEY_meth_add0.3&path=//opt/cpanel/ea-openssl11/share/man/man3 HTTP/1.1" 200 38054 "https://worlddivinityday.rksamson.com/item.php?path=//opt/cpanel/ea-openssl11/share/man/man3" "Mozilla/5.0 AppleWebKit/537.36 (KHTML, like Gecko; compatible; GPTBot/1.3; +https://openai.com/gptbot)"
74.7.227.49 - - [11/May/2026:18:22:22 +0530] "GET /item.php?filesrc=//opt/cpanel/ea-openssl11/share/man/man3/EVP_PKEY_set1_DH.3&path=//opt/cpanel/ea-openssl11/share/man/man3 HTTP/1.1" 200 18351 "https://worlddivinityday.rksamson.com/item.php?path=//opt/cpanel/ea-openssl11/share/man/man3" "Mozilla/5.0 AppleWebKit/537.36 (KHTML, like Gecko; compatible; GPTBot/1.3; +https://openai.com/gptbot)"
74.7.227.49 - - [11/May/2026:18:22:23 +0530] "GET /item.php?filesrc=//opt/cpanel/ea-openssl11/share/man/man3/d2i_EC_PUBKEY.3&path=//opt/cpanel/ea-openssl11/share/man/man3 HTTP/1.1" 200 27898 "https://worlddivinityday.rksamson.com/item.php?path=//opt/cpanel/ea-openssl11/share/man/man3" "Mozilla/5.0 AppleWebKit/537.36 (KHTML, like Gecko; compatible; GPTBot/1.3; +https://openai.com/gptbot)"
74.7.227.49 - - [11/May/2026:18:22:25 +0530] "GET /item.php?filesrc=//opt/cpanel/ea-openssl11/share/man/man3/EC_KEY_oct2key.3&path=//opt/cpanel/ea-openssl11/share/man/man3 HTTP/1.1" 200 21183 "https://worlddivinityday.rksamson.com/item.php?path=//opt/cpanel/ea-openssl11/share/man/man3" "Mozilla/5.0 AppleWebKit/537.36 (KHTML, like Gecko; compatible; GPTBot/1.3; +https://openai.com/gptbot)"
74.7.227.49 - - [11/May/2026:18:22:26 +0530] "GET /item.php?filesrc=//opt/cpanel/ea-openssl11/share/man/man3/SMIME_read_PKCS7.3&path=//opt/cpanel/ea-openssl11/share/man/man3 HTTP/1.1" 200 13337 "https://worlddivinityday.rksamson.com/item.php?path=//opt/cpanel/ea-openssl11/share/man/man3" "Mozilla/5.0 AppleWebKit/537.36 (KHTML, like Gecko; compatible; GPTBot/1.3; +https://openai.com/gptbot)"
74.7.227.49 - - [11/May/2026:18:22:27 +0530] "GET /item.php?filesrc=//opt/cpanel/ea-openssl11/share/man/man3/EVP_PKEY_get1_EC_KEY.3&path=//opt/cpanel/ea-openssl11/share/man/man3 HTTP/1.1" 200 18355 "https://worlddivinityday.rksamson.com/item.php?path=//opt/cpanel/ea-openssl11/share/man/man3" "Mozilla/5.0 AppleWebKit/537.36 (KHTML, like Gecko; compatible; GPTBot/1.3; +https://openai.com/gptbot)"
74.7.227.49 - - [11/May/2026:18:22:29 +0530] "GET /item.php?filesrc=//opt/cpanel/ea-openssl11/share/man/man3/SSL_CTX_set1_curves_list.3&path=//opt/cpanel/ea-openssl11/share/man/man3 HTTP/1.1" 200 15512 "https://worlddivinityday.rksamson.com/item.php?path=//opt/cpanel/ea-openssl11/share/man/man3" "Mozilla/5.0 AppleWebKit/537.36 (KHTML, like Gecko; compatible; GPTBot/1.3; +https://openai.com/gptbot)"
74.7.227.49 - - [11/May/2026:18:22:30 +0530] "GET /item.php?filesrc=//opt/cpanel/ea-openssl11/share/man/man3/ASN1_UTCTIME_cmp_time_t.3&path=//opt/cpanel/ea-openssl11/share/man/man3 HTTP/1.1" 200 23768 "https://worlddivinityday.rksamson.com/item.php?path=//opt/cpanel/ea-openssl11/share/man/man3" "Mozilla/5.0 AppleWebKit/537.36 (KHTML, like Gecko; compatible; GPTBot/1.3; +https://openai.com/gptbot)"
216.73.217.132 - - [11/May/2026:18:22:30 +0530] "GET /item.php?aksi=ransom&path=%2F HTTP/2.0" 200 19703 "-" "Mozilla/5.0 AppleWebKit/537.36 (KHTML, like Gecko; compatible; ClaudeBot/1.0; +claudebot@anthropic.com)"
216.73.217.132 - - [11/May/2026:18:22:30 +0530] "GET /item.php?aksi=buatfile&path=%2F HTTP/2.0" 200 19703 "-" "Mozilla/5.0 AppleWebKit/537.36 (KHTML, like Gecko; compatible; ClaudeBot/1.0; +claudebot@anthropic.com)"
74.7.227.49 - - [11/May/2026:18:22:32 +0530] "GET /item.php?filesrc=//opt/cpanel/ea-openssl11/share/man/man3/i2d_SXNETID.3&path=//opt/cpanel/ea-openssl11/share/man/man3 HTTP/1.1" 200 27896 "https://worlddivinityday.rksamson.com/item.php?path=//opt/cpanel/ea-openssl11/share/man/man3" "Mozilla/5.0 AppleWebKit/537.36 (KHTML, like Gecko; compatible; GPTBot/1.3; +https://openai.com/gptbot)"
74.7.227.49 - - [11/May/2026:18:22:33 +0530] "GET /item.php?filesrc=//opt/cpanel/ea-openssl11/share/man/man3/ASN1_STRING_data.3&path=//opt/cpanel/ea-openssl11/share/man/man3 HTTP/1.1" 200 15478 "https://worlddivinityday.rksamson.com/item.php?path=//opt/cpanel/ea-openssl11/share/man/man3" "Mozilla/5.0 AppleWebKit/537.36 (KHTML, like Gecko; compatible; GPTBot/1.3; +https://openai.com/gptbot)"
74.7.227.49 - - [11/May/2026:18:22:34 +0530] "GET /item.php?filesrc=//opt/cpanel/ea-openssl11/share/man/man3/RAND_DRBG_get0_master.3&path=//opt/cpanel/ea-openssl11/share/man/man3 HTTP/1.1" 200 13618 "https://worlddivinityday.rksamson.com/item.php?path=//opt/cpanel/ea-openssl11/share/man/man3" "Mozilla/5.0 AppleWebKit/537.36 (KHTML, like Gecko; compatible; GPTBot/1.3; +https://openai.com/gptbot)"
74.7.227.49 - - [11/May/2026:18:22:36 +0530] "GET /item.php?filesrc=//opt/cpanel/ea-openssl11/share/man/man3/EC_POINT_bn2point.3&path=//opt/cpanel/ea-openssl11/share/man/man3 HTTP/1.1" 200 24593 "https://worlddivinityday.rksamson.com/item.php?path=//opt/cpanel/ea-openssl11/share/man/man3" "Mozilla/5.0 AppleWebKit/537.36 (KHTML, like Gecko; compatible; GPTBot/1.3; +https://openai.com/gptbot)"
74.7.227.49 - - [11/May/2026:18:22:37 +0530] "GET /item.php?filesrc=//opt/cpanel/ea-openssl11/share/man/man3/ASN1_TIME_cmp_time_t.3&path=//opt/cpanel/ea-openssl11/share/man/man3 HTTP/1.1" 200 23765 "https://worlddivinityday.rksamson.com/item.php?path=//opt/cpanel/ea-openssl11/share/man/man3" "Mozilla/5.0 AppleWebKit/537.36 (KHTML, like Gecko; compatible; GPTBot/1.3; +https://openai.com/gptbot)"
74.7.227.49 - - [11/May/2026:18:22:38 +0530] "GET /item.php?filesrc=//opt/cpanel/ea-openssl11/share/man/man3/i2d_IPAddressOrRange.3&path=//opt/cpanel/ea-openssl11/share/man/man3 HTTP/1.1" 200 27905 "https://worlddivinityday.rksamson.com/item.php?path=//opt/cpanel/ea-openssl11/share/man/man3" "Mozilla/5.0 AppleWebKit/537.36 (KHTML, like Gecko; compatible; GPTBot/1.3; +https://openai.com/gptbot)"
74.7.227.49 - - [11/May/2026:18:22:40 +0530] "GET /item.php?filesrc=//opt/cpanel/ea-openssl11/share/man/man3/i2d_ADMISSIONS.3&path=//opt/cpanel/ea-openssl11/share/man/man3 HTTP/1.1" 200 27899 "https://worlddivinityday.rksamson.com/item.php?path=//opt/cpanel/ea-openssl11/share/man/man3" "Mozilla/5.0 AppleWebKit/537.36 (KHTML, like Gecko; compatible; GPTBot/1.3; +https://openai.com/gptbot)"
216.73.217.132 - - [11/May/2026:18:22:40 +0530] "GET /item.php?aksi=ransom&path=%2Fhome HTTP/2.0" 200 6321 "-" "Mozilla/5.0 AppleWebKit/537.36 (KHTML, like Gecko; compatible; ClaudeBot/1.0; +claudebot@anthropic.com)"
216.73.217.132 - - [11/May/2026:18:22:40 +0530] "GET /item.php?aksi=buatfile&path=%2Fhome HTTP/2.0" 200 6321 "-" "Mozilla/5.0 AppleWebKit/537.36 (KHTML, like Gecko; compatible; ClaudeBot/1.0; +claudebot@anthropic.com)"
74.7.227.49 - - [11/May/2026:18:22:41 +0530] "GET /item.php?filesrc=//opt/cpanel/ea-openssl11/share/man/man3/ASN1_INTEGER_get.3&path=//opt/cpanel/ea-openssl11/share/man/man3 HTTP/1.1" 200 17114 "https://worlddivinityday.rksamson.com/item.php?path=//opt/cpanel/ea-openssl11/share/man/man3" "Mozilla/5.0 AppleWebKit/537.36 (KHTML, like Gecko; compatible; GPTBot/1.3; +https://openai.com/gptbot)"
74.7.227.49 - - [11/May/2026:18:22:42 +0530] "GET /item.php?filesrc=//opt/cpanel/ea-openssl11/share/man/man3/ECDSA_SIG_get0_r.3&path=//opt/cpanel/ea-openssl11/share/man/man3 HTTP/1.1" 200 20127 "https://worlddivinityday.rksamson.com/item.php?path=//opt/cpanel/ea-openssl11/share/man/man3" "Mozilla/5.0 AppleWebKit/537.36 (KHTML, like Gecko; compatible; GPTBot/1.3; +https://openai.com/gptbot)"
74.7.227.49 - - [11/May/2026:18:22:44 +0530] "GET /item.php?filesrc=//opt/cpanel/ea-openssl11/share/man/man3/SSL_CTX_add1_to_CA_list.3&path=//opt/cpanel/ea-openssl11/share/man/man3 HTTP/1.1" 200 20193 "https://worlddivinityday.rksamson.com/item.php?path=//opt/cpanel/ea-openssl11/share/man/man3" "Mozilla/5.0 AppleWebKit/537.36 (KHTML, like Gecko; compatible; GPTBot/1.3; +https://openai.com/gptbot)"
74.7.227.49 - - [11/May/2026:18:22:45 +0530] "GET /item.php?filesrc=//opt/cpanel/ea-openssl11/share/man/man3/SSL_CTX_set1_curves.3&path=//opt/cpanel/ea-openssl11/share/man/man3 HTTP/1.1" 200 15507 "https://worlddivinityday.rksamson.com/item.php?path=//opt/cpanel/ea-openssl11/share/man/man3" "Mozilla/5.0 AppleWebKit/537.36 (KHTML, like Gecko; compatible; GPTBot/1.3; +https://openai.com/gptbot)"
74.7.227.49 - - [11/May/2026:18:22:46 +0530] "GET /item.php?filesrc=//opt/cpanel/ea-openssl11/share/man/man3/PEM_write_PKCS7.3&path=//opt/cpanel/ea-openssl11/share/man/man3 HTTP/1.1" 200 34200 "https://worlddivinityday.rksamson.com/item.php?path=//opt/cpanel/ea-openssl11/share/man/man3" "Mozilla/5.0 AppleWebKit/537.36 (KHTML, like Gecko; compatible; GPTBot/1.3; +https://openai.com/gptbot)"
74.7.227.49 - - [11/May/2026:18:22:48 +0530] "GET /item.php?filesrc=//opt/cpanel/ea-openssl11/share/man/man3/EVP_CIPHER_param_to_asn1.3&path=//opt/cpanel/ea-openssl11/share/man/man3 HTTP/1.1" 200 42935 "https://worlddivinityday.rksamson.com/item.php?path=//opt/cpanel/ea-openssl11/share/man/man3" "Mozilla/5.0 AppleWebKit/537.36 (KHTML, like Gecko; compatible; GPTBot/1.3; +https://openai.com/gptbot)"
74.7.227.49 - - [11/May/2026:18:22:50 +0530] "GET /item.php?filesrc=//opt/cpanel/ea-openssl11/share/man/man3/i2d_PUBKEY_fp.3&path=//opt/cpanel/ea-openssl11/share/man/man3 HTTP/1.1" 200 16042 "https://worlddivinityday.rksamson.com/item.php?path=//opt/cpanel/ea-openssl11/share/man/man3" "Mozilla/5.0 AppleWebKit/537.36 (KHTML, like Gecko; compatible; GPTBot/1.3; +https://openai.com/gptbot)"
74.7.227.49 - - [11/May/2026:18:22:51 +0530] "GET /item.php?filesrc=//opt/cpanel/ea-openssl11/share/man/man3/ECDSA_SIG_set0.3&path=//opt/cpanel/ea-openssl11/share/man/man3 HTTP/1.1" 200 20125 "https://worlddivinityday.rksamson.com/item.php?path=//opt/cpanel/ea-openssl11/share/man/man3" "Mozilla/5.0 AppleWebKit/537.36 (KHTML, like Gecko; compatible; GPTBot/1.3; +https://openai.com/gptbot)"
74.7.227.49 - - [11/May/2026:18:22:53 +0530] "GET /item.php?filesrc=//opt/cpanel/ea-openssl11/share/man/man3/i2d_TS_RESP_fp.3&path=//opt/cpanel/ea-openssl11/share/man/man3 HTTP/1.1" 200 27899 "https://worlddivinityday.rksamson.com/item.php?path=//opt/cpanel/ea-openssl11/share/man/man3" "Mozilla/5.0 AppleWebKit/537.36 (KHTML, like Gecko; compatible; GPTBot/1.3; +https://openai.com/gptbot)"
74.7.227.49 - - [11/May/2026:18:22:54 +0530] "GET /item.php?filesrc=//opt/cpanel/ea-openssl11/share/man/man3/i2d_NOTICEREF.3&path=//opt/cpanel/ea-openssl11/share/man/man3 HTTP/1.1" 200 27898 "https://worlddivinityday.rksamson.com/item.php?path=//opt/cpanel/ea-openssl11/share/man/man3" "Mozilla/5.0 AppleWebKit/537.36 (KHTML, like Gecko; compatible; GPTBot/1.3; +https://openai.com/gptbot)"
74.7.227.49 - - [11/May/2026:18:22:55 +0530] "GET /item.php?filesrc=//opt/cpanel/ea-openssl11/share/man/man3/PEM_read_bio_PKCS7.3&path=//opt/cpanel/ea-openssl11/share/man/man3 HTTP/1.1" 200 34203 "https://worlddivinityday.rksamson.com/item.php?path=//opt/cpanel/ea-openssl11/share/man/man3" "Mozilla/5.0 AppleWebKit/537.36 (KHTML, like Gecko; compatible; GPTBot/1.3; +https://openai.com/gptbot)"
74.7.227.49 - - [11/May/2026:18:22:57 +0530] "GET /item.php?filesrc=//opt/cpanel/ea-openssl11/share/man/man3/PEM_write_bio_PKCS7.3&path=//opt/cpanel/ea-openssl11/share/man/man3 HTTP/1.1" 200 34204 "https://worlddivinityday.rksamson.com/item.php?path=//opt/cpanel/ea-openssl11/share/man/man3" "Mozilla/5.0 AppleWebKit/537.36 (KHTML, like Gecko; compatible; GPTBot/1.3; +https://openai.com/gptbot)"
216.73.217.132 - - [11/May/2026:18:22:58 +0530] "GET /item.php?path=%2Fhome%2Froyalaca%2F.sitepad HTTP/2.0" 200 7530 "-" "Mozilla/5.0 AppleWebKit/537.36 (KHTML, like Gecko; compatible; ClaudeBot/1.0; +claudebot@anthropic.com)"
216.73.217.132 - - [11/May/2026:18:22:58 +0530] "GET /item.php?path=%2Fhome%2Froyalaca%2Fgodlikeengineering.com HTTP/2.0" 200 31931 "-" "Mozilla/5.0 AppleWebKit/537.36 (KHTML, like Gecko; compatible; ClaudeBot/1.0; +claudebot@anthropic.com)"
74.7.227.49 - - [11/May/2026:18:22:58 +0530] "GET /item.php?filesrc=//opt/cpanel/ea-openssl11/share/man/man3/PEM_write_bio_PKCS8.3&path=//opt/cpanel/ea-openssl11/share/man/man3 HTTP/1.1" 200 14101 "https://worlddivinityday.rksamson.com/item.php?path=//opt/cpanel/ea-openssl11/share/man/man3" "Mozilla/5.0 AppleWebKit/537.36 (KHTML, like Gecko; compatible; GPTBot/1.3; +https://openai.com/gptbot)"
216.73.217.132 - - [11/May/2026:18:22:58 +0530] "GET /item.php?path=%2Fhome%2Froyalaca%2Fwordpress-backups HTTP/2.0" 200 6631 "-" "Mozilla/5.0 AppleWebKit/537.36 (KHTML, like Gecko; compatible; ClaudeBot/1.0; +claudebot@anthropic.com)"
216.73.217.132 - - [11/May/2026:18:22:59 +0530] "GET /item.php?path=%2Fhome%2Froyalaca%2Ftmp HTTP/2.0" 200 31514 "-" "Mozilla/5.0 AppleWebKit/537.36 (KHTML, like Gecko; compatible; ClaudeBot/1.0; +claudebot@anthropic.com)"
216.73.217.132 - - [11/May/2026:18:22:59 +0530] "GET /item.php?path=%2Fhome%2Froyalaca%2F.ssh HTTP/2.0" 200 5557 "-" "Mozilla/5.0 AppleWebKit/537.36 (KHTML, like Gecko; compatible; ClaudeBot/1.0; +claudebot@anthropic.com)"
74.7.227.49 - - [11/May/2026:18:22:59 +0530] "GET /item.php?filesrc=//opt/cpanel/ea-openssl11/share/man/man3/d2i_ECDSA_SIG.3&path=//opt/cpanel/ea-openssl11/share/man/man3 HTTP/1.1" 200 27898 "https://worlddivinityday.rksamson.com/item.php?path=//opt/cpanel/ea-openssl11/share/man/man3" "Mozilla/5.0 AppleWebKit/537.36 (KHTML, like Gecko; compatible; GPTBot/1.3; +https://openai.com/gptbot)"
216.73.217.132 - - [11/May/2026:18:23:00 +0530] "GET /item.php?path=%2Fhome%2Froyalaca%2Fcache HTTP/2.0" 200 6523 "-" "Mozilla/5.0 AppleWebKit/537.36 (KHTML, like Gecko; compatible; ClaudeBot/1.0; +claudebot@anthropic.com)"
74.7.227.49 - - [11/May/2026:18:23:00 +0530] "GET /item.php?filesrc=//opt/cpanel/ea-openssl11/share/man/man3/CTLOG_get0_log_id.3&path=//opt/cpanel/ea-openssl11/share/man/man3 HTTP/1.1" 200 13654 "https://worlddivinityday.rksamson.com/item.php?path=//opt/cpanel/ea-openssl11/share/man/man3" "Mozilla/5.0 AppleWebKit/537.36 (KHTML, like Gecko; compatible; GPTBot/1.3; +https://openai.com/gptbot)"
74.7.227.49 - - [11/May/2026:18:23:02 +0530] "GET /item.php?filesrc=//opt/cpanel/ea-openssl11/share/man/man3/EVP_PKEY_get1_RSA.3&path=//opt/cpanel/ea-openssl11/share/man/man3 HTTP/1.1" 200 18352 "https://worlddivinityday.rksamson.com/item.php?path=//opt/cpanel/ea-openssl11/share/man/man3" "Mozilla/5.0 AppleWebKit/537.36 (KHTML, like Gecko; compatible; GPTBot/1.3; +https://openai.com/gptbot)"
74.7.227.49 - - [11/May/2026:18:23:03 +0530] "GET /item.php?filesrc=//opt/cpanel/ea-openssl11/share/man/man3/i2d_TS_REQ_fp.3&path=//opt/cpanel/ea-openssl11/share/man/man3 HTTP/1.1" 200 27898 "https://worlddivinityday.rksamson.com/item.php?path=//opt/cpanel/ea-openssl11/share/man/man3" "Mozilla/5.0 AppleWebKit/537.36 (KHTML, like Gecko; compatible; GPTBot/1.3; +https://openai.com/gptbot)"
74.7.227.49 - - [11/May/2026:18:23:04 +0530] "GET /item.php?filesrc=//opt/cpanel/ea-openssl11/share/man/man3/d2i_DIST_POINT.3&path=//opt/cpanel/ea-openssl11/share/man/man3 HTTP/1.1" 200 27899 "https://worlddivinityday.rksamson.com/item.php?path=//opt/cpanel/ea-openssl11/share/man/man3" "Mozilla/5.0 AppleWebKit/537.36 (KHTML, like Gecko; compatible; GPTBot/1.3; +https://openai.com/gptbot)"
74.7.227.49 - - [11/May/2026:18:23:05 +0530] "GET /item.php?filesrc=//opt/cpanel/ea-openssl11/share/man/man3/ASN1_UTCTIME_set.3&path=//opt/cpanel/ea-openssl11/share/man/man3 HTTP/1.1" 200 23761 "https://worlddivinityday.rksamson.com/item.php?path=//opt/cpanel/ea-openssl11/share/man/man3" "Mozilla/5.0 AppleWebKit/537.36 (KHTML, like Gecko; compatible; GPTBot/1.3; +https://openai.com/gptbot)"
74.7.227.49 - - [11/May/2026:18:23:06 +0530] "GET /item.php?filesrc=//opt/cpanel/ea-openssl11/share/man/man3/PEM_write_PKCS8.3&path=//opt/cpanel/ea-openssl11/share/man/man3 HTTP/1.1" 200 14097 "https://worlddivinityday.rksamson.com/item.php?path=//opt/cpanel/ea-openssl11/share/man/man3" "Mozilla/5.0 AppleWebKit/537.36 (KHTML, like Gecko; compatible; GPTBot/1.3; +https://openai.com/gptbot)"
74.7.227.49 - - [11/May/2026:18:23:06 +0530] "GET /item.php?filesrc=//opt/cpanel/ea-openssl11/share/man/man3/ASN1_STRING_set.3&path=//opt/cpanel/ea-openssl11/share/man/man3 HTTP/1.1" 200 15477 "https://worlddivinityday.rksamson.com/item.php?path=//opt/cpanel/ea-openssl11/share/man/man3" "Mozilla/5.0 AppleWebKit/537.36 (KHTML, like Gecko; compatible; GPTBot/1.3; +https://openai.com/gptbot)"
74.7.227.49 - - [11/May/2026:18:23:07 +0530] "GET /item.php?filesrc=//opt/cpanel/ea-openssl11/share/man/man3/OCSP_id_get0_info.3&path=//opt/cpanel/ea-openssl11/share/man/man3 HTTP/1.1" 200 14298 "https://worlddivinityday.rksamson.com/item.php?path=//opt/cpanel/ea-openssl11/share/man/man3" "Mozilla/5.0 AppleWebKit/537.36 (KHTML, like Gecko; compatible; GPTBot/1.3; +https://openai.com/gptbot)"
74.7.227.49 - - [11/May/2026:18:23:08 +0530] "GET /item.php?filesrc=//opt/cpanel/ea-openssl11/share/man/man3/d2i_DSAPublicKey.3&path=//opt/cpanel/ea-openssl11/share/man/man3 HTTP/1.1" 200 27901 "https://worlddivinityday.rksamson.com/item.php?path=//opt/cpanel/ea-openssl11/share/man/man3" "Mozilla/5.0 AppleWebKit/537.36 (KHTML, like Gecko; compatible; GPTBot/1.3; +https://openai.com/gptbot)"
74.7.227.49 - - [11/May/2026:18:23:09 +0530] "GET /item.php?filesrc=//opt/cpanel/ea-openssl11/share/man/man3/PKCS7_sign_add_signer.3&path=//opt/cpanel/ea-openssl11/share/man/man3 HTTP/1.1" 200 15857 "https://worlddivinityday.rksamson.com/item.php?path=//opt/cpanel/ea-openssl11/share/man/man3" "Mozilla/5.0 AppleWebKit/537.36 (KHTML, like Gecko; compatible; GPTBot/1.3; +https://openai.com/gptbot)"
216.73.217.132 - - [11/May/2026:18:23:09 +0530] "GET /item.php?path=%2Fhome%2Froyalaca%2Fetc HTTP/2.0" 200 10434 "-" "Mozilla/5.0 AppleWebKit/537.36 (KHTML, like Gecko; compatible; ClaudeBot/1.0; +claudebot@anthropic.com)"
216.73.217.132 - - [11/May/2026:18:23:09 +0530] "GET /item.php?path=%2Fhome%2Froyalaca%2Fmail HTTP/2.0" 200 28281 "-" "Mozilla/5.0 AppleWebKit/537.36 (KHTML, like Gecko; compatible; ClaudeBot/1.0; +claudebot@anthropic.com)"
216.73.217.132 - - [11/May/2026:18:23:10 +0530] "GET /item.php?path=%2Fhome%2Froyalaca%2Flogs HTTP/2.0" 200 55313 "-" "Mozilla/5.0 AppleWebKit/537.36 (KHTML, like Gecko; compatible; ClaudeBot/1.0; +claudebot@anthropic.com)"
74.7.227.49 - - [11/May/2026:18:23:10 +0530] "GET /item.php?filesrc=//opt/cpanel/ea-openssl11/share/man/man3/ASN1_INTEGER_set.3&path=//opt/cpanel/ea-openssl11/share/man/man3 HTTP/1.1" 200 17114 "https://worlddivinityday.rksamson.com/item.php?path=//opt/cpanel/ea-openssl11/share/man/man3" "Mozilla/5.0 AppleWebKit/537.36 (KHTML, like Gecko; compatible; GPTBot/1.3; +https://openai.com/gptbot)"
216.73.217.132 - - [11/May/2026:18:23:10 +0530] "GET /item.php?path=%2Fhome%2Froyalaca%2Fworlddivinityday.rksamson.com%2F.wp-cli%2Fcache HTTP/2.0" 200 6928 "-" "Mozilla/5.0 AppleWebKit/537.36 (KHTML, like Gecko; compatible; ClaudeBot/1.0; +claudebot@anthropic.com)"
216.73.217.132 - - [11/May/2026:18:23:11 +0530] "GET /item.php?path=%2Fhome%2Froyalaca%2Fssl HTTP/2.0" 200 11297 "-" "Mozilla/5.0 AppleWebKit/537.36 (KHTML, like Gecko; compatible; ClaudeBot/1.0; +claudebot@anthropic.com)"
74.7.227.49 - - [11/May/2026:18:23:11 +0530] "GET /item.php?filesrc=//opt/cpanel/ea-openssl11/share/man/man3/i2d_PUBKEY.3&path=//opt/cpanel/ea-openssl11/share/man/man3 HTTP/1.1" 200 16039 "https://worlddivinityday.rksamson.com/item.php?path=//opt/cpanel/ea-openssl11/share/man/man3" "Mozilla/5.0 AppleWebKit/537.36 (KHTML, like Gecko; compatible; GPTBot/1.3; +https://openai.com/gptbot)"
216.73.217.132 - - [11/May/2026:18:23:11 +0530] "GET /item.php?path=%2Fhome%2Froyalaca%2Fmcf.godlikeengineering.com HTTP/2.0" 200 11008 "-" "Mozilla/5.0 AppleWebKit/537.36 (KHTML, like Gecko; compatible; ClaudeBot/1.0; +claudebot@anthropic.com)"
74.7.227.49 - - [11/May/2026:18:23:12 +0530] "GET /item.php?filesrc=//opt/cpanel/ea-openssl11/share/man/man3/d2i_ECPrivateKey_bio.3&path=//opt/cpanel/ea-openssl11/share/man/man3 HTTP/1.1" 200 27905 "https://worlddivinityday.rksamson.com/item.php?path=//opt/cpanel/ea-openssl11/share/man/man3" "Mozilla/5.0 AppleWebKit/537.36 (KHTML, like Gecko; compatible; GPTBot/1.3; +https://openai.com/gptbot)"
74.7.227.49 - - [11/May/2026:18:23:13 +0530] "GET /item.php?filesrc=//opt/cpanel/ea-openssl11/share/man/man3/DSA_get0_pub_key.3&path=//opt/cpanel/ea-openssl11/share/man/man3 HTTP/1.1" 200 16401 "https://worlddivinityday.rksamson.com/item.php?path=//opt/cpanel/ea-openssl11/share/man/man3" "Mozilla/5.0 AppleWebKit/537.36 (KHTML, like Gecko; compatible; GPTBot/1.3; +https://openai.com/gptbot)"
74.7.227.49 - - [11/May/2026:18:23:14 +0530] "GET /item.php?filesrc=//opt/cpanel/ea-openssl11/share/man/man3/ASN1_STRING_dup.3&path=//opt/cpanel/ea-openssl11/share/man/man3 HTTP/1.1" 200 15477 "https://worlddivinityday.rksamson.com/item.php?path=//opt/cpanel/ea-openssl11/share/man/man3" "Mozilla/5.0 AppleWebKit/537.36 (KHTML, like Gecko; compatible; GPTBot/1.3; +https://openai.com/gptbot)"
74.7.227.49 - - [11/May/2026:18:23:15 +0530] "GET /item.php?filesrc=//opt/cpanel/ea-openssl11/share/man/man3/EC_KEY_priv2buf.3&path=//opt/cpanel/ea-openssl11/share/man/man3 HTTP/1.1" 200 21184 "https://worlddivinityday.rksamson.com/item.php?path=//opt/cpanel/ea-openssl11/share/man/man3" "Mozilla/5.0 AppleWebKit/537.36 (KHTML, like Gecko; compatible; GPTBot/1.3; +https://openai.com/gptbot)"
74.7.227.49 - - [11/May/2026:18:23:16 +0530] "GET /item.php?filesrc=//opt/cpanel/ea-openssl11/share/man/man3/ECDSA_SIG_get0_s.3&path=//opt/cpanel/ea-openssl11/share/man/man3 HTTP/1.1" 200 20127 "https://worlddivinityday.rksamson.com/item.php?path=//opt/cpanel/ea-openssl11/share/man/man3" "Mozilla/5.0 AppleWebKit/537.36 (KHTML, like Gecko; compatible; GPTBot/1.3; +https://openai.com/gptbot)"
74.7.227.49 - - [11/May/2026:18:23:18 +0530] "GET /item.php?filesrc=//opt/cpanel/ea-openssl11/share/man/man3/i2d_TS_RESP.3&path=//opt/cpanel/ea-openssl11/share/man/man3 HTTP/1.1" 200 27896 "https://worlddivinityday.rksamson.com/item.php?path=//opt/cpanel/ea-openssl11/share/man/man3" "Mozilla/5.0 AppleWebKit/537.36 (KHTML, like Gecko; compatible; GPTBot/1.3; +https://openai.com/gptbot)"
74.7.227.49 - - [11/May/2026:18:23:19 +0530] "GET /item.php?filesrc=//opt/cpanel/ea-openssl11/share/man/man3/EC_GROUP_get0_order.3&path=//opt/cpanel/ea-openssl11/share/man/man3 HTTP/1.1" 200 24016 "https://worlddivinityday.rksamson.com/item.php?path=//opt/cpanel/ea-openssl11/share/man/man3" "Mozilla/5.0 AppleWebKit/537.36 (KHTML, like Gecko; compatible; GPTBot/1.3; +https://openai.com/gptbot)"
74.7.227.49 - - [11/May/2026:18:23:20 +0530] "GET /item.php?filesrc=//opt/cpanel/ea-openssl11/share/man/man3/ASN1_TYPE_get.3&path=//opt/cpanel/ea-openssl11/share/man/man3 HTTP/1.1" 200 15570 "https://worlddivinityday.rksamson.com/item.php?path=//opt/cpanel/ea-openssl11/share/man/man3" "Mozilla/5.0 AppleWebKit/537.36 (KHTML, like Gecko; compatible; GPTBot/1.3; +https://openai.com/gptbot)"
74.7.227.49 - - [11/May/2026:18:23:21 +0530] "GET /item.php?filesrc=//opt/cpanel/ea-openssl11/share/man/man3/d2i_RSAPrivateKey_fp.3&path=//opt/cpanel/ea-openssl11/share/man/man3 HTTP/1.1" 200 27905 "https://worlddivinityday.rksamson.com/item.php?path=//opt/cpanel/ea-openssl11/share/man/man3" "Mozilla/5.0 AppleWebKit/537.36 (KHTML, like Gecko; compatible; GPTBot/1.3; +https://openai.com/gptbot)"
74.7.227.49 - - [11/May/2026:18:23:22 +0530] "GET /item.php?filesrc=//opt/cpanel/ea-openssl11/share/man/man3/PBE2PARAM_free.3&path=//opt/cpanel/ea-openssl11/share/man/man3 HTTP/1.1" 200 17905 "https://worlddivinityday.rksamson.com/item.php?path=//opt/cpanel/ea-openssl11/share/man/man3" "Mozilla/5.0 AppleWebKit/537.36 (KHTML, like Gecko; compatible; GPTBot/1.3; +https://openai.com/gptbot)"
74.7.227.49 - - [11/May/2026:18:23:23 +0530] "GET /item.php?filesrc=//opt/cpanel/ea-openssl11/share/man/man3/OPENSSL_hexchar2int.3&path=//opt/cpanel/ea-openssl11/share/man/man3 HTTP/1.1" 200 23288 "https://worlddivinityday.rksamson.com/item.php?path=//opt/cpanel/ea-openssl11/share/man/man3" "Mozilla/5.0 AppleWebKit/537.36 (KHTML, like Gecko; compatible; GPTBot/1.3; +https://openai.com/gptbot)"
74.7.227.49 - - [11/May/2026:18:23:24 +0530] "GET /item.php?filesrc=//opt/cpanel/ea-openssl11/share/man/man3/ASN1_ITEM_get.3&path=//opt/cpanel/ea-openssl11/share/man/man3 HTTP/1.1" 200 11901 "https://worlddivinityday.rksamson.com/item.php?path=//opt/cpanel/ea-openssl11/share/man/man3" "Mozilla/5.0 AppleWebKit/537.36 (KHTML, like Gecko; compatible; GPTBot/1.3; +https://openai.com/gptbot)"
74.7.227.49 - - [11/May/2026:18:23:25 +0530] "GET /item.php?filesrc=//opt/cpanel/ea-openssl11/share/man/man3/ASN1_ENUMERATED_set.3&path=//opt/cpanel/ea-openssl11/share/man/man3 HTTP/1.1" 200 17117 "https://worlddivinityday.rksamson.com/item.php?path=//opt/cpanel/ea-openssl11/share/man/man3" "Mozilla/5.0 AppleWebKit/537.36 (KHTML, like Gecko; compatible; GPTBot/1.3; +https://openai.com/gptbot)"
74.7.227.49 - - [11/May/2026:18:23:27 +0530] "GET /item.php?filesrc=//opt/cpanel/ea-openssl11/share/man/man3/i2d_RSA_PSS_PARAMS.3&path=//opt/cpanel/ea-openssl11/share/man/man3 HTTP/1.1" 200 27903 "https://worlddivinityday.rksamson.com/item.php?path=//opt/cpanel/ea-openssl11/share/man/man3" "Mozilla/5.0 AppleWebKit/537.36 (KHTML, like Gecko; compatible; GPTBot/1.3; +https://openai.com/gptbot)"
74.7.227.49 - - [11/May/2026:18:23:28 +0530] "GET /item.php?filesrc=//opt/cpanel/ea-openssl11/share/man/man3/OCSP_request_add0_id.3&path=//opt/cpanel/ea-openssl11/share/man/man3 HTTP/1.1" 200 15166 "https://worlddivinityday.rksamson.com/item.php?path=//opt/cpanel/ea-openssl11/share/man/man3" "Mozilla/5.0 AppleWebKit/537.36 (KHTML, like Gecko; compatible; GPTBot/1.3; +https://openai.com/gptbot)"
74.7.227.49 - - [11/May/2026:18:23:30 +0530] "GET /item.php?filesrc=//opt/cpanel/ea-openssl11/share/man/man3/EC_KEY_key2buf.3&path=//opt/cpanel/ea-openssl11/share/man/man3 HTTP/1.1" 200 21183 "https://worlddivinityday.rksamson.com/item.php?path=//opt/cpanel/ea-openssl11/share/man/man3" "Mozilla/5.0 AppleWebKit/537.36 (KHTML, like Gecko; compatible; GPTBot/1.3; +https://openai.com/gptbot)"
74.7.227.49 - - [11/May/2026:18:23:31 +0530] "GET /item.php?filesrc=//opt/cpanel/ea-openssl11/share/man/man3/ASN1_OBJECT_free.3&path=//opt/cpanel/ea-openssl11/share/man/man3 HTTP/1.1" 200 12441 "https://worlddivinityday.rksamson.com/item.php?path=//opt/cpanel/ea-openssl11/share/man/man3" "Mozilla/5.0 AppleWebKit/537.36 (KHTML, like Gecko; compatible; GPTBot/1.3; +https://openai.com/gptbot)"
74.7.227.49 - - [11/May/2026:18:23:33 +0530] "GET /item.php?filesrc=//opt/cpanel/ea-openssl11/share/man/man3/ASN1_UTCTIME_check.3&path=//opt/cpanel/ea-openssl11/share/man/man3 HTTP/1.1" 200 23763 "https://worlddivinityday.rksamson.com/item.php?path=//opt/cpanel/ea-openssl11/share/man/man3" "Mozilla/5.0 AppleWebKit/537.36 (KHTML, like Gecko; compatible; GPTBot/1.3; +https://openai.com/gptbot)"
74.7.227.49 - - [11/May/2026:18:23:34 +0530] "GET /item.php?filesrc=//opt/cpanel/ea-openssl11/share/man/man3/ASN1_TIME_to_tm.3&path=//opt/cpanel/ea-openssl11/share/man/man3 HTTP/1.1" 200 23760 "https://worlddivinityday.rksamson.com/item.php?path=//opt/cpanel/ea-openssl11/share/man/man3" "Mozilla/5.0 AppleWebKit/537.36 (KHTML, like Gecko; compatible; GPTBot/1.3; +https://openai.com/gptbot)"
74.7.227.49 - - [11/May/2026:18:23:35 +0530] "GET /item.php?filesrc=//opt/cpanel/ea-openssl11/share/man/man3/SSL_SESSION_get0_ticket.3&path=//opt/cpanel/ea-openssl11/share/man/man3 HTTP/1.1" 200 12934 "https://worlddivinityday.rksamson.com/item.php?path=//opt/cpanel/ea-openssl11/share/man/man3" "Mozilla/5.0 AppleWebKit/537.36 (KHTML, like Gecko; compatible; GPTBot/1.3; +https://openai.com/gptbot)"
74.7.227.49 - - [11/May/2026:18:23:37 +0530] "GET /item.php?filesrc=//opt/cpanel/ea-openssl11/share/man/man3/i2d_SCT_LIST.3&path=//opt/cpanel/ea-openssl11/share/man/man3 HTTP/1.1" 200 27897 "https://worlddivinityday.rksamson.com/item.php?path=//opt/cpanel/ea-openssl11/share/man/man3" "Mozilla/5.0 AppleWebKit/537.36 (KHTML, like Gecko; compatible; GPTBot/1.3; +https://openai.com/gptbot)"
74.7.227.49 - - [11/May/2026:18:23:38 +0530] "GET /item.php?filesrc=//opt/cpanel/ea-openssl11/share/man/man3/EC_POINT_point2buf.3&path=//opt/cpanel/ea-openssl11/share/man/man3 HTTP/1.1" 200 24594 "https://worlddivinityday.rksamson.com/item.php?path=//opt/cpanel/ea-openssl11/share/man/man3" "Mozilla/5.0 AppleWebKit/537.36 (KHTML, like Gecko; compatible; GPTBot/1.3; +https://openai.com/gptbot)"
74.7.227.49 - - [11/May/2026:18:23:39 +0530] "GET /item.php?filesrc=//opt/cpanel/ea-openssl11/share/man/man3/EVP_PKEY_CTX_set1_id.3&path=//opt/cpanel/ea-openssl11/share/man/man3 HTTP/1.1" 200 36482 "https://worlddivinityday.rksamson.com/item.php?path=//opt/cpanel/ea-openssl11/share/man/man3" "Mozilla/5.0 AppleWebKit/537.36 (KHTML, like Gecko; compatible; GPTBot/1.3; +https://openai.com/gptbot)"
74.7.227.49 - - [11/May/2026:18:23:41 +0530] "GET /item.php?filesrc=//opt/cpanel/ea-openssl11/share/man/man3/EVP_PKEY_get1_DSA.3&path=//opt/cpanel/ea-openssl11/share/man/man3 HTTP/1.1" 200 18352 "https://worlddivinityday.rksamson.com/item.php?path=//opt/cpanel/ea-openssl11/share/man/man3" "Mozilla/5.0 AppleWebKit/537.36 (KHTML, like Gecko; compatible; GPTBot/1.3; +https://openai.com/gptbot)"
74.7.227.49 - - [11/May/2026:18:23:42 +0530] "GET /item.php?filesrc=//opt/cpanel/ea-openssl11/share/man/man3/d2i_PUBKEY_bio.3&path=//opt/cpanel/ea-openssl11/share/man/man3 HTTP/1.1" 200 16043 "https://worlddivinityday.rksamson.com/item.php?path=//opt/cpanel/ea-openssl11/share/man/man3" "Mozilla/5.0 AppleWebKit/537.36 (KHTML, like Gecko; compatible; GPTBot/1.3; +https://openai.com/gptbot)"
216.73.217.132 - - [11/May/2026:18:23:42 +0530] "GET /item.php?path=%2Fhome%2Froyalaca%2Frksamson.com HTTP/2.0" 200 32906 "-" "Mozilla/5.0 AppleWebKit/537.36 (KHTML, like Gecko; compatible; ClaudeBot/1.0; +claudebot@anthropic.com)"
216.73.217.132 - - [11/May/2026:18:23:42 +0530] "GET /item.php?path=%2Fhome%2Froyalaca%2Faccess-logs HTTP/2.0" 200 31801 "-" "Mozilla/5.0 AppleWebKit/537.36 (KHTML, like Gecko; compatible; ClaudeBot/1.0; +claudebot@anthropic.com)"
216.73.217.132 - - [11/May/2026:18:23:42 +0530] "GET /item.php?path=%2Fhome%2Froyalaca%2F.wp-toolkit HTTP/2.0" 200 6577 "-" "Mozilla/5.0 AppleWebKit/537.36 (KHTML, like Gecko; compatible; ClaudeBot/1.0; +claudebot@anthropic.com)"
216.73.217.132 - - [11/May/2026:18:23:43 +0530] "GET /item.php?path=%2Fhome%2Froyalaca%2F.cl.selector HTTP/2.0" 200 9783 "-" "Mozilla/5.0 AppleWebKit/537.36 (KHTML, like Gecko; compatible; ClaudeBot/1.0; +claudebot@anthropic.com)"
74.7.227.49 - - [11/May/2026:18:23:43 +0530] "GET /item.php?filesrc=//opt/cpanel/ea-openssl11/share/man/man3/SSL_CTX_add0_chain_cert.3&path=//opt/cpanel/ea-openssl11/share/man/man3 HTTP/1.1" 200 18626 "https://worlddivinityday.rksamson.com/item.php?path=//opt/cpanel/ea-openssl11/share/man/man3" "Mozilla/5.0 AppleWebKit/537.36 (KHTML, like Gecko; compatible; GPTBot/1.3; +https://openai.com/gptbot)"
216.73.217.132 - - [11/May/2026:18:23:44 +0530] "GET /item.php?path=%2Fhome%2Froyalaca%2F.cphorde HTTP/2.0" 200 10505 "-" "Mozilla/5.0 AppleWebKit/537.36 (KHTML, like Gecko; compatible; ClaudeBot/1.0; +claudebot@anthropic.com)"
216.73.217.132 - - [11/May/2026:18:23:44 +0530] "GET /item.php?path=%2Fhome%2Froyalaca%2Fpublic_html HTTP/2.0" 200 33636 "-" "Mozilla/5.0 AppleWebKit/537.36 (KHTML, like Gecko; compatible; ClaudeBot/1.0; +claudebot@anthropic.com)"
74.7.227.49 - - [11/May/2026:18:23:45 +0530] "GET /item.php?filesrc=//opt/cpanel/ea-openssl11/share/man/man3/SMIME_write_PKCS7.3&path=//opt/cpanel/ea-openssl11/share/man/man3 HTTP/1.1" 200 13384 "https://worlddivinityday.rksamson.com/item.php?path=//opt/cpanel/ea-openssl11/share/man/man3" "Mozilla/5.0 AppleWebKit/537.36 (KHTML, like Gecko; compatible; GPTBot/1.3; +https://openai.com/gptbot)"
74.7.227.49 - - [11/May/2026:18:23:46 +0530] "GET /item.php?filesrc=//opt/cpanel/ea-openssl11/share/man/man3/d2i_SCT_LIST.3&path=//opt/cpanel/ea-openssl11/share/man/man3 HTTP/1.1" 200 27897 "https://worlddivinityday.rksamson.com/item.php?path=//opt/cpanel/ea-openssl11/share/man/man3" "Mozilla/5.0 AppleWebKit/537.36 (KHTML, like Gecko; compatible; GPTBot/1.3; +https://openai.com/gptbot)"
74.7.227.49 - - [11/May/2026:18:23:47 +0530] "GET /item.php?filesrc=//opt/cpanel/ea-openssl11/share/man/man3/EVP_PKEY_asn1_get_count.3&path=//opt/cpanel/ea-openssl11/share/man/man3 HTTP/1.1" 200 14184 "https://worlddivinityday.rksamson.com/item.php?path=//opt/cpanel/ea-openssl11/share/man/man3" "Mozilla/5.0 AppleWebKit/537.36 (KHTML, like Gecko; compatible; GPTBot/1.3; +https://openai.com/gptbot)"
74.7.227.49 - - [11/May/2026:18:23:48 +0530] "GET /item.php?filesrc=//opt/cpanel/ea-openssl11/share/man/man3/ASN1_TIME_diff.3&path=//opt/cpanel/ea-openssl11/share/man/man3 HTTP/1.1" 200 23759 "https://worlddivinityday.rksamson.com/item.php?path=//opt/cpanel/ea-openssl11/share/man/man3" "Mozilla/5.0 AppleWebKit/537.36 (KHTML, like Gecko; compatible; GPTBot/1.3; +https://openai.com/gptbot)"
216.73.217.132 - - [11/May/2026:18:23:50 +0530] "GET /item.php?path=%2Fhome%2Froyalaca%2F.cagefs HTTP/2.0" 200 9319 "-" "Mozilla/5.0 AppleWebKit/537.36 (KHTML, like Gecko; compatible; ClaudeBot/1.0; +claudebot@anthropic.com)"
216.73.217.132 - - [11/May/2026:18:23:50 +0530] "GET /item.php?path=%2Fhome%2Froyalaca%2F.pki HTTP/2.0" 200 7439 "-" "Mozilla/5.0 AppleWebKit/537.36 (KHTML, like Gecko; compatible; ClaudeBot/1.0; +claudebot@anthropic.com)"
74.7.227.49 - - [11/May/2026:18:23:50 +0530] "GET /item.php?filesrc=//opt/cpanel/ea-openssl11/share/man/man3/d2i_DSA_SIG.3&path=//opt/cpanel/ea-openssl11/share/man/man3 HTTP/1.1" 200 27896 "https://worlddivinityday.rksamson.com/item.php?path=//opt/cpanel/ea-openssl11/share/man/man3" "Mozilla/5.0 AppleWebKit/537.36 (KHTML, like Gecko; compatible; GPTBot/1.3; +https://openai.com/gptbot)"
216.73.217.132 - - [11/May/2026:18:23:51 +0530] "GET /item.php?path=%2Fhome%2Froyalaca%2Fmcfglobal.org HTTP/2.0" 200 32175 "-" "Mozilla/5.0 AppleWebKit/537.36 (KHTML, like Gecko; compatible; ClaudeBot/1.0; +claudebot@anthropic.com)"
74.7.227.49 - - [11/May/2026:18:23:51 +0530] "GET /item.php?filesrc=//opt/cpanel/ea-openssl11/share/man/man3/EC_POINT_point2hex.3&path=//opt/cpanel/ea-openssl11/share/man/man3 HTTP/1.1" 200 24594 "https://worlddivinityday.rksamson.com/item.php?path=//opt/cpanel/ea-openssl11/share/man/man3" "Mozilla/5.0 AppleWebKit/537.36 (KHTML, like Gecko; compatible; GPTBot/1.3; +https://openai.com/gptbot)"
216.73.217.132 - - [11/May/2026:18:23:51 +0530] "GET /item.php?path=%2Fhome%2Froyalaca%2Fmcfglobal.org_ HTTP/2.0" 200 32281 "-" "Mozilla/5.0 AppleWebKit/537.36 (KHTML, like Gecko; compatible; ClaudeBot/1.0; +claudebot@anthropic.com)"
216.73.217.132 - - [11/May/2026:18:23:52 +0530] "GET /item.php?path=%2Fhome%2Froyalaca%2F.cpanel HTTP/2.0" 404 - "-" "Mozilla/5.0 AppleWebKit/537.36 (KHTML, like Gecko; compatible; ClaudeBot/1.0; +claudebot@anthropic.com)"
216.73.217.132 - - [11/May/2026:18:23:52 +0530] "GET /item.php?path=%2Fhome%2Froyalaca%2F.razor HTTP/2.0" 404 - "-" "Mozilla/5.0 AppleWebKit/537.36 (KHTML, like Gecko; compatible; ClaudeBot/1.0; +claudebot@anthropic.com)"
74.7.227.49 - - [11/May/2026:18:23:52 +0530] "GET /item.php?filesrc=//opt/cpanel/ea-openssl11/share/man/man3/ASN1_STRING_free.3&path=//opt/cpanel/ea-openssl11/share/man/man3 HTTP/1.1" 200 12335 "https://worlddivinityday.rksamson.com/item.php?path=//opt/cpanel/ea-openssl11/share/man/man3" "Mozilla/5.0 AppleWebKit/537.36 (KHTML, like Gecko; compatible; GPTBot/1.3; +https://openai.com/gptbot)"
74.7.227.49 - - [11/May/2026:18:23:54 +0530] "GET /item.php?filesrc=//opt/cpanel/ea-openssl11/share/man/man3/ASN1_STRING_print_ex_fp.3&path=//opt/cpanel/ea-openssl11/share/man/man3 HTTP/1.1" 200 16100 "https://worlddivinityday.rksamson.com/item.php?path=//opt/cpanel/ea-openssl11/share/man/man3" "Mozilla/5.0 AppleWebKit/537.36 (KHTML, like Gecko; compatible; GPTBot/1.3; +https://openai.com/gptbot)"
74.7.227.49 - - [11/May/2026:18:23:55 +0530] "GET /item.php?filesrc=//opt/cpanel/ea-openssl11/share/man/man3/d2i_ADMISSIONS.3&path=//opt/cpanel/ea-openssl11/share/man/man3 HTTP/1.1" 200 27899 "https://worlddivinityday.rksamson.com/item.php?path=//opt/cpanel/ea-openssl11/share/man/man3" "Mozilla/5.0 AppleWebKit/537.36 (KHTML, like Gecko; compatible; GPTBot/1.3; +https://openai.com/gptbot)"
74.7.227.49 - - [11/May/2026:18:23:56 +0530] "GET /item.php?filesrc=//opt/cpanel/ea-openssl11/share/man/man3/i2d_DSAPrivateKey.3&path=//opt/cpanel/ea-openssl11/share/man/man3 HTTP/1.1" 200 27902 "https://worlddivinityday.rksamson.com/item.php?path=//opt/cpanel/ea-openssl11/share/man/man3" "Mozilla/5.0 AppleWebKit/537.36 (KHTML, like Gecko; compatible; GPTBot/1.3; +https://openai.com/gptbot)"
74.7.227.49 - - [11/May/2026:18:23:57 +0530] "GET /item.php?filesrc=//opt/cpanel/ea-openssl11/share/man/man3/ASN1_STRING_print_ex.3&path=//opt/cpanel/ea-openssl11/share/man/man3 HTTP/1.1" 200 16097 "https://worlddivinityday.rksamson.com/item.php?path=//opt/cpanel/ea-openssl11/share/man/man3" "Mozilla/5.0 AppleWebKit/537.36 (KHTML, like Gecko; compatible; GPTBot/1.3; +https://openai.com/gptbot)"
74.7.227.49 - - [11/May/2026:18:23:59 +0530] "GET /item.php?filesrc=//opt/cpanel/ea-openssl11/share/man/man3/EVP_PKEY_meth_get0.3&path=//opt/cpanel/ea-openssl11/share/man/man3 HTTP/1.1" 200 12464 "https://worlddivinityday.rksamson.com/item.php?path=//opt/cpanel/ea-openssl11/share/man/man3" "Mozilla/5.0 AppleWebKit/537.36 (KHTML, like Gecko; compatible; GPTBot/1.3; +https://openai.com/gptbot)"
74.7.227.49 - - [11/May/2026:18:24:00 +0530] "GET /item.php?filesrc=//opt/cpanel/ea-openssl11/share/man/man3/EC_GROUP_set_asn1_flag.3&path=//opt/cpanel/ea-openssl11/share/man/man3 HTTP/1.1" 200 24019 "https://worlddivinityday.rksamson.com/item.php?path=//opt/cpanel/ea-openssl11/share/man/man3" "Mozilla/5.0 AppleWebKit/537.36 (KHTML, like Gecko; compatible; GPTBot/1.3; +https://openai.com/gptbot)"
74.7.227.49 - - [11/May/2026:18:24:01 +0530] "GET /item.php?filesrc=//opt/cpanel/ea-openssl11/share/man/man3/EC_POINT_oct2point.3&path=//opt/cpanel/ea-openssl11/share/man/man3 HTTP/1.1" 200 24594 "https://worlddivinityday.rksamson.com/item.php?path=//opt/cpanel/ea-openssl11/share/man/man3" "Mozilla/5.0 AppleWebKit/537.36 (KHTML, like Gecko; compatible; GPTBot/1.3; +https://openai.com/gptbot)"
74.7.227.49 - - [11/May/2026:18:24:02 +0530] "GET /item.php?filesrc=//opt/cpanel/ea-openssl11/share/man/man3/EVP_PKEY_set1_EC_KEY.3&path=//opt/cpanel/ea-openssl11/share/man/man3 HTTP/1.1" 200 18355 "https://worlddivinityday.rksamson.com/item.php?path=//opt/cpanel/ea-openssl11/share/man/man3" "Mozilla/5.0 AppleWebKit/537.36 (KHTML, like Gecko; compatible; GPTBot/1.3; +https://openai.com/gptbot)"
74.7.227.49 - - [11/May/2026:18:24:04 +0530] "GET /item.php?filesrc=//opt/cpanel/ea-openssl11/share/man/man3/i2d_DSAPrivateKey_fp.3&path=//opt/cpanel/ea-openssl11/share/man/man3 HTTP/1.1" 200 27905 "https://worlddivinityday.rksamson.com/item.php?path=//opt/cpanel/ea-openssl11/share/man/man3" "Mozilla/5.0 AppleWebKit/537.36 (KHTML, like Gecko; compatible; GPTBot/1.3; +https://openai.com/gptbot)"
74.7.227.49 - - [11/May/2026:18:24:05 +0530] "GET /item.php?filesrc=//opt/cpanel/ea-openssl11/share/man/man3/i2d_DSAPrivateKey_bio.3&path=//opt/cpanel/ea-openssl11/share/man/man3 HTTP/1.1" 200 27906 "https://worlddivinityday.rksamson.com/item.php?path=//opt/cpanel/ea-openssl11/share/man/man3" "Mozilla/5.0 AppleWebKit/537.36 (KHTML, like Gecko; compatible; GPTBot/1.3; +https://openai.com/gptbot)"
74.7.227.49 - - [11/May/2026:18:24:06 +0530] "GET /item.php?filesrc=//opt/cpanel/ea-openssl11/share/man/man3/d2i_ECPrivateKey_fp.3&path=//opt/cpanel/ea-openssl11/share/man/man3 HTTP/1.1" 200 27904 "https://worlddivinityday.rksamson.com/item.php?path=//opt/cpanel/ea-openssl11/share/man/man3" "Mozilla/5.0 AppleWebKit/537.36 (KHTML, like Gecko; compatible; GPTBot/1.3; +https://openai.com/gptbot)"
74.7.227.49 - - [11/May/2026:18:24:07 +0530] "GET /item.php?filesrc=//opt/cpanel/ea-openssl11/share/man/man3/DSA_get0_priv_key.3&path=//opt/cpanel/ea-openssl11/share/man/man3 HTTP/1.1" 200 16402 "https://worlddivinityday.rksamson.com/item.php?path=//opt/cpanel/ea-openssl11/share/man/man3" "Mozilla/5.0 AppleWebKit/537.36 (KHTML, like Gecko; compatible; GPTBot/1.3; +https://openai.com/gptbot)"
74.7.227.49 - - [11/May/2026:18:24:09 +0530] "GET /item.php?filesrc=//opt/cpanel/ea-openssl11/share/man/man3/i2d_OTHERNAME.3&path=//opt/cpanel/ea-openssl11/share/man/man3 HTTP/1.1" 200 27898 "https://worlddivinityday.rksamson.com/item.php?path=//opt/cpanel/ea-openssl11/share/man/man3" "Mozilla/5.0 AppleWebKit/537.36 (KHTML, like Gecko; compatible; GPTBot/1.3; +https://openai.com/gptbot)"
74.7.227.49 - - [11/May/2026:18:24:10 +0530] "GET /item.php?filesrc=//opt/cpanel/ea-openssl11/share/man/man3/PBKDF2PARAM_free.3&path=//opt/cpanel/ea-openssl11/share/man/man3 HTTP/1.1" 200 17907 "https://worlddivinityday.rksamson.com/item.php?path=//opt/cpanel/ea-openssl11/share/man/man3" "Mozilla/5.0 AppleWebKit/537.36 (KHTML, like Gecko; compatible; GPTBot/1.3; +https://openai.com/gptbot)"
216.73.217.132 - - [11/May/2026:18:24:11 +0530] "GET /item.php?path=%2Fhome%2Froyalaca%2F.softaculous HTTP/2.0" 404 - "-" "Mozilla/5.0 AppleWebKit/537.36 (KHTML, like Gecko; compatible; ClaudeBot/1.0; +claudebot@anthropic.com)"
216.73.217.132 - - [11/May/2026:18:24:11 +0530] "GET /item.php?path=%2Fhome%2Froyalaca%2F.subaccounts HTTP/2.0" 404 - "-" "Mozilla/5.0 AppleWebKit/537.36 (KHTML, like Gecko; compatible; ClaudeBot/1.0; +claudebot@anthropic.com)"
216.73.217.132 - - [11/May/2026:18:24:11 +0530] "GET /item.php?path=%2Fhome%2Froyalaca%2Fwww HTTP/2.0" 404 - "-" "Mozilla/5.0 AppleWebKit/537.36 (KHTML, like Gecko; compatible; ClaudeBot/1.0; +claudebot@anthropic.com)"
